{"id":2041,"date":"2023-07-31T16:56:53","date_gmt":"2023-07-31T19:56:53","guid":{"rendered":"https:\/\/pos.uel.br\/microbiologia\/?page_id=2041"},"modified":"2025-12-12T12:41:05","modified_gmt":"2025-12-12T15:41:05","slug":"comissao-de-bolsas","status":"publish","type":"page","link":"https:\/\/pos.uel.br\/microbiologia\/comissao-de-bolsas\/","title":{"rendered":"Comiss\u00e3o de Bolsas"},"content":{"rendered":"\n<p><\/p>\n\n\n\n<p>A Comiss\u00e3o de Bolsas do Programa de P\u00f3s-Gradua\u00e7\u00e3o em Microbiologia \u00e9 composta por:<\/p>\n\n\n\n<p class=\"has-secondary-accent-color has-text-color\"><strong>Prof. Dr. Sergio Paulo Dejato da Rocha<\/strong><\/p>\n\n\n\n<p class=\"has-secondary-accent-color has-text-color\"><strong>Prof. Dr. Phileno Pinge Filho<\/strong><\/p>\n\n\n\n<p class=\"has-secondary-accent-color has-text-color\"><strong>Discente: Victor Hugo Montini<\/strong><\/p>\n","protected":false},"excerpt":{"rendered":"<p>A Comiss\u00e3o de Bolsas do Programa de P\u00f3s-Gradua\u00e7\u00e3o em Microbiologia \u00e9 composta por: Prof. Dr. Sergio Paulo Dejato da Rocha Prof. Dr. Phileno Pinge Filho Discente: Victor Hugo Montini<\/p>\n","protected":false},"author":8,"featured_media":0,"parent":0,"menu_order":0,"comment_status":"closed","ping_status":"closed","template":"","meta":{"_acf_changed":false,"footnotes":""},"class_list":["post-2041","page","type-page","status-publish","hentry"],"acf":[],"_links":{"self":[{"href":"https:\/\/pos.uel.br\/microbiologia\/wp-json\/wp\/v2\/pages\/2041","targetHints":{"allow":["GET"]}}],"collection":[{"href":"https:\/\/pos.uel.br\/microbiologia\/wp-json\/wp\/v2\/pages"}],"about":[{"href":"https:\/\/pos.uel.br\/microbiologia\/wp-json\/wp\/v2\/types\/page"}],"author":[{"embeddable":true,"href":"https:\/\/pos.uel.br\/microbiologia\/wp-json\/wp\/v2\/users\/8"}],"replies":[{"embeddable":true,"href":"https:\/\/pos.uel.br\/microbiologia\/wp-json\/wp\/v2\/comments?post=2041"}],"version-history":[{"count":4,"href":"https:\/\/pos.uel.br\/microbiologia\/wp-json\/wp\/v2\/pages\/2041\/revisions"}],"predecessor-version":[{"id":2653,"href":"https:\/\/pos.uel.br\/microbiologia\/wp-json\/wp\/v2\/pages\/2041\/revisions\/2653"}],"wp:attachment":[{"href":"https:\/\/pos.uel.br\/microbiologia\/wp-json\/wp\/v2\/media?parent=2041"}],"curies":[{"name":"wp","href":"https:\/\/api.w.org\/{rel}","templated":true}]}}