{"id":1736,"date":"2022-06-23T11:16:10","date_gmt":"2022-06-23T14:16:10","guid":{"rendered":"https:\/\/pos.uel.br\/microbiologia\/?page_id=1736"},"modified":"2023-05-02T10:13:50","modified_gmt":"2023-05-02T13:13:50","slug":"contato","status":"publish","type":"page","link":"https:\/\/pos.uel.br\/microbiologia\/contato\/","title":{"rendered":"Contacto"},"content":{"rendered":"\n<p class=\"has-secondary-accent-color has-text-color has-medium-font-size\"><strong>Cont\u00e1ctenos<\/strong><\/p>\n\n\n\n<p>E-mail: pgmicro@uel.br<\/p>\n\n\n\n<p>Tel\u00e9fono: +55 (43) 3371 4387 o 3371 4192\u00a0<\/p>\n\n\n\n<p class=\"has-secondary-accent-color has-text-color has-medium-font-size\"><strong>Direcci\u00f3n<\/strong><\/p>\n\n\n\n<p>Universidade Estadual de Londrina&nbsp;<\/p>\n\n\n\n<p>Centro de Ci\u00eancias Biol\u00f3gicas<\/p>\n\n\n\n<p>Departamento de Microbiologia<\/p>\n\n\n\n<p>Secretaria de P\u00f3s-gradua\u00e7\u00e3o em Microbiologia<\/p>\n\n\n\n<p>Rodovia Celso Garcia Cid, PR445, km 380 Campus Universit\u00e1rio Cx. Postal 10.011&nbsp;<\/p>\n\n\n\n<p>CEP 86057-970 \u2013 Londrina \u2013 Paran\u00e1<\/p>\n","protected":false},"excerpt":{"rendered":"<p>Cont\u00e1ctenos E-mail: pgmicro@uel.br Tel\u00e9fono: +55 (43) 3371 4387 o 3371 4192\u00a0 Direcci\u00f3n Universidade Estadual de Londrina&nbsp; Centro de Ci\u00eancias Biol\u00f3gicas Departamento de Microbiologia Secretaria de P\u00f3s-gradua\u00e7\u00e3o em Microbiologia Rodovia Celso Garcia Cid, PR445, km 380 Campus Universit\u00e1rio Cx. Postal 10.011&nbsp; CEP 86057-970 \u2013 Londrina \u2013 Paran\u00e1<\/p>\n","protected":false},"author":8,"featured_media":0,"parent":0,"menu_order":0,"comment_status":"closed","ping_status":"closed","template":"","meta":{"_acf_changed":false,"footnotes":""},"class_list":["post-1736","page","type-page","status-publish","hentry"],"acf":[],"_links":{"self":[{"href":"https:\/\/pos.uel.br\/microbiologia\/wp-json\/wp\/v2\/pages\/1736","targetHints":{"allow":["GET"]}}],"collection":[{"href":"https:\/\/pos.uel.br\/microbiologia\/wp-json\/wp\/v2\/pages"}],"about":[{"href":"https:\/\/pos.uel.br\/microbiologia\/wp-json\/wp\/v2\/types\/page"}],"author":[{"embeddable":true,"href":"https:\/\/pos.uel.br\/microbiologia\/wp-json\/wp\/v2\/users\/8"}],"replies":[{"embeddable":true,"href":"https:\/\/pos.uel.br\/microbiologia\/wp-json\/wp\/v2\/comments?post=1736"}],"version-history":[{"count":4,"href":"https:\/\/pos.uel.br\/microbiologia\/wp-json\/wp\/v2\/pages\/1736\/revisions"}],"predecessor-version":[{"id":1976,"href":"https:\/\/pos.uel.br\/microbiologia\/wp-json\/wp\/v2\/pages\/1736\/revisions\/1976"}],"wp:attachment":[{"href":"https:\/\/pos.uel.br\/microbiologia\/wp-json\/wp\/v2\/media?parent=1736"}],"curies":[{"name":"wp","href":"https:\/\/api.w.org\/{rel}","templated":true}]}}