{"id":1637,"date":"2022-06-09T17:23:20","date_gmt":"2022-06-09T20:23:20","guid":{"rendered":"https:\/\/pos.uel.br\/microbiologia\/?page_id=1637"},"modified":"2023-08-01T09:35:49","modified_gmt":"2023-08-01T12:35:49","slug":"programa-de-posgrado-en-microbiologia-2","status":"publish","type":"page","link":"https:\/\/pos.uel.br\/microbiologia\/es\/programa-de-posgrado-en-microbiologia-2\/","title":{"rendered":"Programa de Posgrado en Microbiolog\u00eda"},"content":{"rendered":"<div class=\"wp-block-image\">\n<figure class=\"aligncenter size-full\"><img loading=\"lazy\" decoding=\"async\" width=\"787\" height=\"317\" src=\"https:\/\/pos.uel.br\/microbiologia\/wp-content\/uploads\/2021\/06\/cabecalho-1.png\" alt=\"\" class=\"wp-image-87\" srcset=\"https:\/\/pos.uel.br\/microbiologia\/wp-content\/uploads\/2021\/06\/cabecalho-1.png 787w, https:\/\/pos.uel.br\/microbiologia\/wp-content\/uploads\/2021\/06\/cabecalho-1-300x121.png 300w, https:\/\/pos.uel.br\/microbiologia\/wp-content\/uploads\/2021\/06\/cabecalho-1-768x309.png 768w\" sizes=\"auto, (max-width: 787px) 100vw, 787px\" \/><\/figure>\n<\/div>\n\n\n<p>El Programa de Posgrado en Microbiolog\u00eda (PPM) pretende formar recursos humanos calificados, capaces de contribuir al desarrollo de la investigaci\u00f3n cient\u00edfica y tecnol\u00f3gica en el pa\u00eds, a trav\u00e9s de proyectos innovadores y producci\u00f3n intelectual internacional en el \u00e1rea de Microbiolog\u00eda.<\/p>\n\n\n\n<div style=\"height:39px\" aria-hidden=\"true\" class=\"wp-block-spacer\"><\/div>\n\n\n<div class=\"wp-block-image\">\n<figure class=\"aligncenter size-large is-resized\"><img loading=\"lazy\" decoding=\"async\" src=\"https:\/\/pos.uel.br\/microbiologia\/wp-content\/uploads\/2021\/06\/Slide3-2-1024x576.jpg\" alt=\"\" class=\"wp-image-762\" width=\"667\" height=\"375\" srcset=\"https:\/\/pos.uel.br\/microbiologia\/wp-content\/uploads\/2021\/06\/Slide3-2-1024x576.jpg 1024w, https:\/\/pos.uel.br\/microbiologia\/wp-content\/uploads\/2021\/06\/Slide3-2-300x169.jpg 300w, https:\/\/pos.uel.br\/microbiologia\/wp-content\/uploads\/2021\/06\/Slide3-2-768x432.jpg 768w, https:\/\/pos.uel.br\/microbiologia\/wp-content\/uploads\/2021\/06\/Slide3-2.jpg 1280w\" sizes=\"auto, (max-width: 667px) 100vw, 667px\" \/><\/figure>\n<\/div>\n\n\n<div style=\"height:54px\" aria-hidden=\"true\" class=\"wp-block-spacer\"><\/div>\n\n\n\n<p class=\"has-secondary-accent-color has-text-color has-medium-font-size\"><strong>Nota 5 de la CAPES (Evaluaci\u00f3n cuadrienal 2017-2020)<\/strong><\/p>\n\n\n<div class=\"wp-block-image\">\n<figure class=\"aligncenter size-large is-resized\"><img loading=\"lazy\" decoding=\"async\" src=\"https:\/\/pos.uel.br\/microbiologia\/wp-content\/uploads\/2021\/06\/Slide17-1024x576.jpg\" alt=\"\" class=\"wp-image-763\" width=\"722\" height=\"406\" srcset=\"https:\/\/pos.uel.br\/microbiologia\/wp-content\/uploads\/2021\/06\/Slide17-1024x576.jpg 1024w, https:\/\/pos.uel.br\/microbiologia\/wp-content\/uploads\/2021\/06\/Slide17-300x169.jpg 300w, https:\/\/pos.uel.br\/microbiologia\/wp-content\/uploads\/2021\/06\/Slide17-768x432.jpg 768w, https:\/\/pos.uel.br\/microbiologia\/wp-content\/uploads\/2021\/06\/Slide17.jpg 1280w\" sizes=\"auto, (max-width: 722px) 100vw, 722px\" \/><\/figure>\n<\/div>\n\n\n<div style=\"height:37px\" aria-hidden=\"true\" class=\"wp-block-spacer\"><\/div>\n\n\n\n<p class=\"has-secondary-accent-color has-text-color has-medium-font-size\"><strong>Comisi\u00f3n Coordinadora:<\/strong><\/p>\n\n\n\n<p>Coordenador: prof. <strong><mark style=\"background-color:rgba(0, 0, 0, 0)\" class=\"has-inline-color has-secondary-accent-color\">Lucy Megumi Yamauchi Lioni<\/mark><\/strong><\/p>\n\n\n\n<p>Vice-ccordenador: Prof. <strong><mark style=\"background-color:rgba(0, 0, 0, 0)\" class=\"has-inline-color has-secondary-accent-color\">S\u00e9rgio Paulo Dejato da Rocha<\/mark><\/strong><\/p>\n\n\n\n<p>Membro: Prof. <strong><mark style=\"background-color:rgba(0, 0, 0, 0)\" class=\"has-inline-color has-secondary-accent-color\">Sueli Fumie Yamada Ogatta<\/mark><\/strong><\/p>\n\n\n\n<p>Membro: Prof. <strong><mark style=\"background-color:rgba(0, 0, 0, 0)\" class=\"has-inline-color has-secondary-accent-color\">Phileno Pinge Filho<\/mark><\/strong><\/p>\n\n\n\n<p>Estudante: <strong><mark style=\"background-color:rgba(0, 0, 0, 0)\" class=\"has-inline-color has-secondary-accent-color\">Luana Carvalho Silva<\/mark><\/strong><\/p>\n\n\n\n<div style=\"height:45px\" aria-hidden=\"true\" class=\"wp-block-spacer\"><\/div>\n\n\n\n<p>El PPM se enfoca en formar profesionales con la capacidad de comprender la biolog\u00eda, fisiolog\u00eda y gen\u00e9tica de los microorganismos, as\u00ed como la capacidad de evaluar los mecanismos moleculares presentes en la relaci\u00f3n microorganismo-hospedero. Adem\u00e1s, hay capacitaci\u00f3n en el campo de la innovaci\u00f3n tecnol\u00f3gica, centr\u00e1ndose en el desarrollo de productos y \/ o procesos aplicados a la salud humana, animal y vegetal. El cuerpo docente es multidisciplinar, compuesta por orientadores calificados en diferentes \u00e1reas de microbiolog\u00eda, que act\u00faan en el desarrollo de proyectos cient\u00edficos, innovaci\u00f3n y emprendimiento.<\/p>\n\n\n<div class=\"wp-block-image\">\n<figure class=\"aligncenter size-large is-resized\"><img loading=\"lazy\" decoding=\"async\" src=\"https:\/\/pos.uel.br\/microbiologia\/wp-content\/uploads\/2021\/06\/Slide19-1024x576.jpg\" alt=\"\" class=\"wp-image-765\" width=\"713\" height=\"401\" srcset=\"https:\/\/pos.uel.br\/microbiologia\/wp-content\/uploads\/2021\/06\/Slide19-1024x576.jpg 1024w, https:\/\/pos.uel.br\/microbiologia\/wp-content\/uploads\/2021\/06\/Slide19-300x169.jpg 300w, https:\/\/pos.uel.br\/microbiologia\/wp-content\/uploads\/2021\/06\/Slide19-768x432.jpg 768w, https:\/\/pos.uel.br\/microbiologia\/wp-content\/uploads\/2021\/06\/Slide19.jpg 1280w\" sizes=\"auto, (max-width: 713px) 100vw, 713px\" \/><\/figure>\n<\/div>\n\n\n<div style=\"height:53px\" aria-hidden=\"true\" class=\"wp-block-spacer\"><\/div>\n\n\n\n<p>El PPM ofrece programas de maestr\u00eda y doctorado de alta calidad para estudiantes interesados en microbiolog\u00eda. Con el apoyo de fondos de agencias federales y estatales de Paran\u00e1, fundaciones y empresas privadas, los orientadores realizan investigaciones calificadas que abordan importantes necesidades de la salud, de la econom\u00eda y de otros sectores de la sociedad. Las l\u00edneas de investigaci\u00f3n son Biolog\u00eda y Fisiolog\u00eda de Microorganismos, Biolog\u00eda Molecular de Microorganismos e Interacci\u00f3n Microorganismo-hospedero, que abordan las disciplinas de inmunolog\u00eda, ecolog\u00eda microbiana, gen\u00e9tica microbiana, fisiolog\u00eda microbiana, patog\u00e9nesis microbiana, bacteriolog\u00eda, biolog\u00eda molecular, protozoolog\u00eda, micolog\u00eda y virolog\u00eda. El programa de posgrado en Microbiolog\u00eda se beneficia sustancialmente de sus interacciones interdisciplinarias y colaboraciones con otros departamentos de la UEL y otras instituciones de ense\u00f1anza e de investigaci\u00f3n brasileras y extranjeras. Nuestros estudiantes tambi\u00e9n pueden realizar cursos en otros programas de la UEL, generando oportunidades para conocer nuevos investigadores desde diferentes perspectivas.<\/p>\n\n\n\n<div style=\"height:48px\" aria-hidden=\"true\" class=\"wp-block-spacer\"><\/div>\n\n\n\n<p class=\"has-secondary-accent-color has-text-color has-medium-font-size\"><strong>\u00c1rea de Investigaci\u00f3n del PPM:<\/strong><\/p>\n\n\n<div class=\"wp-block-image\">\n<figure class=\"aligncenter size-large is-resized\"><img loading=\"lazy\" decoding=\"async\" src=\"https:\/\/pos.uel.br\/microbiologia\/wp-content\/uploads\/2021\/06\/Slide18-1024x576.jpg\" alt=\"\" class=\"wp-image-766\" width=\"652\" height=\"367\" srcset=\"https:\/\/pos.uel.br\/microbiologia\/wp-content\/uploads\/2021\/06\/Slide18-1024x576.jpg 1024w, https:\/\/pos.uel.br\/microbiologia\/wp-content\/uploads\/2021\/06\/Slide18-300x169.jpg 300w, https:\/\/pos.uel.br\/microbiologia\/wp-content\/uploads\/2021\/06\/Slide18-768x432.jpg 768w, https:\/\/pos.uel.br\/microbiologia\/wp-content\/uploads\/2021\/06\/Slide18.jpg 1280w\" sizes=\"auto, (max-width: 652px) 100vw, 652px\" \/><\/figure>\n<\/div>\n\n\n<div style=\"height:50px\" aria-hidden=\"true\" class=\"wp-block-spacer\"><\/div>\n\n\n\n<p class=\"has-secondary-accent-color has-text-color has-medium-font-size\"><strong>Perfil de egresado<\/strong><\/p>\n\n\n\n<p>El egresado del PPM tiene el perfil de un profesional con formaci\u00f3n t\u00e9cnica, human\u00edstica, reflexiva y cr\u00edtica en Microbiolog\u00eda, capaz de actuar en diferentes sub\u00e1reas (Virolog\u00eda, Bacteriolog\u00eda, Micolog\u00eda, Protozoolog\u00eda), para producir y difundir conocimientos.<\/p>\n\n\n\n<p>El PPM contribuye a la formaci\u00f3n de recursos humanos locales, procedentes de diferentes provincias de Brasil y de otros pa\u00edses.<\/p>\n\n\n\n<div style=\"height:52px\" aria-hidden=\"true\" class=\"wp-block-spacer\"><\/div>\n\n\n\n<p class=\"has-secondary-accent-color has-text-color has-medium-font-size\"><strong>Cursos reconocidos por la CAPES<\/strong><\/p>\n\n\n\n<figure class=\"wp-block-image size-large\"><img loading=\"lazy\" decoding=\"async\" width=\"1024\" height=\"576\" src=\"https:\/\/pos.uel.br\/microbiologia\/wp-content\/uploads\/2021\/06\/Slide22-1024x576.jpg\" alt=\"\" class=\"wp-image-767\" srcset=\"https:\/\/pos.uel.br\/microbiologia\/wp-content\/uploads\/2021\/06\/Slide22-1024x576.jpg 1024w, https:\/\/pos.uel.br\/microbiologia\/wp-content\/uploads\/2021\/06\/Slide22-300x169.jpg 300w, https:\/\/pos.uel.br\/microbiologia\/wp-content\/uploads\/2021\/06\/Slide22-768x432.jpg 768w, https:\/\/pos.uel.br\/microbiologia\/wp-content\/uploads\/2021\/06\/Slide22.jpg 1280w\" sizes=\"auto, (max-width: 1024px) 100vw, 1024px\" \/><\/figure>\n\n\n\n<div style=\"height:45px\" aria-hidden=\"true\" class=\"wp-block-spacer\"><\/div>\n\n\n\n<p class=\"has-secondary-accent-color has-text-color has-medium-font-size\"><strong>Requisitos para la obtenci\u00f3n del t\u00edtulo:<\/strong><\/p>\n\n\n\n<figure class=\"wp-block-image size-large\"><img loading=\"lazy\" decoding=\"async\" width=\"1024\" height=\"576\" src=\"https:\/\/pos.uel.br\/microbiologia\/wp-content\/uploads\/2021\/06\/Slide23-1024x576.jpg\" alt=\"\" class=\"wp-image-768\" srcset=\"https:\/\/pos.uel.br\/microbiologia\/wp-content\/uploads\/2021\/06\/Slide23-1024x576.jpg 1024w, https:\/\/pos.uel.br\/microbiologia\/wp-content\/uploads\/2021\/06\/Slide23-300x169.jpg 300w, https:\/\/pos.uel.br\/microbiologia\/wp-content\/uploads\/2021\/06\/Slide23-768x432.jpg 768w, https:\/\/pos.uel.br\/microbiologia\/wp-content\/uploads\/2021\/06\/Slide23.jpg 1280w\" sizes=\"auto, (max-width: 1024px) 100vw, 1024px\" \/><\/figure>\n\n\n\n<figure class=\"wp-block-image size-large\"><img loading=\"lazy\" decoding=\"async\" width=\"1024\" height=\"576\" src=\"https:\/\/pos.uel.br\/microbiologia\/wp-content\/uploads\/2021\/06\/Slide24-1024x576.jpg\" alt=\"\" class=\"wp-image-769\" srcset=\"https:\/\/pos.uel.br\/microbiologia\/wp-content\/uploads\/2021\/06\/Slide24-1024x576.jpg 1024w, https:\/\/pos.uel.br\/microbiologia\/wp-content\/uploads\/2021\/06\/Slide24-300x169.jpg 300w, https:\/\/pos.uel.br\/microbiologia\/wp-content\/uploads\/2021\/06\/Slide24-768x432.jpg 768w, https:\/\/pos.uel.br\/microbiologia\/wp-content\/uploads\/2021\/06\/Slide24.jpg 1280w\" sizes=\"auto, (max-width: 1024px) 100vw, 1024px\" \/><\/figure>\n\n\n\n<div style=\"height:42px\" aria-hidden=\"true\" class=\"wp-block-spacer\"><\/div>\n\n\n\n<p class=\"has-secondary-accent-color has-text-color has-medium-font-size\"><strong>\u00bfQui\u00e9n puede inscribirse?<\/strong><\/p>\n\n\n\n<p>Estudiantes de Medicina, Veterinaria, Farmacia, Odontolog\u00eda, Ciencias Biol\u00f3gicas, Enfermer\u00eda, Biomedicina, Fisioterapia, Agronom\u00eda, Biotecnolog\u00eda, Microbiolog\u00eda, Zootecnia y \u00e1reas afines.<\/p>\n\n\n\n<p class=\"has-secondary-text-color has-text-color has-medium-font-size\"><strong>Maestr\u00eda en Microbiolog\u00eda<\/strong><\/p>\n\n\n\n<p>Actualmente se ofrecen veinte (20) plazas para la admisi\u00f3n al Programa de M\u00e1ster.<\/p>\n\n\n\n<p><strong>Aplicaci\u00f3n y admisi\u00f3n<\/strong><\/p>\n\n\n\n<p>El programa cuenta con una admisi\u00f3n que comenzar\u00e1 en el primer semestre del a\u00f1o acad\u00e9mico.<\/p>\n\n\n\n<p>Los candidatos deben seguir las instrucciones del anuncio de selecci\u00f3n publicado en la p\u00e1gina del PPM y enviar la documentaci\u00f3n dentro del plazo establecido. La selecci\u00f3n de los candidatos al M\u00e1ster constar\u00e1 de las siguientes fases: a) Prueba de conocimientos en Microbiolog\u00eda; b) An\u00e1lisis del <em>Curriculum vitae<\/em> documentado; c) Argumentaci\u00f3n.<\/p>\n\n\n\n<p class=\"has-secondary-text-color has-text-color has-medium-font-size\"><strong>Doctorado en Microbiolog\u00eda<\/strong><\/p>\n\n\n\n<p>Actualmente se oferecen quince (15) plazas para la admisi\u00f3n al Programa de Doctorado.<\/p>\n\n\n\n<p><strong>Aplicaci\u00f3n y admisi\u00f3n<\/strong><\/p>\n\n\n\n<p>El programa cuenta con una admisi\u00f3n que comenzar\u00e1 en el primer semestre del a\u00f1o acad\u00e9mico.<\/p>\n\n\n\n<p>Los candidatos deben seguir las instrucciones del anuncio de selecci\u00f3n publicado en la p\u00e1gina del PPM y enviar la documentaci\u00f3n dentro del plazo establecido. La selecci\u00f3n de los doctorandos debe constar de las siguientes etapas: a) Carta de aceptaci\u00f3n de los asesores del Programa; b) Presentaci\u00f3n del proyecto de doctorado; c) An\u00e1lisis del <em>Curriculum vitae<\/em> documentado; d) Prueba de conocimientos en Microbiolog\u00eda; e) Argumentaci\u00f3n.<\/p>\n\n\n\n<p class=\"has-secondary-accent-color has-text-color has-medium-font-size\"><strong>Procedimientos de inscripci\u00f3n y m\u00e1s informaciones.<\/strong><\/p>\n\n\n\n<p>Para obtener informaci\u00f3n sobre la admisi\u00f3n a nuestros programas de posgrado y procedimientos de inscripci\u00f3n, revisa el aviso y visite:<\/p>\n\n\n\n<p><a href=\"https:\/\/pos.uel.br\/microbiologia\/selecao-2\/\" target=\"_blank\" rel=\"noreferrer noopener\">Selecci\u00f3n de estudiantes regulares de maestr\u00eda<\/a><\/p>\n\n\n\n<p><a rel=\"noreferrer noopener\" href=\"https:\/\/pos.uel.br\/microbiologia\/selecao\/\" target=\"_blank\">Selecci\u00f3n de estudiantes regulares de doctorado<\/a><\/p>\n","protected":false},"excerpt":{"rendered":"<p>El Programa de Posgrado en Microbiolog\u00eda (PPM) pretende formar recursos humanos calificados, capaces de contribuir al desarrollo de la investigaci\u00f3n cient\u00edfica y tecnol\u00f3gica en el pa\u00eds, a trav\u00e9s de proyectos innovadores y producci\u00f3n intelectual internacional en el \u00e1rea de Microbiolog\u00eda. Nota 5 de la CAPES (Evaluaci\u00f3n cuadrienal 2017-2020) Comisi\u00f3n Coordinadora: Coordenador: prof. Lucy Megumi Yamauchi [&hellip;]<\/p>\n","protected":false},"author":8,"featured_media":0,"parent":0,"menu_order":0,"comment_status":"closed","ping_status":"closed","template":"","meta":{"_acf_changed":false,"footnotes":""},"class_list":["post-1637","page","type-page","status-publish","hentry"],"acf":[],"_links":{"self":[{"href":"https:\/\/pos.uel.br\/microbiologia\/wp-json\/wp\/v2\/pages\/1637","targetHints":{"allow":["GET"]}}],"collection":[{"href":"https:\/\/pos.uel.br\/microbiologia\/wp-json\/wp\/v2\/pages"}],"about":[{"href":"https:\/\/pos.uel.br\/microbiologia\/wp-json\/wp\/v2\/types\/page"}],"author":[{"embeddable":true,"href":"https:\/\/pos.uel.br\/microbiologia\/wp-json\/wp\/v2\/users\/8"}],"replies":[{"embeddable":true,"href":"https:\/\/pos.uel.br\/microbiologia\/wp-json\/wp\/v2\/comments?post=1637"}],"version-history":[{"count":6,"href":"https:\/\/pos.uel.br\/microbiologia\/wp-json\/wp\/v2\/pages\/1637\/revisions"}],"predecessor-version":[{"id":2082,"href":"https:\/\/pos.uel.br\/microbiologia\/wp-json\/wp\/v2\/pages\/1637\/revisions\/2082"}],"wp:attachment":[{"href":"https:\/\/pos.uel.br\/microbiologia\/wp-json\/wp\/v2\/media?parent=1637"}],"curies":[{"name":"wp","href":"https:\/\/api.w.org\/{rel}","templated":true}]}}