{"id":1532,"date":"2022-05-05T09:29:36","date_gmt":"2022-05-05T12:29:36","guid":{"rendered":"https:\/\/pos.uel.br\/microbiologia\/?page_id=1532"},"modified":"2025-09-17T09:09:32","modified_gmt":"2025-09-17T12:09:32","slug":"reserva-de-salas-ppm","status":"publish","type":"page","link":"https:\/\/pos.uel.br\/microbiologia\/reserva-de-salas-ppm\/","title":{"rendered":"Reserva de salas PPM"},"content":{"rendered":"\n<p><strong>Aten\u00e7\u00e3o:<\/strong><\/p>\n\n\n\n<p>1) Verificar com os docentes das disciplinas se utilizar\u00e3o as salas nos dias de interesse.<\/p>\n\n\n\n<p class=\"has-secondary-accent-color has-text-color\">2) Caso haja a disponibilidade informar a coordena\u00e7\u00e3o via email (pgmicro@uel.br) o <strong>DIA, PER\u00cdODO, MOTIVO <\/strong> (aula, qualifica\u00e7\u00e3o, defesa) da utiliza\u00e7\u00e3o da sala (te\u00f3rica ou pr\u00e1tica). <\/p>\n\n\n\n<p>3) A prioridade sempre ser\u00e1 da disciplina da P\u00f3s-Gradua\u00e7\u00e3o.<\/p>\n\n\n\n<p><strong>Lota\u00e7\u00e3o das salas<\/strong><\/p>\n\n\n\n<p>SALA DE AULAS TE\u00d3RICAS &#8211; <strong>PRETO<\/strong><\/p>\n\n\n\n<p>SALA DE AULAS PR\u00c1TICAS &#8211; <strong>VERMELHO<\/strong><\/p>\n\n\n\n<p><\/p>\n\n\n\n<p>Clique aqui&nbsp;<strong><a href=\"https:\/\/docs.google.com\/spreadsheets\/d\/16TJplGbL6HjeWtq4hkY-IGwIqiYfSEgt\/edit?gid=1102321220#gid=1102321220\">Agenda 2025<\/a>&nbsp;<\/strong>e confira a disponibilidade das salas. H\u00e1 a necessidade de utilizar o dom\u00ednio UEL para ter acesso ao calend\u00e1rio de agendamento<\/p>\n\n\n\n<p class=\"has-secondary-accent-color has-text-color\">Clique aqui <strong><a href=\"https:\/\/docs.google.com\/spreadsheets\/d\/1GceUkG46-bKzdAMl0reYXrsiUU_tMF_yT9qen0Eea_0\/edit?gid=1029460300#gid=1029460300\" target=\"_blank\" rel=\"noreferrer noopener\">Agenda 2026<\/a> <\/strong>e confira a disponibilidade das salas. H\u00e1 a necessidade de utilizar o dom\u00ednio UEL para ter acesso ao calend\u00e1rio de agendamento<\/p>\n\n\n\n<p><\/p>\n\n\n\n<p><\/p>\n","protected":false},"excerpt":{"rendered":"<p>Aten\u00e7\u00e3o: 1) Verificar com os docentes das disciplinas se utilizar\u00e3o as salas nos dias de interesse. 2) Caso haja a disponibilidade informar a coordena\u00e7\u00e3o via email (pgmicro@uel.br) o DIA, PER\u00cdODO, MOTIVO (aula, qualifica\u00e7\u00e3o, defesa) da utiliza\u00e7\u00e3o da sala (te\u00f3rica ou pr\u00e1tica). 3) A prioridade sempre ser\u00e1 da disciplina da P\u00f3s-Gradua\u00e7\u00e3o. Lota\u00e7\u00e3o das salas SALA DE [&hellip;]<\/p>\n","protected":false},"author":8,"featured_media":0,"parent":0,"menu_order":0,"comment_status":"closed","ping_status":"closed","template":"","meta":{"_acf_changed":false,"footnotes":""},"class_list":["post-1532","page","type-page","status-publish","hentry"],"acf":[],"_links":{"self":[{"href":"https:\/\/pos.uel.br\/microbiologia\/wp-json\/wp\/v2\/pages\/1532","targetHints":{"allow":["GET"]}}],"collection":[{"href":"https:\/\/pos.uel.br\/microbiologia\/wp-json\/wp\/v2\/pages"}],"about":[{"href":"https:\/\/pos.uel.br\/microbiologia\/wp-json\/wp\/v2\/types\/page"}],"author":[{"embeddable":true,"href":"https:\/\/pos.uel.br\/microbiologia\/wp-json\/wp\/v2\/users\/8"}],"replies":[{"embeddable":true,"href":"https:\/\/pos.uel.br\/microbiologia\/wp-json\/wp\/v2\/comments?post=1532"}],"version-history":[{"count":18,"href":"https:\/\/pos.uel.br\/microbiologia\/wp-json\/wp\/v2\/pages\/1532\/revisions"}],"predecessor-version":[{"id":2621,"href":"https:\/\/pos.uel.br\/microbiologia\/wp-json\/wp\/v2\/pages\/1532\/revisions\/2621"}],"wp:attachment":[{"href":"https:\/\/pos.uel.br\/microbiologia\/wp-json\/wp\/v2\/media?parent=1532"}],"curies":[{"name":"wp","href":"https:\/\/api.w.org\/{rel}","templated":true}]}}

<p><strong>Atenção:</strong></p>



<p>1) Verificar com os docentes das disciplinas se utilizarão as salas nos dias de interesse.</p>



<p class="has-secondary-accent-color has-text-color">2) Caso haja a disponibilidade informar a coordenação via email (pgmicro@uel.br) o <strong>DIA, PERÍODO, MOTIVO </strong> (aula, qualificação, defesa) da utilização da sala (teórica ou prática). </p>



<p>3) A prioridade sempre será da disciplina da Pós-Graduação.</p>



<p><strong>Lotação das salas</strong></p>



<p>SALA DE AULAS TEÓRICAS &#8211; <strong>PRETO</strong></p>



<p>SALA DE AULAS PRÁTICAS &#8211; <strong>VERMELHO</strong></p>



<p></p>



<p>Clique aqui&nbsp;<strong><a href="https://docs.google.com/spreadsheets/d/16TJplGbL6HjeWtq4hkY-IGwIqiYfSEgt/edit?gid=1102321220#gid=1102321220">Agenda 2025</a>&nbsp;</strong>e confira a disponibilidade das salas. Há a necessidade de utilizar o domínio UEL para ter acesso ao calendário de agendamento</p>



<p class="has-secondary-accent-color has-text-color">Clique aqui <strong><a href="https://docs.google.com/spreadsheets/d/1GceUkG46-bKzdAMl0reYXrsiUU_tMF_yT9qen0Eea_0/edit?gid=1029460300#gid=1029460300" target="_blank" rel="noreferrer noopener">Agenda 2026</a> </strong>e confira a disponibilidade das salas. Há a necessidade de utilizar o domínio UEL para ter acesso ao calendário de agendamento</p>



<p></p>



<p></p>

<p>Atenção: 1) Verificar com os docentes das disciplinas se utilizarão as salas nos dias de interesse. 2) Caso haja a disponibilidade informar a coordenação via email (pgmicro@uel.br) o DIA, PERÍODO, MOTIVO (aula, qualificação, defesa) da utilização da sala (teórica ou prática). 3) A prioridade sempre será da disciplina da Pós-Graduação. Lotação das salas SALA DE [&hellip;]</p>
