{"id":15,"date":"2021-04-26T21:27:56","date_gmt":"2021-04-27T00:27:56","guid":{"rendered":"https:\/\/pos.uel.br\/microbiologia\/?page_id=15"},"modified":"2025-07-24T10:07:35","modified_gmt":"2025-07-24T13:07:35","slug":"formularios","status":"publish","type":"page","link":"https:\/\/pos.uel.br\/microbiologia\/formularios\/","title":{"rendered":"Formul\u00e1rios"},"content":{"rendered":"<div class=\"wp-block-image\">\n<figure class=\"aligncenter size-large is-resized\"><img loading=\"lazy\" decoding=\"async\" width=\"960\" height=\"720\" src=\"https:\/\/pos.uel.br\/microbiologia\/wp-content\/uploads\/2021\/07\/lembrete.jpg\" alt=\"\" class=\"wp-image-836\" style=\"width:525px;height:394px\" srcset=\"https:\/\/pos.uel.br\/microbiologia\/wp-content\/uploads\/2021\/07\/lembrete.jpg 960w, https:\/\/pos.uel.br\/microbiologia\/wp-content\/uploads\/2021\/07\/lembrete-300x225.jpg 300w, https:\/\/pos.uel.br\/microbiologia\/wp-content\/uploads\/2021\/07\/lembrete-768x576.jpg 768w\" sizes=\"auto, (max-width: 960px) 100vw, 960px\" \/><\/figure>\n<\/div>\n\n\n<p class=\"has-secondary-accent-color has-text-color has-link-color has-medium-font-size wp-elements-db61a6b628fdf09c0e2a0b79bcc118b5\"><strong>Defesa de Plano de Disserta\u00e7\u00e3o, Qualifica\u00e7\u00e3o e Defesa de Disserta\u00e7\u00e3o<\/strong><\/p>\n\n\n\n<p>Indica\u00e7\u00e3o de Banca de Defesa de Plano de Disserta\u00e7\u00e3o<\/p>\n\n\n\n<div class=\"wp-block-file\"><a id=\"wp-block-file--media-b9d3a685-b47d-49a3-91ae-69644ae952ed\" href=\"https:\/\/pos.uel.br\/microbiologia\/wp-content\/uploads\/2025\/07\/Indicacao_banca_DEFESA_de_Plano_Dissertacao.doc\">Indicacao_banca_DEFESA_de_Plano_Dissertacao<\/a><a href=\"https:\/\/pos.uel.br\/microbiologia\/wp-content\/uploads\/2025\/07\/Indicacao_banca_DEFESA_de_Plano_Dissertacao.doc\" class=\"wp-block-file__button wp-element-button\" download aria-describedby=\"wp-block-file--media-b9d3a685-b47d-49a3-91ae-69644ae952ed\">Baixar<\/a><\/div>\n\n\n\n<p>Cadastro Docente em Banca Examinadora<\/p>\n\n\n\n<div class=\"wp-block-file\"><a id=\"wp-block-file--media-2b2ff931-782f-4516-a536-ece18325510a\" href=\"https:\/\/pos.uel.br\/microbiologia\/wp-content\/uploads\/2021\/06\/Cadastro_Docente_Banca_Examinadora_UEL.doc\">Cadastro_Docente_Banca_Examinadora_UEL<\/a><a href=\"https:\/\/pos.uel.br\/microbiologia\/wp-content\/uploads\/2021\/06\/Cadastro_Docente_Banca_Examinadora_UEL.doc\" class=\"wp-block-file__button wp-element-button\" download aria-describedby=\"wp-block-file--media-2b2ff931-782f-4516-a536-ece18325510a\">Baixar<\/a><\/div>\n\n\n\n<p>Indica\u00e7\u00e3o de Banca de Qualifica\u00e7\u00e3o<\/p>\n\n\n\n<div class=\"wp-block-file\"><a id=\"wp-block-file--media-4447427b-88c9-42e3-970a-a7f4ffeaa7e1\" href=\"https:\/\/pos.uel.br\/microbiologia\/wp-content\/uploads\/2025\/07\/Indicacao_banca_QUALIFICACAO.doc\">Indicacao_banca_QUALIFICACAO<\/a><a href=\"https:\/\/pos.uel.br\/microbiologia\/wp-content\/uploads\/2025\/07\/Indicacao_banca_QUALIFICACAO.doc\" class=\"wp-block-file__button wp-element-button\" download aria-describedby=\"wp-block-file--media-4447427b-88c9-42e3-970a-a7f4ffeaa7e1\">Baixar<\/a><\/div>\n\n\n\n<p>Indica\u00e7\u00e3o de Banca de Defesa de Disserta\u00e7\u00e3o<\/p>\n\n\n\n<div class=\"wp-block-file\"><a id=\"wp-block-file--media-ded77403-7b32-4154-bd09-5088f63d65c0\" href=\"https:\/\/pos.uel.br\/microbiologia\/wp-content\/uploads\/2025\/07\/Indicacao_banca_DEFESA_de_Dissertacao.doc\">Indicacao_banca_DEFESA_de_Dissertacao<\/a><a href=\"https:\/\/pos.uel.br\/microbiologia\/wp-content\/uploads\/2025\/07\/Indicacao_banca_DEFESA_de_Dissertacao.doc\" class=\"wp-block-file__button wp-element-button\" download aria-describedby=\"wp-block-file--media-ded77403-7b32-4154-bd09-5088f63d65c0\">Baixar<\/a><\/div>\n\n\n\n<p>Modelo de convite para qualifica\u00e7\u00e3o<\/p>\n\n\n\n<div class=\"wp-block-file\"><a id=\"wp-block-file--media-0f22dab7-5ddf-4162-b2df-badfb87cf62a\" href=\"https:\/\/pos.uel.br\/microbiologia\/wp-content\/uploads\/2022\/05\/Convite-Qualificacao-Mestrado.docx\">Convite-Qualificacao-Mestrado<\/a><a href=\"https:\/\/pos.uel.br\/microbiologia\/wp-content\/uploads\/2022\/05\/Convite-Qualificacao-Mestrado.docx\" class=\"wp-block-file__button wp-element-button\" download aria-describedby=\"wp-block-file--media-0f22dab7-5ddf-4162-b2df-badfb87cf62a\">Baixar<\/a><\/div>\n\n\n\n<p>Modelo de convite para defesa<\/p>\n\n\n\n<div class=\"wp-block-file\"><a id=\"wp-block-file--media-fa5e657e-f2da-4a15-98b7-07ea951c9b56\" href=\"https:\/\/pos.uel.br\/microbiologia\/wp-content\/uploads\/2022\/05\/Convite-Defesa-de-Dissertacao-de-Mestrado.docx\">Convite-Defesa-de-Dissertacao-de-Mestrado<\/a><a href=\"https:\/\/pos.uel.br\/microbiologia\/wp-content\/uploads\/2022\/05\/Convite-Defesa-de-Dissertacao-de-Mestrado.docx\" class=\"wp-block-file__button wp-element-button\" download aria-describedby=\"wp-block-file--media-fa5e657e-f2da-4a15-98b7-07ea951c9b56\">Baixar<\/a><\/div>\n\n\n\n<div style=\"height:42px\" aria-hidden=\"true\" class=\"wp-block-spacer\"><\/div>\n\n\n\n<p class=\"has-secondary-accent-color has-text-color has-link-color has-medium-font-size wp-elements-53cd92312d38cd6b88cd14feff049d3b\"><strong>Modelo de relat\u00f3rio de acompanhamento do estudante<\/strong><\/p>\n\n\n\n<p>Relat\u00f3rio de Acompanhamento do Estudante<\/p>\n\n\n\n<div class=\"wp-block-file\"><a id=\"wp-block-file--media-07a9b6a7-f384-4429-b026-ddaa8d143b73\" href=\"https:\/\/pos.uel.br\/microbiologia\/wp-content\/uploads\/2025\/07\/Relatorio_acompanhamento_Estudantes.doc\">Relatorio_acompanhamento_Estudantes<\/a><a href=\"https:\/\/pos.uel.br\/microbiologia\/wp-content\/uploads\/2025\/07\/Relatorio_acompanhamento_Estudantes.doc\" class=\"wp-block-file__button wp-element-button\" download aria-describedby=\"wp-block-file--media-07a9b6a7-f384-4429-b026-ddaa8d143b73\">Baixar<\/a><\/div>\n\n\n\n<div style=\"height:42px\" aria-hidden=\"true\" class=\"wp-block-spacer\"><\/div>\n\n\n\n<p class=\"has-secondary-accent-color has-text-color has-link-color has-medium-font-size wp-elements-5cc00557986ee57378d6c51d9403b709\"><strong>Formul\u00e1rio para entrega final da Disserta\u00e7\u00e3o<\/strong><\/p>\n\n\n\n<p><a href=\"https:\/\/sites.uel.br\/bibliotecas\/repositorio-institucional-da-uel\/\" target=\"_blank\" rel=\"noreferrer noopener\">Termo de autoriza\u00e7\u00e3o para entrega do exemplar para a Biblioteca central da UEL<\/a><\/p>\n\n\n\n<p><a href=\"https:\/\/sites.uel.br\/bibliotecas\/geracao-automatica-de-ficha-catalografica\/\">Ficha catalogr\u00e1fica<\/a> &#8211; Biblioteca Central da UEL<\/p>\n\n\n\n<div style=\"height:40px\" aria-hidden=\"true\" class=\"wp-block-spacer\"><\/div>\n\n\n\n<p>Outros <a rel=\"noreferrer noopener\" href=\"http:\/\/www.uel.br\/proppg\/portalnovo\/pages\/mais\/formularios.php\" target=\"_blank\">formul\u00e1rios gerais da PROPPG <\/a>podem ser encontrados na p\u00e1gina da PROPPG. <\/p>\n","protected":false},"excerpt":{"rendered":"<p>Defesa de Plano de Disserta\u00e7\u00e3o, Qualifica\u00e7\u00e3o e Defesa de Disserta\u00e7\u00e3o Indica\u00e7\u00e3o de Banca de Defesa de Plano de Disserta\u00e7\u00e3o Cadastro Docente em Banca Examinadora Indica\u00e7\u00e3o de Banca de Qualifica\u00e7\u00e3o Indica\u00e7\u00e3o de Banca de Defesa de Disserta\u00e7\u00e3o Modelo de convite para qualifica\u00e7\u00e3o Modelo de convite para defesa Modelo de relat\u00f3rio de acompanhamento do estudante Relat\u00f3rio de [&hellip;]<\/p>\n","protected":false},"author":8,"featured_media":0,"parent":0,"menu_order":0,"comment_status":"closed","ping_status":"closed","template":"","meta":{"_acf_changed":false,"footnotes":""},"class_list":["post-15","page","type-page","status-publish","hentry"],"acf":[],"_links":{"self":[{"href":"https:\/\/pos.uel.br\/microbiologia\/wp-json\/wp\/v2\/pages\/15","targetHints":{"allow":["GET"]}}],"collection":[{"href":"https:\/\/pos.uel.br\/microbiologia\/wp-json\/wp\/v2\/pages"}],"about":[{"href":"https:\/\/pos.uel.br\/microbiologia\/wp-json\/wp\/v2\/types\/page"}],"author":[{"embeddable":true,"href":"https:\/\/pos.uel.br\/microbiologia\/wp-json\/wp\/v2\/users\/8"}],"replies":[{"embeddable":true,"href":"https:\/\/pos.uel.br\/microbiologia\/wp-json\/wp\/v2\/comments?post=15"}],"version-history":[{"count":17,"href":"https:\/\/pos.uel.br\/microbiologia\/wp-json\/wp\/v2\/pages\/15\/revisions"}],"predecessor-version":[{"id":2589,"href":"https:\/\/pos.uel.br\/microbiologia\/wp-json\/wp\/v2\/pages\/15\/revisions\/2589"}],"wp:attachment":[{"href":"https:\/\/pos.uel.br\/microbiologia\/wp-json\/wp\/v2\/media?parent=15"}],"curies":[{"name":"wp","href":"https:\/\/api.w.org\/{rel}","templated":true}]}}