{"id":1046,"date":"2021-07-08T14:09:53","date_gmt":"2021-07-08T17:09:53","guid":{"rendered":"https:\/\/pos.uel.br\/microbiologia\/?page_id=1046"},"modified":"2022-05-11T14:43:59","modified_gmt":"2022-05-11T17:43:59","slug":"colaboracoes-nacionais-e-internacionais","status":"publish","type":"page","link":"https:\/\/pos.uel.br\/microbiologia\/colaboracoes-nacionais-e-internacionais\/","title":{"rendered":"Colabora\u00e7\u00f5es nacionais e internacionais"},"content":{"rendered":"\n<h3 class=\"wp-block-heading\"><span class=\"has-inline-color has-primary-accent-color\">Colabora\u00e7\u00f5es internacionais<\/span><\/h3>\n\n\n\n<p>Entre as colabora\u00e7\u00f5es dos docentes com pesquisadores internacionais temos: a) Coopera\u00e7\u00e3o Internacional Brasil-Portugal (CAPES-GRICES): Interc\u00e2mbio com a Universidade de Coimbra (UC), Universidade de S\u00e3o Paulo e UEL (Dr. Marco Nogueira); b) Conv\u00eanio com a Universidad de Granada e Instituto de Investiga\u00e7\u00e3o Zaiden, Espanha (Prof. Galdino Andrade); c) Conv\u00eanio junto a Rede Ib\u00e9rico Americana de Fertilizantes &#8211; Interc\u00e2mbio entre pa\u00edses da Am\u00e9rica Latina e Espanha (BIOSAG)(Dra. Mariangela Hungria); d) Interc\u00e2mbio com a Universidade de CHIBA, Jap\u00e3o (Research Center for Pathogenic Fungi and Microbial Toxicoses) (Profa. Eiko Itano); e) Interc\u00e2mbio com a Universidade Polit\u00e9cnica Tecnol\u00f3gica da Col\u00f4mbia (TUNJA). (Prof. Galdino Andrade); f) Participa\u00e7\u00e3o da Rede MASS de Sustentabilidade com o Colegio Mayor de Antioquia, Universidad Nacional de Medellin, Centro Tecnologico de Antioquia (Prof. Galdino Andrade); g) Interc\u00e2mbio com a Universidade Nacional da Col\u00f4mbia (Centro de Biotecnologia &#8211; Bogot\u00e1) (Prof. Galdino Andrade); h) Interc\u00e2mbio com a Universidad de Santiago de Compostela, Campus de Lugo, Lugo, Espanha. Laboratorio de Referencia de Escherichia coli (LREC), Departamento de Microbiolog\u00eda y Parasitolog\u00eda Dr. Jorge Blanco (Profa. Jacinta Pelayo) i) Interc\u00e2mbio com University of Burdwan, \u00cdndia (Prof. Carlos Nozawa e Profa. Rosa Elisa Linhares); j) Interc\u00e2mbio com Universidad de Guanajuato, M\u00e9xico (Prof. Ricardo S. C. de Almeida); k) Interc\u00e2mbio com Norwegian University of Science and Technology, Noruega (Prof. Galdino Andrade); l) Interc\u00e2mbio com The Institut National De La Recherche Scientifique (INRS), Canad\u00e1 (Prof. Renata Kobayashi); m) Interc\u00e2mbio com Oklahoma State University (National Institute for Microbial Forensics and Food and Agricultural Biosecurity), Estados Unidos (Prof. Gerson Nakazato); n) Interc\u00e2mbio com The University of Tokyo, Graduate School of Pharmaceutical Sciences, Laboratory of Microbiology (Profs. Sueli Ogatta e Lucy Lioni); o) Coopera\u00e7\u00e3o Internacional Brasil-Jap\u00e3o (JICA) (Profa. Eiko Itano); p) Participa\u00e7\u00e3o no \u201cLatin American Coalition for Escherichia coli\u201d (LACER, Profa. Renata K. T. Kobayashi, Prof. Gerson Nakazato); q) Interc\u00e2mbio com Centre de recherches sur les macromol\u00e9cules v\u00e9g\u00e9tales, Fran\u00e7a (Prof. Celso Nakamura); r) Interc\u00e2mbio com pesquisadores da Universidad de La Frontera integrantes do Projeto NEXER \u2013 FONDECYT (Prof. Gerson Nakazato); s) Intercambio com Universidad Nacional Aut\u00f3noma de M\u00e9xico, M\u00e9xico (profs. Jacinta Sanches e S\u00e9rgio da Rocha); t) Interc\u00e2mbio com IBIOBA-ICGEB International Centre for Genetic Engineering and Biotechnology Polo Cient\u00edfico Tecnol\u00f3gico Godoy Cruz, Argentina (prof. Admilton de Oliveira); Interc\u00e2mbio com Universidad T\u00e9cnica de Manab\u00ed, Equador (prof. Admilton de Oliveira); v) Interc\u00e2mbio com Prof. Dr. Juan Carlos Bedoya Perez, docente do Institucion Universitaria Col\u00e9gio Mayor de Antioquia, Colombia; w) Dois projetos Programa Capes\/Cofecub com participa\u00e7\u00e3o dos docentes Admilton de Oliveira e Celso Nakamura; x) PPM integra o Programa \u201cBe a Doc\/Brazil-Europe Doctoral and Research<br>A docente Mariangela Hungria participou na reuni\u00e3o de projeto em colabora\u00e7\u00e3o Agromicrobios, como representante brasileira no projeto financiado pelo CYTED. Participa\u00e7\u00e3o e apresenta\u00e7\u00e3o de palestra em confer\u00eancia \u201cHUNGRIA, M. Uma nova era de inoculantes para sistemas agropecu\u00e1rios. In: IBEMPA (CONFER\u00caNCIA IBEROAMERICANA DE INTERACCIONES BENEFICIOSAS PLANTA-MICROGANISMO-MEDIO AMBIENTE, 3., RELAR (REUNI\u00d3N LATINOAMERICANA DE RIZOBIOLOG\u00cdA, 28., SEFIN (REUNI\u00d3N DE LA SOCIEDAD ESPANOLA DE FIJACI\u00d3N DE NITR\u00d3GENO, 16. Lima, Peru.\u201d; e na Reuni\u00e3o \u201cAnnual Meeting of the Project Putting Nitrogen Fixation to Work for Smallholder Farmers in Africa\u201d, um projeto do qual ela faz parte do comit\u00ea avaliador, \u201cN2Africa\u201d, em Kigali, Rwanda, Africa.<br>O docente Marco Nogueira apresentou no 20\u00b0 Congresso Internacional de Fixa\u00e7\u00e3o Biol\u00f3gica do Nitrog\u00eanio, bem como Reuni\u00e3o t\u00e9cnica com membros europeus do projeto INCT &#8211; Microrganismos Promotores do Crescimento de Plantas Visando \u00e0 Sustentabilidade Agr\u00edcola e \u00e0 Responsabilidade ambiental, em Granada, Espanha. Foram acertados protocolos de pesquisa e ensaios a serem conduzidos em colabora\u00e7\u00e3o com os Profs. Drs. Francisco Javier Ollero e Manuel Meg\u00edas (Univ. de Sevilla, Espanha), em que ficou acertada a vinda do consultor espanhol para a Embrapa Soja em novembro de 2017, para avalia\u00e7\u00e3o das metas do projeto e condu\u00e7\u00e3o de ensaios em colabora\u00e7\u00e3o.<br>Os docentes Mariangela Hungria e Marco Antonio Nogueira receberam a visita do Prof. Dr. Manuel Meg\u00edas, catedr\u00e1tico da Universidad de Sevilha, Espanha em 2018 e 2019, como consultor externo de a\u00e7\u00f5es iniciais do projeto do INCT-Microrganismos Promotores do Crescimento de Plantas (CNPq, Processo 465133\/2014-2, CAPES, Funda\u00e7\u00e3o Arauc\u00e1ria), a\u00e7\u00f5es em projetos de colabora\u00e7\u00e3o, a\u00e7\u00f5es em projetos de colabora\u00e7\u00e3o com a iniciativa privada.<br>O docente Gerson Nakazato participou como palestrante nos eventos: 1\u00b0 workshop online Latinoamericano en Nanotecnolog\u00eda, 2020 (Chile), e no Seminario en Nanotecnologia.Seminario en nanotecnologia. 2019 (Chile).<\/p>\n\n\n\n<h3 class=\"wp-block-heading\"><span class=\"has-inline-color has-primary-accent-color\">Colabora\u00e7\u00f5es nacionais<\/span><\/h3>\n\n\n\n<p>a) Conv\u00eanio com o Centro Universit\u00e1rio da Grande Dourados (UNIGRAN), IMPPG\/UFRJ (Profs. Carlos Nozawa e Rosa Elisa Linhares); b) Coopera\u00e7\u00e3o t\u00e9cnica com a FIOCRUZ para valida\u00e7\u00e3o de modelos de neutraliza\u00e7\u00e3o de soro antibotr\u00f3pico utilizando larvas de mariposa Galleria mellonella e de soro anticrot\u00e1lico em embri\u00f5es do peixe Danio rerio. (Profs. Ricardo de Almeida e Luciano Panagio); c) Interc\u00e2mbio com o Centro de Biotecnologia da Universidade Federal do Rio Grande do Sul e da Universidade Federal de Goi\u00e1s (Profa. Marcia Furlaneto); d) Interc\u00e2mbio com a Universidade Federal de Goi\u00e1s (Profa. Marcia Furlaneto); e) Interc\u00e2mbio com o Instituto Carlos Chagas\/FIOCRUZ, Curitiba, Paran\u00e1 (Profs. Sueli Ogatta e Lucy Lioni); f) Interc\u00e2mbio com o Instituto de Biologia Molecular do Paran\u00e1 (IBMP) (Profs. Sueli Ogatta e Lucy Lioni); g) Interc\u00e2mbio com o Instituto Butant\u00e3 (Profs. Jacinta Pelayo e S\u00e9rgio da Rocha); h) Interc\u00e2mbio com o Departamento de Farm\u00e1cia e Farmacologia da Universidade Estadual de Maring\u00e1 (UEM) (Profs. Galdino Andrade Filho, Rosa Elisa Linhares, Carlos Nozawa; Sueli Ogatta, Lucy Lioni); i) Interc\u00e2mbio com o Departamento de An\u00e1lises Cl\u00ednicas da UEM (Profa. M\u00e1rcia Furlaneto); j) Interc\u00e2mbio com a UNICAMP (Profs. Jacinta Pelayo, Gerson Nakazato, Renata Kobayashi); k) Interc\u00e2mbio com a Universidade Federal de S\u00e3o Paulo Departamento de Microbiologia, Imunologia e Parasitologia Dra. Beatriz Ernestina Cabilio (Profa. Jacinta Pelayo) l) Interc\u00e2mbio com a UNICAMP (Dr. Nelson Dur\u00e1n), UFABC (Profa. Amedea Seabra) e USP-Ribeir\u00e3o Preto (Profa. Pryscila Marcato) (Profs. Gerson Nakazato, Renata Kobayashi, Luciano Panagio, Lucy Lioni, Sueli Ogatta); m) Interc\u00e2mbio com o Departamento de Farm\u00e1cia da Escola de Farm\u00e1cia da Universidade Federal de Ouro Preto (Profa. Sueli Ogatta); n) Interc\u00e2mbio com Universidade do Oeste Paulista (Prof. Sueli Ogatta e Lucy Lioni); o) Interc\u00e2mbio com o Instituto Adolf Lutz (Profs. Gerson Nakazato e Renata Kobayashi); p) Interc\u00e2mbio com o Instituto Federal do Rio Grande do Sul\/Canoas (Prof. Sueli Ogatta e Lucy Lioni); q) Interc\u00e2mbio com a Faculdade de Medicina de S\u00e3o Jos\u00e9 do Rio Preto (Profs. Gerson Nakazato e Renata Kobayashi), r) Interc\u00e2mbio com a Universidade Federal do Rio Grande (Profs. Sueli Ogatta e Lucy Lioni); s) Interc\u00e2mbio com a empresa Simbiose Agro (Prof. Admilton de Oliveira); t) Interc\u00e2mbio com a empresa Vetanco do Brasil Importa\u00e7\u00e3o e Exporta\u00e7\u00e3o LTDA (Profs. Gerson Nakazato e Renata Kobayashi); u) Interc\u00e2mbio com o Departamento de Microbiologia da USP (Profs. Galdino Andrade, Gerson Nakazato, Lucy Lioni, Marcia Furlaneto, Renata Kobayashi e Sueli Ogatta).<\/p>\n","protected":false},"excerpt":{"rendered":"<p>Colabora\u00e7\u00f5es internacionais Entre as colabora\u00e7\u00f5es dos docentes com pesquisadores internacionais temos: a) Coopera\u00e7\u00e3o Internacional Brasil-Portugal (CAPES-GRICES): Interc\u00e2mbio com a Universidade de Coimbra (UC), Universidade de S\u00e3o Paulo e UEL (Dr. Marco Nogueira); b) Conv\u00eanio com a Universidad de Granada e Instituto de Investiga\u00e7\u00e3o Zaiden, Espanha (Prof. Galdino Andrade); c) Conv\u00eanio junto a Rede Ib\u00e9rico Americana [&hellip;]<\/p>\n","protected":false},"author":8,"featured_media":0,"parent":0,"menu_order":0,"comment_status":"closed","ping_status":"closed","template":"","meta":{"_acf_changed":false,"footnotes":""},"class_list":["post-1046","page","type-page","status-publish","hentry"],"acf":[],"_links":{"self":[{"href":"https:\/\/pos.uel.br\/microbiologia\/wp-json\/wp\/v2\/pages\/1046","targetHints":{"allow":["GET"]}}],"collection":[{"href":"https:\/\/pos.uel.br\/microbiologia\/wp-json\/wp\/v2\/pages"}],"about":[{"href":"https:\/\/pos.uel.br\/microbiologia\/wp-json\/wp\/v2\/types\/page"}],"author":[{"embeddable":true,"href":"https:\/\/pos.uel.br\/microbiologia\/wp-json\/wp\/v2\/users\/8"}],"replies":[{"embeddable":true,"href":"https:\/\/pos.uel.br\/microbiologia\/wp-json\/wp\/v2\/comments?post=1046"}],"version-history":[{"count":5,"href":"https:\/\/pos.uel.br\/microbiologia\/wp-json\/wp\/v2\/pages\/1046\/revisions"}],"predecessor-version":[{"id":1059,"href":"https:\/\/pos.uel.br\/microbiologia\/wp-json\/wp\/v2\/pages\/1046\/revisions\/1059"}],"wp:attachment":[{"href":"https:\/\/pos.uel.br\/microbiologia\/wp-json\/wp\/v2\/media?parent=1046"}],"curies":[{"name":"wp","href":"https:\/\/api.w.org\/{rel}","templated":true}]}}