{"id":10,"date":"2021-04-26T21:27:56","date_gmt":"2021-04-27T00:27:56","guid":{"rendered":"https:\/\/pos.uel.br\/microbiologia\/?page_id=10"},"modified":"2025-12-12T12:44:19","modified_gmt":"2025-12-12T15:44:19","slug":"contatos","status":"publish","type":"page","link":"https:\/\/pos.uel.br\/microbiologia\/contatos\/","title":{"rendered":"Contatos"},"content":{"rendered":"\n<figure class=\"wp-block-image size-large is-resized\"><img loading=\"lazy\" decoding=\"async\" width=\"240\" height=\"82\" src=\"https:\/\/pos.uel.br\/microbiologia\/wp-content\/uploads\/2021\/06\/Logo-PPM-1.png\" alt=\"\" class=\"wp-image-104\" style=\"width:222px;height:76px\" \/><\/figure>\n\n\n\n<p><strong>Gest\u00e3o 2025-2027<\/strong><\/p>\n\n\n\n<p>Coordenador: Prof. Sergio Paulo Dejato da Rocha<\/p>\n\n\n\n<p>Vice-Cordenador: Prof\u00aa. Lucy Megumi Yamauchi Lioni<\/p>\n\n\n\n<p>Membro: Prof. Renata Katsuko Takayama Kobayashi<\/p>\n\n\n\n<p>Membro: Prof. Phileno Pinge Filho<\/p>\n\n\n\n<p>Membro discente: Victor Hugo Montini<\/p>\n\n\n\n<p><\/p>\n\n\n\n<figure class=\"wp-block-image size-large is-resized\"><img loading=\"lazy\" decoding=\"async\" width=\"870\" height=\"287\" src=\"https:\/\/pos.uel.br\/microbiologia\/wp-content\/uploads\/2021\/06\/fale-1-1.png\" alt=\"\" class=\"wp-image-111\" style=\"width:301px;height:99px\" srcset=\"https:\/\/pos.uel.br\/microbiologia\/wp-content\/uploads\/2021\/06\/fale-1-1.png 870w, https:\/\/pos.uel.br\/microbiologia\/wp-content\/uploads\/2021\/06\/fale-1-1-300x99.png 300w, https:\/\/pos.uel.br\/microbiologia\/wp-content\/uploads\/2021\/06\/fale-1-1-768x253.png 768w\" sizes=\"auto, (max-width: 870px) 100vw, 870px\" \/><\/figure>\n\n\n\n<p><strong>Programa de P\u00f3s-Gradua\u00e7\u00e3o em Microbiologia<\/strong><\/p>\n\n\n\n<p>Secret\u00e1ria: Tatiana R. Monteiro Correia<\/p>\n\n\n\n<p><strong>Endere\u00e7o<\/strong><\/p>\n\n\n\n<p>E-mail: <strong>pgmicro@uel.br<\/strong><\/p>\n\n\n\n<p>Telefone: <strong>+55 (43) 3371 4387 ou 3371 4192<\/strong><\/p>\n\n\n\n<p>Universidade Estadual de Londrina<\/p>\n\n\n\n<p>Centro de Ci\u00eancias Biol\u00f3gicas<\/p>\n\n\n\n<p>Secretaria do Programa de P\u00f3s-gradua\u00e7\u00e3o do Mestrado e Doutorado em Microbiologia<\/p>\n\n\n\n<p>Departamento de Microbiologia<\/p>\n\n\n\n<p>Rodovia Celso Garcia Cid, PR445, km 380 Campus Universit\u00e1rio Cx. Postal 10.011<\/p>\n\n\n\n<p>CEP 86.055-900&nbsp; \u2013 Londrina &#8211; Paran\u00e1<\/p>\n\n\n\n<p><\/p>\n","protected":false},"excerpt":{"rendered":"<p>Gest\u00e3o 2025-2027 Coordenador: Prof. Sergio Paulo Dejato da Rocha Vice-Cordenador: Prof\u00aa. Lucy Megumi Yamauchi Lioni Membro: Prof. Renata Katsuko Takayama Kobayashi Membro: Prof. Phileno Pinge Filho Membro discente: Victor Hugo Montini Programa de P\u00f3s-Gradua\u00e7\u00e3o em Microbiologia Secret\u00e1ria: Tatiana R. Monteiro Correia Endere\u00e7o E-mail: pgmicro@uel.br Telefone: +55 (43) 3371 4387 ou 3371 4192 Universidade Estadual de [&hellip;]<\/p>\n","protected":false},"author":8,"featured_media":0,"parent":0,"menu_order":0,"comment_status":"closed","ping_status":"closed","template":"","meta":{"_acf_changed":false,"footnotes":""},"class_list":["post-10","page","type-page","status-publish","hentry"],"acf":[],"_links":{"self":[{"href":"https:\/\/pos.uel.br\/microbiologia\/wp-json\/wp\/v2\/pages\/10","targetHints":{"allow":["GET"]}}],"collection":[{"href":"https:\/\/pos.uel.br\/microbiologia\/wp-json\/wp\/v2\/pages"}],"about":[{"href":"https:\/\/pos.uel.br\/microbiologia\/wp-json\/wp\/v2\/types\/page"}],"author":[{"embeddable":true,"href":"https:\/\/pos.uel.br\/microbiologia\/wp-json\/wp\/v2\/users\/8"}],"replies":[{"embeddable":true,"href":"https:\/\/pos.uel.br\/microbiologia\/wp-json\/wp\/v2\/comments?post=10"}],"version-history":[{"count":21,"href":"https:\/\/pos.uel.br\/microbiologia\/wp-json\/wp\/v2\/pages\/10\/revisions"}],"predecessor-version":[{"id":2655,"href":"https:\/\/pos.uel.br\/microbiologia\/wp-json\/wp\/v2\/pages\/10\/revisions\/2655"}],"wp:attachment":[{"href":"https:\/\/pos.uel.br\/microbiologia\/wp-json\/wp\/v2\/media?parent=10"}],"curies":[{"name":"wp","href":"https:\/\/api.w.org\/{rel}","templated":true}]}}