{"id":220,"date":"2024-01-10T18:18:35","date_gmt":"2024-01-10T21:18:35","guid":{"rendered":"https:\/\/pos.uel.br\/mestradoclinicasveterinarias\/?page_id=220"},"modified":"2025-06-03T21:23:02","modified_gmt":"2025-06-04T00:23:02","slug":"disciplinas-obrigatorias","status":"publish","type":"page","link":"https:\/\/pos.uel.br\/mestradoclinicasveterinarias\/estrutura-curricular\/disciplinas-obrigatorias\/","title":{"rendered":"Disciplinas Obrigat\u00f3rias"},"content":{"rendered":"\n<h4 class=\"wp-block-heading\"><strong>Metodologia da Pesquisa \u2013 2<\/strong>STA159<\/h4>\n\n\n\n<p><strong>Carga Hor\u00e1ria:<\/strong> 45&nbsp;&nbsp;<strong>Cr\u00e9ditos:<\/strong> 3<\/p>\n\n\n\n<p><strong>Ementa:<\/strong><\/p>\n\n\n\n<p>M\u00e9todos e t\u00e9cnicas de pesquisa bibliogr\u00e1fica e de elabora\u00e7\u00e3o de trabalhos cient\u00edficos.<\/p>\n\n\n\n<p><strong>Bibliografia:<\/strong><\/p>\n\n\n\n<p>BUNGE, M. Ci\u00eancia e Desenvolvimento. Tradu\u00e7\u00e3o \u2013 Cl\u00e1udia R. Junqueira, S\u00e3o Paulo, EDUSP, 2003.<\/p>\n\n\n\n<p>CASTRO, C.M. A Pr\u00e1tica da Pesquisa. S\u00e3o Paulo, McGraw-Hill do Brasil, 2001.<\/p>\n\n\n\n<p>FACHIN, O. Fundamentos de Metodologia. S\u00e3o Paulo, Atlas, S. A, 153P. 2005.<\/p>\n\n\n\n<p>HEGENBERG, L. Etapas da Investiga\u00e7\u00e3o Cient\u00edfica. Vols.1e2, S\u00e3o Paulo, EPU-EDUSP, 1999.<\/p>\n\n\n\n<p>PENTZ, M. J. Et al. La Ciencia: Sus Or\u00edgenes, Escalas y Limitaciones. M\u00e9xico, McGraw-Hill, 2000.<\/p>\n\n\n\n<p>RAMON Y CAJAL, S. Regras e Conselhos sobre a Investiga\u00e7\u00e3o Cient\u00edfica.&nbsp;Tradu\u00e7\u00e3o \u2013 Achiles Lisboa, 1Ed, S\u00e3o Paulo, T. A. Queiroz \u2013 EDUSP. 1999.<\/p>\n\n\n\n<p>REY, L. Planejar e Redigir Trabalhos Cient\u00edficos. S\u00e3o Paulo, Editora Edgard Blucher Ltda., 2Ed, 318p., 2006.<\/p>\n\n\n\n<p>RUDIO, F. V. Introdu\u00e7\u00e3o ao Projeto de Pesquisa Cient\u00edfica. 3a. Ed. Petr\u00f3polis, Vozes, 2001.<\/p>\n\n\n\n<div style=\"height:25px\" aria-hidden=\"true\" class=\"wp-block-spacer\"><\/div>\n\n\n\n<h4 class=\"wp-block-heading\"><strong>M\u00e9todos Estat\u00edsticos Aplicados a Experimenta\u00e7\u00e3o Animal \u2013 2 VET382<\/strong><\/h4>\n\n\n\n<p><strong>Carga Hor\u00e1ria:<\/strong> 45&nbsp;&nbsp;<strong>Cr\u00e9ditos:<\/strong> 3<\/p>\n\n\n\n<p><strong>Ementa:<\/strong><\/p>\n\n\n\n<p>Conhecimentos b\u00e1sicos em experimenta\u00e7\u00e3o animal; planejamento de experimentos; testes de signific\u00e2ncia, regress\u00e3o e correla\u00e7\u00e3o; utiliza\u00e7\u00e3o da&nbsp;inform\u00e1tica na an\u00e1lise de dados.<\/p>\n\n\n\n<p><strong>Bibliografia:<\/strong><\/p>\n\n\n\n<p>Apostila completa.<\/p>\n\n\n\n<p>Capitulo 1 \u2013 Testes de Hip\u00f3teses.<\/p>\n\n\n\n<p>Capitulo 2 \u2013 Introdu\u00e7\u00e3o a An\u00e1lise de Vari\u00e2ncia.<\/p>\n\n\n\n<p>Cap\u00edtulo 3 \u2013 Delineamento Inteiramente Casualisado.<\/p>\n\n\n\n<p>Cap\u00edtulo 4 \u2013 Delineamento em Blocos ao Acaso.<\/p>\n\n\n\n<p>Cap\u00edtulo 5 \u2013 Delineamento em Quadrado Latino.<\/p>\n\n\n\n<p>Cap\u00edtulo 6 \u2013 Experimentos Fatoriais.<\/p>\n\n\n\n<p>Cap\u00edtulo 7 \u2013 Delineamento em Parcelas Subdivididas.<\/p>\n\n\n\n<p>Cap\u00edtulo 8 \u2013 Transforma\u00e7\u00e3o de Dados.<\/p>\n\n\n\n<p>Cap\u00edtulo 9 \u2013 An\u00e1lise de Regress\u00e3o por Polin\u00f4mios Ortogonais.<\/p>\n\n\n\n<div style=\"height:25px\" aria-hidden=\"true\" class=\"wp-block-spacer\"><\/div>\n\n\n\n<h4 class=\"wp-block-heading\"><strong>Semin\u00e1rios \u2013 2 VET376<\/strong><\/h4>\n\n\n\n<p><strong>Carga Hor\u00e1ria:<\/strong> 45&nbsp;&nbsp;<strong>Cr\u00e9ditos:<\/strong> 3<\/p>\n\n\n\n<p><strong>Ementa:<\/strong><\/p>\n\n\n\n<p>Elabora\u00e7\u00e3o e apresenta\u00e7\u00e3o do projeto de conclus\u00e3o final do curso. Interpreta\u00e7\u00e3o cr\u00edtica e apresenta\u00e7\u00e3o de artigos cient\u00edficos.<\/p>\n\n\n\n<p><strong>Bibliografia:<\/strong><\/p>\n\n\n\n<p>ASSOCIA\u00c7\u00c3O BRASILEIRA DE NORMAS T\u00c9CNICAS. NBR 14724: Informa\u00e7\u00f5es e documenta\u00e7\u00e3o \u2013 Trabalhos Acad\u00eamicos \u2013 Apresenta\u00e7\u00e3o.&nbsp;Rio de Janeiro, 2008.<\/p>\n\n\n\n<p>FRAN\u00c7A, J.L. Manual para normaliza\u00e7\u00e3o de publica\u00e7\u00f5es t\u00e9cnico-cient\u00edficas. 3\u00b0ed. Belo Horizonte: Ed. UFMG, 2004 191p.<\/p>\n\n\n\n<p>MULLER, M.S., CORNELSEN, J.M. Normas e Padr\u00f5es para Teses, Disserta\u00e7\u00f5es e Monografias. 3\u00b0ed, Londrina, Editora UEL, 2009.<\/p>\n\n\n\n<p>POLKE, Ana Maria Andrade Athayde. Pesquisa Bibliogr\u00e1fica. Elementos de Metodologia. Revista da Escola de Biblioteconomia da UFMG, Belo&nbsp;Horizonte, v.1, n.1, p.43-54, mar.\/set. 2007.<\/p>\n\n\n\n<p>SALOM\u00d3N, D.V. Como fazer uma monografia. Elementos de metodologia de trabalho cient\u00edfico. 5\u00b0 ed, Belo Horizonte, Interlivros, 2006.<\/p>\n\n\n\n<p>SLEUTJES, M. H.S.C.; BARREIROS, E.L. Introdu\u00e7\u00e3o \u00e0 pesquisa bibliogr\u00e1fica.&nbsp;Rio de Janeiro: Imprensa Universit\u00e1ria, 2003. 30p.<\/p>\n\n\n\n<p>UNIVERSIDADE FEDERAL DO PARAN\u00c1. SISTEMA DE BIBLIOTECAS. Normas para apresenta\u00e7\u00e3o de documentos cient\u00edficos. Parte 1- Livros&nbsp;e Folhetos. 3\u00b0 ed. Curitiba: Ed. Da UFPR: Governo do Estado do Paran\u00e1, 2004. 43p.<\/p>\n","protected":false},"excerpt":{"rendered":"<p>Metodologia da Pesquisa \u2013 2STA159 Carga Hor\u00e1ria: 45&nbsp;&nbsp;Cr\u00e9ditos: 3 Ementa: M\u00e9todos e t\u00e9cnicas de pesquisa bibliogr\u00e1fica e de elabora\u00e7\u00e3o de trabalhos cient\u00edficos. Bibliografia: BUNGE, M. Ci\u00eancia e Desenvolvimento. Tradu\u00e7\u00e3o \u2013 Cl\u00e1udia R. Junqueira, S\u00e3o Paulo, EDUSP, 2003. CASTRO, C.M. A Pr\u00e1tica da Pesquisa. S\u00e3o Paulo, McGraw-Hill do Brasil, 2001. FACHIN, O. Fundamentos de Metodologia. S\u00e3o [&hellip;]<\/p>\n","protected":false},"author":11,"featured_media":0,"parent":13,"menu_order":0,"comment_status":"closed","ping_status":"closed","template":"","meta":{"_acf_changed":false,"footnotes":""},"class_list":["post-220","page","type-page","status-publish","hentry"],"acf":[],"_links":{"self":[{"href":"https:\/\/pos.uel.br\/mestradoclinicasveterinarias\/wp-json\/wp\/v2\/pages\/220","targetHints":{"allow":["GET"]}}],"collection":[{"href":"https:\/\/pos.uel.br\/mestradoclinicasveterinarias\/wp-json\/wp\/v2\/pages"}],"about":[{"href":"https:\/\/pos.uel.br\/mestradoclinicasveterinarias\/wp-json\/wp\/v2\/types\/page"}],"author":[{"embeddable":true,"href":"https:\/\/pos.uel.br\/mestradoclinicasveterinarias\/wp-json\/wp\/v2\/users\/11"}],"replies":[{"embeddable":true,"href":"https:\/\/pos.uel.br\/mestradoclinicasveterinarias\/wp-json\/wp\/v2\/comments?post=220"}],"version-history":[{"count":3,"href":"https:\/\/pos.uel.br\/mestradoclinicasveterinarias\/wp-json\/wp\/v2\/pages\/220\/revisions"}],"predecessor-version":[{"id":783,"href":"https:\/\/pos.uel.br\/mestradoclinicasveterinarias\/wp-json\/wp\/v2\/pages\/220\/revisions\/783"}],"up":[{"embeddable":true,"href":"https:\/\/pos.uel.br\/mestradoclinicasveterinarias\/wp-json\/wp\/v2\/pages\/13"}],"wp:attachment":[{"href":"https:\/\/pos.uel.br\/mestradoclinicasveterinarias\/wp-json\/wp\/v2\/media?parent=220"}],"curies":[{"name":"wp","href":"https:\/\/api.w.org\/{rel}","templated":true}]}}