{"id":136,"date":"2024-01-05T19:41:35","date_gmt":"2024-01-05T22:41:35","guid":{"rendered":"https:\/\/pos.uel.br\/mestradoclinicasveterinarias\/?page_id=136"},"modified":"2024-02-18T18:49:35","modified_gmt":"2024-02-18T21:49:35","slug":"corpo-discente","status":"publish","type":"page","link":"https:\/\/pos.uel.br\/mestradoclinicasveterinarias\/corpo-discente\/","title":{"rendered":"Corpo Discente"},"content":{"rendered":"\n<p><\/p>\n\n\n\n<p><strong>Turma 2024<\/strong><\/p>\n\n\n\n<p>1. ALINE NOCHI BERTO<\/p>\n\n\n\n<p>2. ALISON RAFAEL FOGLIARINI LISB\u00d4A <\/p>\n\n\n\n<p>3. \u00c9RIKA FERNANDES LOPES MATURAN <\/p>\n\n\n\n<p>4. FILIPE LUIZ MIRANDA AZOIA <\/p>\n\n\n\n<p>5. JULIAN ANDRADE SANTOS <\/p>\n\n\n\n<p>6. K\u00c1CIO EM\u00cdLIO BORGES BAIERLE <\/p>\n\n\n\n<p>7. LUIZ FELLIPE CASIMIRO CIOFFI <\/p>\n\n\n\n<p>8. MARINA SCUDELLER LOPES <\/p>\n\n\n\n<p>9. NATALIE STEPHANIE DA SILVA <\/p>\n\n\n\n<p>10. SAMARA KOLODA CRISTINO MALTA <\/p>\n\n\n\n<p>11. TAINARA DE OLIVEIRA MARTINS<\/p>\n\n\n\n<p><strong>Turma 2023<\/strong><\/p>\n\n\n\n<ul class=\"wp-block-list\">\n<li>ANA PAULA BINA DA SILVEIRA<\/li>\n\n\n\n<li>ARIANA PATRICIA SIGNORI<\/li>\n\n\n\n<li>DENISE RODRIGUES LIMA<\/li>\n\n\n\n<li>HENRIQUE DE OLIVEIRA DORTH<\/li>\n\n\n\n<li>HEITOR VICTOR LUCATELI<\/li>\n\n\n\n<li>JO\u00c3O MARCOS DAS NEVES<\/li>\n\n\n\n<li>JURANDIR DE MOURA JUNIOR<\/li>\n\n\n\n<li>MARIANA HIDEMI TANNO<\/li>\n\n\n\n<li>RAFAEL SACONATTO<\/li>\n\n\n\n<li>TAYANE ALMEIDA VERDELLI<\/li>\n\n\n\n<li>VICTOR CRESTANA RABELLO<\/li>\n<\/ul>\n\n\n\n<p><strong>Turma 2022<\/strong><\/p>\n\n\n\n<ul class=\"wp-block-list\">\n<li>ANDR\u00c9 ANTUNES SALLA ROSA<\/li>\n\n\n\n<li>ANDR\u00c9 IURCHIAG IACUZIO<\/li>\n\n\n\n<li>AMANDA GARCIA YOUSSEF<\/li>\n\n\n\n<li>ANA CAROLINA BERGAMO BENTEO<\/li>\n\n\n\n<li>BRUNO DOS SANTOS GUSM\u00c3O<\/li>\n\n\n\n<li>DANIELLE CRISTINA DE ARA\u00daJO BARBOSA<\/li>\n\n\n\n<li>ESTHER ALBANO PIANTAVINI PINHEIRO<\/li>\n\n\n\n<li>GABRIELA ALEXANDRE STEVANATO<\/li>\n\n\n\n<li>H\u00c9LLEN MARIA LAMAR NISHIMURA<\/li>\n\n\n\n<li>JULIA VIANA DE OLIVEIRA<\/li>\n\n\n\n<li>LARYSSA EVELLYN RODRIGUES<\/li>\n\n\n\n<li>LUCAS ANTONIO CANESIN DE OLIVEIRA<\/li>\n\n\n\n<li>MARIA LAURA PIMENTEL FREIRE<\/li>\n\n\n\n<li>MARCELO EDUARDO COSTA<\/li>\n\n\n\n<li>NATHALIA MOTTA BRAGA<\/li>\n\n\n\n<li>RAFAEL SEI\u00c7A GON\u00c7ALVES DE MACENA<\/li>\n<\/ul>\n\n\n\n<p><strong>Turma 2021<\/strong><\/p>\n\n\n\n<ul class=\"wp-block-list\">\n<li>Andressa Guidugli Lindquist<\/li>\n\n\n\n<li>Camila da Costa Gomes<\/li>\n\n\n\n<li>Dayne Loraine Hedler<\/li>\n\n\n\n<li>Eduardo Ant\u00f4nio Almeida Rossignolo<\/li>\n\n\n\n<li>Helena Alonso Panho<\/li>\n\n\n\n<li>Hellyend Silva Silveira Lustosa<\/li>\n\n\n\n<li>Isabela Regina de Oliveira Hon\u00f3rio<\/li>\n\n\n\n<li>J\u00e9ssica Chagas Domingues Menck<\/li>\n\n\n\n<li>J\u00e9ssica Viegas Bernardo<\/li>\n\n\n\n<li>Leonardo Oliveira Lopes Silva<\/li>\n\n\n\n<li>Let\u00edcia Arenhardt Tomaz da Costa<\/li>\n\n\n\n<li>Lucas Zemuner Berzotti<\/li>\n\n\n\n<li>Lu\u00eds Bortolassi Junior<\/li>\n\n\n\n<li>Patr\u00edcia Rodrigues Correia<\/li>\n\n\n\n<li>Rafael Batatinha Rocha<\/li>\n\n\n\n<li>Randal Francisco de Freitas Lourensao<\/li>\n\n\n\n<li>Talita de Campos Melo<\/li>\n\n\n\n<li>Wandinalva da Silva Teixeira Costa<\/li>\n<\/ul>\n\n\n\n<p><strong>Turma 2020<\/strong><\/p>\n\n\n\n<ul class=\"wp-block-list\">\n<li>Aline Nochi Berto<\/li>\n\n\n\n<li>Ana Paula Enrique de Oliveira<\/li>\n\n\n\n<li>Ana Paula Horn<\/li>\n\n\n\n<li>Daniela da Silva Camargo<\/li>\n\n\n\n<li>Fabr\u00edcio Zoliani de Araujo<\/li>\n\n\n\n<li>Gabriela Let\u00edcia Fernandes Moura<\/li>\n\n\n\n<li>Giuliano Souza Mendon\u00e7a de Araujo<\/li>\n\n\n\n<li>J\u00e9ssica Justino de Oliveira<\/li>\n\n\n\n<li>Juliana Talita Lima das Merc\u00eas<\/li>\n\n\n\n<li>Kaique Marques Rodrigues dos Passos<\/li>\n\n\n\n<li>Leonardo Matheus Jagelski Rosina<\/li>\n\n\n\n<li>Leonardo Sauer<\/li>\n\n\n\n<li>Mariana Micheleto<\/li>\n\n\n\n<li>M\u00e1rio Mady Barbosa<\/li>\n\n\n\n<li>Matheus Cruz Silva<\/li>\n<\/ul>\n\n\n\n<p><strong>Turma 2019<\/strong><\/p>\n\n\n\n<ul class=\"wp-block-list\">\n<li>Allison Maldonado<\/li>\n\n\n\n<li>Ang\u00e9lica Rodrigues de Amorim<\/li>\n\n\n\n<li>Bruna Ariane Soares Ribeiro<\/li>\n\n\n\n<li>Cl\u00e1udio Cordeiro da Silva Filho<\/li>\n\n\n\n<li>Felipe Cincerre Pipoli<\/li>\n\n\n\n<li>Giovana Peregini Piccirilli<\/li>\n\n\n\n<li>Giovanna Caroline Galo Martins<\/li>\n\n\n\n<li>Isabella Pissinati Marzolla<\/li>\n\n\n\n<li>J\u00e9ssica Lucilene Cantarini Buchini<\/li>\n\n\n\n<li>Jo\u00e3o Paulo Mendes Lollato<\/li>\n\n\n\n<li>Juliana Stein Barbosa<\/li>\n\n\n\n<li>Loraine In\u00eas Fernandes Schmitt<\/li>\n\n\n\n<li>Luan Carlos Lopes de Souza<\/li>\n\n\n\n<li>Marcela Bortoleto Cerezetti<\/li>\n\n\n\n<li>Mirella Tomaz Soares<\/li>\n\n\n\n<li>Talyson Jean Alves Schitkoski<\/li>\n\n\n\n<li>Vanessa Yoshida Okamura<\/li>\n\n\n\n<li>Vinicius Aquiles Gomes Zamboni<\/li>\n<\/ul>\n\n\n\n<p><strong>Turma 2018<\/strong><\/p>\n\n\n\n<ul class=\"wp-block-list\">\n<li>Alan Passador da Silva<\/li>\n\n\n\n<li>Bruna Cenci Ortiz<\/li>\n\n\n\n<li>Bruno Ambrozini<\/li>\n\n\n\n<li>Camila Lima Rosa<\/li>\n\n\n\n<li>Giordanna Lourdes Zani<\/li>\n\n\n\n<li>Isabelle Sumu Azuma Ikeda&nbsp;<\/li>\n\n\n\n<li>Juliana Veloso de Linhares<\/li>\n\n\n\n<li>Jussana Franco Delgado<\/li>\n\n\n\n<li>Marcelo Favoretto de Oliveira&nbsp;<\/li>\n\n\n\n<li>Maria Gabriela Martins da Silva<\/li>\n\n\n\n<li>Maria Vict\u00f3ria de Luca Delgado Alves&nbsp;<\/li>\n\n\n\n<li>Marina Prazeres Moreira<\/li>\n\n\n\n<li>Ricardo Erotildes Barboza<\/li>\n\n\n\n<li>Rodrigo de Oliveira Marques<\/li>\n\n\n\n<li>Thom\u00e1s Ribeiro Rosa<\/li>\n<\/ul>\n\n\n\n<p><strong>Turma 2017<\/strong><\/p>\n\n\n\n<ul class=\"wp-block-list\">\n<li>Ana Elo\u00edsa Raviolo<\/li>\n\n\n\n<li>Bianca Greg\u00f3rio de Souza<\/li>\n\n\n\n<li>Caroline Cella Geron<\/li>\n\n\n\n<li>Cassiano Kahlow&nbsp;<\/li>\n\n\n\n<li>C\u00ednthia Peres Camilo&nbsp;<\/li>\n\n\n\n<li>Daniele Fink Zanette<\/li>\n\n\n\n<li>Diego Dare da Silva<\/li>\n\n\n\n<li>Dienifer Graice Galindo<\/li>\n\n\n\n<li>Gabriela Rebou\u00e7as Milani Cecci<\/li>\n\n\n\n<li>Giovana Stipp Balarin<\/li>\n\n\n\n<li>Maicon Alan Paiva dos Santos<\/li>\n\n\n\n<li>Maria Eduarda Scheel Bomtempo<\/li>\n\n\n\n<li>Marleth Nunes da Costa<\/li>\n\n\n\n<li>Pauline Sperka de Souza<\/li>\n\n\n\n<li>Rafael Gon\u00e7alves Dias<\/li>\n\n\n\n<li>Rodrigo Ren\u00e9 Jorquera Tormen<\/li>\n<\/ul>\n\n\n\n<p><strong>Turma 2016.2<\/strong><strong>&nbsp;<\/strong><\/p>\n\n\n\n<ul class=\"wp-block-list\">\n<li>Ana Lucia Yoshida<\/li>\n\n\n\n<li>Cristiane Nakahata da Silva Coelho<\/li>\n\n\n\n<li>Debora Helena Vitorino<\/li>\n\n\n\n<li>Fernanda de Lemos Macena Gon\u00e7alves<\/li>\n\n\n\n<li>Fl\u00e1via Nesi Maria<\/li>\n\n\n\n<li>Gabriela Maria Benedetti Vasques<\/li>\n\n\n\n<li>George Henrique Gon\u00e7alves<\/li>\n\n\n\n<li>Jos\u00e9 Henrique Ayres Dias<\/li>\n\n\n\n<li>P\u00e2mela Cristina dos Santos Sakata<\/li>\n<\/ul>\n\n\n\n<p><strong>Turma 2016.1<\/strong><\/p>\n\n\n\n<ul class=\"wp-block-list\">\n<li>Ana Carolina Pereira<\/li>\n\n\n\n<li>Andr\u00e9 Tobias Marques de Mattos<\/li>\n\n\n\n<li>Carolina Grecco Grano B.<\/li>\n\n\n\n<li>Edson Sanio Sim\u00f5es<\/li>\n\n\n\n<li>Emmanuel Carvalho Oliveira<\/li>\n\n\n\n<li>Marcelo Soares<\/li>\n\n\n\n<li>Mirela dos Santos Dizero Lopes<\/li>\n\n\n\n<li>Rodrigo de Oliveira Mattosinho<\/li>\n\n\n\n<li>Rubiane Caroline Lopes de Souza<\/li>\n\n\n\n<li>Thiago Guerreiro Teixeira&nbsp;<\/li>\n\n\n\n<li>Vinicius Machado Bercini<\/li>\n<\/ul>\n\n\n\n<p><strong>Turma 2015.2<\/strong><\/p>\n\n\n\n<ul class=\"wp-block-list\">\n<li>Jo\u00e3o Manoel da Silva<\/li>\n\n\n\n<li>Michelle Campano de Souza<\/li>\n\n\n\n<li>Rafael Gomes e Souza de Barros<\/li>\n\n\n\n<li>Rayane Sol Amaral Silva Sgarbossa<\/li>\n<\/ul>\n\n\n\n<p><strong>Turma 2015.1<\/strong><\/p>\n\n\n\n<ul class=\"wp-block-list\">\n<li>Cristiane Azanha de Carvalho<\/li>\n\n\n\n<li>Daniela Bortoli Becegatto<\/li>\n\n\n\n<li>Davi Corr\u00eaa de Almeida<\/li>\n\n\n\n<li>Elaine Erundina Rodrigues Prado<\/li>\n\n\n\n<li>Izabelle Galiardo Garcia<\/li>\n\n\n\n<li>Keila Pereira Catelli Guilherme<\/li>\n\n\n\n<li>Licia Maria Said de Lavor<\/li>\n\n\n\n<li>Lucas Mill\u00e9o Scorsim<\/li>\n\n\n\n<li>Luisa Padovani<\/li>\n\n\n\n<li>Marcela Cristina Gon\u00e7alves Carvalho<\/li>\n\n\n\n<li>Marcelo de Carvalho Marques<\/li>\n\n\n\n<li>Mayara Camuri Teixeira Lopes<\/li>\n\n\n\n<li>Paola Gisela Carvalho Santos<\/li>\n\n\n\n<li>Rafael Pallone Favretto<\/li>\n\n\n\n<li>Thiago Cesar Ferreira Freire<\/li>\n\n\n\n<li>Val\u00e9ria Medina Camprigher<\/li>\n<\/ul>\n\n\n\n<p><strong>Turma 2014<\/strong><\/p>\n\n\n\n<ul class=\"wp-block-list\">\n<li>Alexandre Lobo Blanco<\/li>\n\n\n\n<li>Ana Paula Moller Policeno Antonio<\/li>\n\n\n\n<li>Arnaldo Sotero Luz e Souza<\/li>\n\n\n\n<li>Caio Ribeiro Coutinho<\/li>\n\n\n\n<li>Daniela Fernanda de Mello Alves Rodrigues<\/li>\n\n\n\n<li>Douglas Alexandre Arag\u00e3o<\/li>\n\n\n\n<li>Eduardo Yudi Hashizume<\/li>\n\n\n\n<li>Juliane Moreira<\/li>\n\n\n\n<li>Leila Isono Pereira<\/li>\n\n\n\n<li>Rafael Rovaris Pinheiro<\/li>\n<\/ul>\n","protected":false},"excerpt":{"rendered":"<p>Turma 2024 1. ALINE NOCHI BERTO 2. ALISON RAFAEL FOGLIARINI LISB\u00d4A 3. \u00c9RIKA FERNANDES LOPES MATURAN 4. FILIPE LUIZ MIRANDA AZOIA 5. JULIAN ANDRADE SANTOS 6. K\u00c1CIO EM\u00cdLIO BORGES BAIERLE 7. LUIZ FELLIPE CASIMIRO CIOFFI 8. MARINA SCUDELLER LOPES 9. NATALIE STEPHANIE DA SILVA 10. SAMARA KOLODA CRISTINO MALTA 11. TAINARA DE OLIVEIRA MARTINS Turma [&hellip;]<\/p>\n","protected":false},"author":11,"featured_media":0,"parent":0,"menu_order":0,"comment_status":"closed","ping_status":"closed","template":"","meta":{"_acf_changed":false,"footnotes":""},"class_list":["post-136","page","type-page","status-publish","hentry"],"acf":[],"_links":{"self":[{"href":"https:\/\/pos.uel.br\/mestradoclinicasveterinarias\/wp-json\/wp\/v2\/pages\/136","targetHints":{"allow":["GET"]}}],"collection":[{"href":"https:\/\/pos.uel.br\/mestradoclinicasveterinarias\/wp-json\/wp\/v2\/pages"}],"about":[{"href":"https:\/\/pos.uel.br\/mestradoclinicasveterinarias\/wp-json\/wp\/v2\/types\/page"}],"author":[{"embeddable":true,"href":"https:\/\/pos.uel.br\/mestradoclinicasveterinarias\/wp-json\/wp\/v2\/users\/11"}],"replies":[{"embeddable":true,"href":"https:\/\/pos.uel.br\/mestradoclinicasveterinarias\/wp-json\/wp\/v2\/comments?post=136"}],"version-history":[{"count":3,"href":"https:\/\/pos.uel.br\/mestradoclinicasveterinarias\/wp-json\/wp\/v2\/pages\/136\/revisions"}],"predecessor-version":[{"id":377,"href":"https:\/\/pos.uel.br\/mestradoclinicasveterinarias\/wp-json\/wp\/v2\/pages\/136\/revisions\/377"}],"wp:attachment":[{"href":"https:\/\/pos.uel.br\/mestradoclinicasveterinarias\/wp-json\/wp\/v2\/media?parent=136"}],"curies":[{"name":"wp","href":"https:\/\/api.w.org\/{rel}","templated":true}]}}