{"id":548,"date":"2026-02-10T10:06:36","date_gmt":"2026-02-10T13:06:36","guid":{"rendered":"https:\/\/pos.uel.br\/meel\/?page_id=548"},"modified":"2026-03-30T16:45:19","modified_gmt":"2026-03-30T19:45:19","slug":"mural","status":"publish","type":"page","link":"https:\/\/pos.uel.br\/meel\/mural\/","title":{"rendered":"Mural"},"content":{"rendered":"\n<div id=\"wp-block-themeisle-blocks-accordion-85a4b218\" class=\"wp-block-themeisle-blocks-accordion exclusive\">\n<details class=\"wp-block-themeisle-blocks-accordion-item\"><summary class=\"wp-block-themeisle-blocks-accordion-item__title\"><div><strong>Pedido de isen\u00e7\u00e3o<\/strong><\/div><\/summary><div class=\"wp-block-themeisle-blocks-accordion-item__content\">\n<p><strong>ATEN\u00c7\u00c3O!<\/strong>&nbsp;Para solicitar o pedido de isen\u00e7\u00e3o da taxa de inscri\u00e7\u00e3o pelo Cadastro \u00danico no processo seletivo 2026-2S, favor acessar o link <a href=\"http:\/\/www.uel.br\/eventos\/sigec\/?id=11805\">aqui<\/a><\/p>\n<\/div><\/details>\n\n\n\n<details class=\"wp-block-themeisle-blocks-accordion-item\"><summary class=\"wp-block-themeisle-blocks-accordion-item__title\"><div><strong>Hor\u00e1rio 2026\/2<\/strong><\/div><\/summary><div class=\"wp-block-themeisle-blocks-accordion-item__content\">\n<p>Hor\u00e1rio das disciplinas a serem ofertadas no 2\u00ba Semestre 2026:<\/p>\n\n\n\n<p><a href=\"https:\/\/pos.uel.br\/meel\/wp-content\/uploads\/2026\/03\/2026-2S-HORARIO_DE_AULA_assinado-1.pdf\">https:\/\/pos.uel.br\/meel\/wp-content\/uploads\/2026\/03\/2026-2S-HORARIO_DE_AULA_assinado-1.pdf<\/a><\/p>\n<\/div><\/details>\n\n\n\n<details class=\"wp-block-themeisle-blocks-accordion-item\"><summary class=\"wp-block-themeisle-blocks-accordion-item__title\"><div><strong>Defesa de Mestrado<\/strong> &#8211; \u00cdTALO STRESSER DOS SANTOS<\/div><\/summary><div class=\"wp-block-themeisle-blocks-accordion-item__content\">\n<p>Convidamos a todos para a Banca de Defesa do Mestrado em Engenharia El\u00e9trica <\/p>\n\n\n\n<p>T\u00edtulo: INSPE\u00c7\u00c3O AUTOMATIZADA DE EQUIPAMENTOS DE PROTE\u00c7\u00c3O INDIVIDUAL BASEADA EM VIS\u00c3O COMPUTACIONAL<\/p>\n\n\n\n<p>Estudante: \u00cdTALO STRESSER DOS SANTOS<\/p>\n\n\n\n<p>Orientadora: Profa. Dra. Maria Bernadete de Morais Fran\u00e7a<\/p>\n\n\n\n<p>Data: 26\/02\/2026<\/p>\n\n\n\n<p>Hor\u00e1rio: 14h<\/p>\n\n\n\n<p>Local: Sala de Teleconfer\u00eancias 1<\/p>\n<\/div><\/details>\n\n\n\n<details class=\"wp-block-themeisle-blocks-accordion-item\"><summary class=\"wp-block-themeisle-blocks-accordion-item__title\"><div><strong>Hor\u00e1rio 2026\/1<\/strong><\/div><\/summary><div class=\"wp-block-themeisle-blocks-accordion-item__content\">\n<p>Hor\u00e1rio das disciplinas a serem ofertadas no 1\u00ba Semestre 2026:<\/p>\n\n\n\n<div data-wp-interactive=\"core\/file\" class=\"wp-block-file\"><object data-wp-bind--hidden=\"!state.hasPdfPreview\" hidden class=\"wp-block-file__embed\" data=\"https:\/\/pos.uel.br\/meel\/wp-content\/uploads\/2026\/02\/2026-1S-HORARIO-DE-AULA.docx.pdf\" type=\"application\/pdf\" style=\"width:100%;height:600px\" aria-label=\"Incorporado de 2026-1S-HORARIO DE AULA.docx.\"><\/object><a id=\"wp-block-file--media-e7046140-57bb-4d60-8e0e-1d07a0c8a89e\" href=\"https:\/\/pos.uel.br\/meel\/wp-content\/uploads\/2026\/02\/2026-1S-HORARIO-DE-AULA.docx.pdf\">2026-1S-HORARIO DE AULA.docx<\/a><a href=\"https:\/\/pos.uel.br\/meel\/wp-content\/uploads\/2026\/02\/2026-1S-HORARIO-DE-AULA.docx.pdf\" class=\"wp-block-file__button wp-element-button\" download aria-describedby=\"wp-block-file--media-e7046140-57bb-4d60-8e0e-1d07a0c8a89e\">Baixar<\/a><\/div>\n<\/div><\/details>\n<\/div>\n\n\n\n<div id=\"wp-block-themeisle-blocks-accordion-dc0a290e\" class=\"wp-block-themeisle-blocks-accordion exclusive\"><\/div>\n\n\n\n<p><\/p>\n","protected":false},"excerpt":{"rendered":"","protected":false},"author":10,"featured_media":0,"parent":0,"menu_order":0,"comment_status":"closed","ping_status":"closed","template":"","meta":{"_acf_changed":false,"_themeisle_gutenberg_block_has_review":false,"footnotes":""},"class_list":["post-548","page","type-page","status-publish","hentry"],"acf":[],"_links":{"self":[{"href":"https:\/\/pos.uel.br\/meel\/wp-json\/wp\/v2\/pages\/548","targetHints":{"allow":["GET"]}}],"collection":[{"href":"https:\/\/pos.uel.br\/meel\/wp-json\/wp\/v2\/pages"}],"about":[{"href":"https:\/\/pos.uel.br\/meel\/wp-json\/wp\/v2\/types\/page"}],"author":[{"embeddable":true,"href":"https:\/\/pos.uel.br\/meel\/wp-json\/wp\/v2\/users\/10"}],"replies":[{"embeddable":true,"href":"https:\/\/pos.uel.br\/meel\/wp-json\/wp\/v2\/comments?post=548"}],"version-history":[{"count":12,"href":"https:\/\/pos.uel.br\/meel\/wp-json\/wp\/v2\/pages\/548\/revisions"}],"predecessor-version":[{"id":643,"href":"https:\/\/pos.uel.br\/meel\/wp-json\/wp\/v2\/pages\/548\/revisions\/643"}],"wp:attachment":[{"href":"https:\/\/pos.uel.br\/meel\/wp-json\/wp\/v2\/media?parent=548"}],"curies":[{"name":"wp","href":"https:\/\/api.w.org\/{rel}","templated":true}]}}

<div id="wp-block-themeisle-blocks-accordion-85a4b218" class="wp-block-themeisle-blocks-accordion exclusive">
<details class="wp-block-themeisle-blocks-accordion-item"><summary class="wp-block-themeisle-blocks-accordion-item__title"><div><strong>Pedido de isenção</strong></div></summary><div class="wp-block-themeisle-blocks-accordion-item__content">
<p><strong>ATENÇÃO!</strong>&nbsp;Para solicitar o pedido de isenção da taxa de inscrição pelo Cadastro Único no processo seletivo 2026-2S, favor acessar o link <a href="http://www.uel.br/eventos/sigec/?id=11805">aqui</a></p>
</div></details>



<details class="wp-block-themeisle-blocks-accordion-item"><summary class="wp-block-themeisle-blocks-accordion-item__title"><div><strong>Horário 2026/2</strong></div></summary><div class="wp-block-themeisle-blocks-accordion-item__content">
<p>Horário das disciplinas a serem ofertadas no 2º Semestre 2026:</p>



<p><a href="https://pos.uel.br/meel/wp-content/uploads/2026/03/2026-2S-HORARIO_DE_AULA_assinado-1.pdf">https://pos.uel.br/meel/wp-content/uploads/2026/03/2026-2S-HORARIO_DE_AULA_assinado-1.pdf</a></p>
</div></details>



<details class="wp-block-themeisle-blocks-accordion-item"><summary class="wp-block-themeisle-blocks-accordion-item__title"><div><strong>Defesa de Mestrado</strong> &#8211; ÍTALO STRESSER DOS SANTOS</div></summary><div class="wp-block-themeisle-blocks-accordion-item__content">
<p>Convidamos a todos para a Banca de Defesa do Mestrado em Engenharia Elétrica </p>



<p>Título: INSPEÇÃO AUTOMATIZADA DE EQUIPAMENTOS DE PROTEÇÃO INDIVIDUAL BASEADA EM VISÃO COMPUTACIONAL</p>



<p>Estudante: ÍTALO STRESSER DOS SANTOS</p>



<p>Orientadora: Profa. Dra. Maria Bernadete de Morais França</p>



<p>Data: 26/02/2026</p>



<p>Horário: 14h</p>



<p>Local: Sala de Teleconferências 1</p>
</div></details>



<details class="wp-block-themeisle-blocks-accordion-item"><summary class="wp-block-themeisle-blocks-accordion-item__title"><div><strong>Horário 2026/1</strong></div></summary><div class="wp-block-themeisle-blocks-accordion-item__content">
<p>Horário das disciplinas a serem ofertadas no 1º Semestre 2026:</p>



<div data-wp-interactive="core/file" class="wp-block-file"><object data-wp-bind--hidden="!state.hasPdfPreview" hidden class="wp-block-file__embed" data="https://pos.uel.br/meel/wp-content/uploads/2026/02/2026-1S-HORARIO-DE-AULA.docx.pdf" type="application/pdf" style="width:100%;height:600px" aria-label="Incorporado de 2026-1S-HORARIO DE AULA.docx."></object><a id="wp-block-file--media-e7046140-57bb-4d60-8e0e-1d07a0c8a89e" href="https://pos.uel.br/meel/wp-content/uploads/2026/02/2026-1S-HORARIO-DE-AULA.docx.pdf">2026-1S-HORARIO DE AULA.docx</a><a href="https://pos.uel.br/meel/wp-content/uploads/2026/02/2026-1S-HORARIO-DE-AULA.docx.pdf" class="wp-block-file__button wp-element-button" download aria-describedby="wp-block-file--media-e7046140-57bb-4d60-8e0e-1d07a0c8a89e">Baixar</a></div>
</div></details>
</div>



<div id="wp-block-themeisle-blocks-accordion-dc0a290e" class="wp-block-themeisle-blocks-accordion exclusive"></div>



<p></p>
