{"id":757,"date":"2025-07-14T14:49:59","date_gmt":"2025-07-14T17:49:59","guid":{"rendered":"https:\/\/pos.uel.br\/mbagpro\/?page_id=757"},"modified":"2026-01-14T08:38:12","modified_gmt":"2026-01-14T11:38:12","slug":"corpo-docente","status":"publish","type":"page","link":"https:\/\/pos.uel.br\/mbagpro\/corpo-docente\/","title":{"rendered":"Corpo Docente"},"content":{"rendered":"\n<figure class=\"wp-block-table is-style-stripes has-small-font-size\"><table class=\"has-fixed-layout\"><tbody><tr><td><strong>Professor<\/strong><\/td><td><strong>Titula\u00e7\u00e3o<\/strong><\/td><td><strong>Institui\u00e7\u00e3o<\/strong><\/td><td><strong>Departamento<\/strong><\/td><\/tr><tr><td>Ana Paula Murakawa<\/td><td>Especialista<\/td><td>ISAE\/FGV<\/td><td>Convidada<\/td><\/tr><tr><td>Ana Paula Perfetto Demarchi<\/td><td>Doutorado<\/td><td>UEL<\/td><td>Design<\/td><\/tr><tr><td>Eduardo Augusto do Ros\u00e1rio Contani<\/td><td>Doutorado<\/td><td>UEL<\/td><td>Administra\u00e7\u00e3o<\/td><\/tr><tr><td>Elaine Maria dos Santos<\/td><td>Doutorado<\/td><td>UEL<\/td><td>Administra\u00e7\u00e3o<\/td><\/tr><tr><td>Federico Natalio Madkur<\/td><td>Doutorando<\/td><td>UEL<\/td><td>Administra\u00e7\u00e3o<\/td><\/tr><tr><td>Fernando Kaname Westphal<\/td><td>Doutorado<\/td><td>UEL<\/td><td>Administra\u00e7\u00e3o<\/td><\/tr><tr><td>Jo\u00e3o Luiz Gilberto de Carvalho<\/td><td>Doutorado<\/td><td>UEL<\/td><td>Administra\u00e7\u00e3o<\/td><\/tr><tr><td>Luiz Fernando Nunes<\/td><td>Doutorando<\/td><td>SENAI\/UNIFIL<\/td><td>Convidado<\/td><\/tr><tr><td>Marcelo Pereira da Silva<\/td><td>Mestrado<\/td><td>Instituto Senai de TIC<\/td><td>Convidado<\/td><\/tr><tr><td>Maury Nelson Antunes de Melo<\/td><td>Doutorado<\/td><td>PUC\/PR<\/td><td>Convidado<\/td><\/tr><tr><td>Paulo Henrique Maravieski Brambilla<\/td><td>Mestrado<\/td><td>PUC\/PR<\/td><td>Convidado<\/td><\/tr><tr><td>Rodolfo Miranda de Barros<\/td><td>Doutorado<\/td><td>UEL<\/td><td>Computa\u00e7\u00e3o<\/td><\/tr><tr><td>Thiago Spiri Ferreira<\/td><td>Doutorando<\/td><td>UEL<\/td><td>Administra\u00e7\u00e3o<\/td><\/tr><tr><td>Valdete de Olivera Mrtvi<\/td><td>Doutorado<\/td><td>UEL<\/td><td>Administra\u00e7\u00e3o<\/td><\/tr><\/tbody><\/table><\/figure>\n","protected":false},"excerpt":{"rendered":"<p>Professor Titula\u00e7\u00e3o Institui\u00e7\u00e3o Departamento Ana Paula Murakawa Especialista ISAE\/FGV Convidada Ana Paula Perfetto Demarchi Doutorado UEL Design Eduardo Augusto do Ros\u00e1rio Contani Doutorado UEL Administra\u00e7\u00e3o Elaine Maria dos Santos Doutorado UEL Administra\u00e7\u00e3o Federico Natalio Madkur Doutorando UEL Administra\u00e7\u00e3o Fernando Kaname Westphal Doutorado UEL Administra\u00e7\u00e3o Jo\u00e3o Luiz Gilberto de Carvalho Doutorado UEL Administra\u00e7\u00e3o Luiz Fernando Nunes [&hellip;]<\/p>\n","protected":false},"author":11,"featured_media":0,"parent":0,"menu_order":0,"comment_status":"closed","ping_status":"closed","template":"","meta":{"_acf_changed":false,"_themeisle_gutenberg_block_has_review":false,"footnotes":""},"class_list":["post-757","page","type-page","status-publish","hentry"],"acf":[],"_links":{"self":[{"href":"https:\/\/pos.uel.br\/mbagpro\/wp-json\/wp\/v2\/pages\/757","targetHints":{"allow":["GET"]}}],"collection":[{"href":"https:\/\/pos.uel.br\/mbagpro\/wp-json\/wp\/v2\/pages"}],"about":[{"href":"https:\/\/pos.uel.br\/mbagpro\/wp-json\/wp\/v2\/types\/page"}],"author":[{"embeddable":true,"href":"https:\/\/pos.uel.br\/mbagpro\/wp-json\/wp\/v2\/users\/11"}],"replies":[{"embeddable":true,"href":"https:\/\/pos.uel.br\/mbagpro\/wp-json\/wp\/v2\/comments?post=757"}],"version-history":[{"count":5,"href":"https:\/\/pos.uel.br\/mbagpro\/wp-json\/wp\/v2\/pages\/757\/revisions"}],"predecessor-version":[{"id":842,"href":"https:\/\/pos.uel.br\/mbagpro\/wp-json\/wp\/v2\/pages\/757\/revisions\/842"}],"wp:attachment":[{"href":"https:\/\/pos.uel.br\/mbagpro\/wp-json\/wp\/v2\/media?parent=757"}],"curies":[{"name":"wp","href":"https:\/\/api.w.org\/{rel}","templated":true}]}}

<figure class="wp-block-table is-style-stripes has-small-font-size"><table class="has-fixed-layout"><tbody><tr><td><strong>Professor</strong></td><td><strong>Titulação</strong></td><td><strong>Instituição</strong></td><td><strong>Departamento</strong></td></tr><tr><td>Ana Paula Murakawa</td><td>Especialista</td><td>ISAE/FGV</td><td>Convidada</td></tr><tr><td>Ana Paula Perfetto Demarchi</td><td>Doutorado</td><td>UEL</td><td>Design</td></tr><tr><td>Eduardo Augusto do Rosário Contani</td><td>Doutorado</td><td>UEL</td><td>Administração</td></tr><tr><td>Elaine Maria dos Santos</td><td>Doutorado</td><td>UEL</td><td>Administração</td></tr><tr><td>Federico Natalio Madkur</td><td>Doutorando</td><td>UEL</td><td>Administração</td></tr><tr><td>Fernando Kaname Westphal</td><td>Doutorado</td><td>UEL</td><td>Administração</td></tr><tr><td>João Luiz Gilberto de Carvalho</td><td>Doutorado</td><td>UEL</td><td>Administração</td></tr><tr><td>Luiz Fernando Nunes</td><td>Doutorando</td><td>SENAI/UNIFIL</td><td>Convidado</td></tr><tr><td>Marcelo Pereira da Silva</td><td>Mestrado</td><td>Instituto Senai de TIC</td><td>Convidado</td></tr><tr><td>Maury Nelson Antunes de Melo</td><td>Doutorado</td><td>PUC/PR</td><td>Convidado</td></tr><tr><td>Paulo Henrique Maravieski Brambilla</td><td>Mestrado</td><td>PUC/PR</td><td>Convidado</td></tr><tr><td>Rodolfo Miranda de Barros</td><td>Doutorado</td><td>UEL</td><td>Computação</td></tr><tr><td>Thiago Spiri Ferreira</td><td>Doutorando</td><td>UEL</td><td>Administração</td></tr><tr><td>Valdete de Olivera Mrtvi</td><td>Doutorado</td><td>UEL</td><td>Administração</td></tr></tbody></table></figure>

<p>Professor Titulação Instituição Departamento Ana Paula Murakawa Especialista ISAE/FGV Convidada Ana Paula Perfetto Demarchi Doutorado UEL Design Eduardo Augusto do Rosário Contani Doutorado UEL Administração Elaine Maria dos Santos Doutorado UEL Administração Federico Natalio Madkur Doutorando UEL Administração Fernando Kaname Westphal Doutorado UEL Administração João Luiz Gilberto de Carvalho Doutorado UEL Administração Luiz Fernando Nunes [&hellip;]</p>
