{"id":755,"date":"2025-07-14T14:49:44","date_gmt":"2025-07-14T17:49:44","guid":{"rendered":"https:\/\/pos.uel.br\/mbagpro\/?page_id=755"},"modified":"2025-12-16T15:28:03","modified_gmt":"2025-12-16T18:28:03","slug":"estrutura-curricular","status":"publish","type":"page","link":"https:\/\/pos.uel.br\/mbagpro\/estrutura-curricular\/","title":{"rendered":"Estrutura Curricular"},"content":{"rendered":"\n<p>O Curso ter\u00e1 a dura\u00e7\u00e3o de 420 (quatrocentos e vinte) horas, correspondentes a 28 (vinte e oito) cr\u00e9ditos, a serem desenvolvidos em 3 (tr\u00eas) per\u00edodos letivos.<\/p>\n\n\n\n<figure class=\"wp-block-table is-style-stripes has-small-font-size\"><table class=\"has-fixed-layout\"><tbody><tr><td><strong>C\u00f3digo<\/strong><\/td><td><strong>Disciplinas<\/strong><\/td><td><strong>C.H.<\/strong><\/td><td><strong>Cr\u00e9ditos<\/strong><\/td><td><strong>Departamento<\/strong><\/td><\/tr><tr><td>2ADM568<\/td><td>Fundamentos da gest\u00e3o de projetos<\/td><td>30<\/td><td>2<\/td><td>Administra\u00e7\u00e3o<\/td><\/tr><tr><td>2ADM569<\/td><td>Gest\u00e3o do desenvolvimento de produtos e inova\u00e7\u00e3o<\/td><td>30<\/td><td>2<\/td><td>Administra\u00e7\u00e3o<\/td><\/tr><tr><td>2ADM570<\/td><td>An\u00e1lise de viabilidade de projetos<\/td><td>30<\/td><td>2<\/td><td>Administra\u00e7\u00e3o<\/td><\/tr><tr><td>2ADM571<\/td><td><a>Administra\u00e7\u00e3o estrat\u00e9gica e simula\u00e7\u00e3o gerencial<\/a><\/td><td>30<\/td><td>2<\/td><td>Administra\u00e7\u00e3o<\/td><\/tr><tr><td>2ADM572<\/td><td>Metodologia de pesquisa e projeto de conclus\u00e3o do curso<\/td><td>30<\/td><td>2<\/td><td>Administra\u00e7\u00e3o<\/td><\/tr><tr><td>2COP537<\/td><td><a>Abordagens tradicionais e adaptativas na gest\u00e3o de projetos<\/a><\/td><td>30<\/td><td>2<\/td><td>Computa\u00e7\u00e3o<\/td><\/tr><tr><td>2ADM573<\/td><td>Gest\u00e3o do escopo e da qualidade do projeto<\/td><td>30<\/td><td>2<\/td><td>Administra\u00e7\u00e3o<\/td><\/tr><tr><td>2ADM574<\/td><td>Gest\u00e3o dos recursos e do cronograma do projeto<\/td><td>30<\/td><td>2<\/td><td>Administra\u00e7\u00e3o<\/td><\/tr><tr><td>2ADM575<\/td><td>Gest\u00e3o dos recursos e custos do projeto<\/td><td>30<\/td><td>2<\/td><td>Administra\u00e7\u00e3o<\/td><\/tr><tr><td>2ADM576<\/td><td>Gest\u00e3o de aquisi\u00e7\u00f5es e riscos do projeto<\/td><td>30<\/td><td>2<\/td><td>Administra\u00e7\u00e3o<\/td><\/tr><tr><td>2ADM577<\/td><td>Lideran\u00e7a e carreira na gest\u00e3o de projetos<\/td><td>30<\/td><td>2<\/td><td>Administra\u00e7\u00e3o<\/td><\/tr><tr><td>2ADM578<\/td><td>Gest\u00e3o de stakeholders e equipe de projetos<\/td><td>30<\/td><td>2<\/td><td>Administra\u00e7\u00e3o<\/td><\/tr><tr><td>2DGN254<\/td><td>Comunica\u00e7\u00e3o e Design Thinking<\/td><td>30<\/td><td>2<\/td><td>Design<\/td><\/tr><tr><td>2ADM579<\/td><td>PMO, Gest\u00e3o de portf\u00f3lio e t\u00f3picos especiais<\/td><td>30<\/td><td>2<\/td><td>Administra\u00e7\u00e3o<\/td><\/tr><tr><td>2ADM580<\/td><td>Trabalho de Conclus\u00e3o de Curso de P\u00f3s-Gradua\u00e7\u00e3o<\/td><td>&nbsp;<\/td><td>&nbsp;<\/td><td>&nbsp;<\/td><\/tr><\/tbody><\/table><\/figure>\n\n\n\n<div class=\"wp-block-columns is-layout-flex wp-container-core-columns-is-layout-9d6595d7 wp-block-columns-is-layout-flex\">\n<div class=\"wp-block-column is-layout-flow wp-block-column-is-layout-flow\"><\/div>\n<\/div>\n","protected":false},"excerpt":{"rendered":"<p>O Curso ter\u00e1 a dura\u00e7\u00e3o de 420 (quatrocentos e vinte) horas, correspondentes a 28 (vinte e oito) cr\u00e9ditos, a serem desenvolvidos em 3 (tr\u00eas) per\u00edodos letivos. C\u00f3digo Disciplinas C.H. Cr\u00e9ditos Departamento 2ADM568 Fundamentos da gest\u00e3o de projetos 30 2 Administra\u00e7\u00e3o 2ADM569 Gest\u00e3o do desenvolvimento de produtos e inova\u00e7\u00e3o 30 2 Administra\u00e7\u00e3o 2ADM570 An\u00e1lise de viabilidade [&hellip;]<\/p>\n","protected":false},"author":11,"featured_media":0,"parent":0,"menu_order":0,"comment_status":"closed","ping_status":"closed","template":"","meta":{"_acf_changed":false,"_themeisle_gutenberg_block_has_review":false,"footnotes":""},"class_list":["post-755","page","type-page","status-publish","hentry"],"acf":[],"_links":{"self":[{"href":"https:\/\/pos.uel.br\/mbagpro\/wp-json\/wp\/v2\/pages\/755","targetHints":{"allow":["GET"]}}],"collection":[{"href":"https:\/\/pos.uel.br\/mbagpro\/wp-json\/wp\/v2\/pages"}],"about":[{"href":"https:\/\/pos.uel.br\/mbagpro\/wp-json\/wp\/v2\/types\/page"}],"author":[{"embeddable":true,"href":"https:\/\/pos.uel.br\/mbagpro\/wp-json\/wp\/v2\/users\/11"}],"replies":[{"embeddable":true,"href":"https:\/\/pos.uel.br\/mbagpro\/wp-json\/wp\/v2\/comments?post=755"}],"version-history":[{"count":6,"href":"https:\/\/pos.uel.br\/mbagpro\/wp-json\/wp\/v2\/pages\/755\/revisions"}],"predecessor-version":[{"id":839,"href":"https:\/\/pos.uel.br\/mbagpro\/wp-json\/wp\/v2\/pages\/755\/revisions\/839"}],"wp:attachment":[{"href":"https:\/\/pos.uel.br\/mbagpro\/wp-json\/wp\/v2\/media?parent=755"}],"curies":[{"name":"wp","href":"https:\/\/api.w.org\/{rel}","templated":true}]}}

<p>O Curso terá a duração de 420 (quatrocentos e vinte) horas, correspondentes a 28 (vinte e oito) créditos, a serem desenvolvidos em 3 (três) períodos letivos.</p>



<figure class="wp-block-table is-style-stripes has-small-font-size"><table class="has-fixed-layout"><tbody><tr><td><strong>Código</strong></td><td><strong>Disciplinas</strong></td><td><strong>C.H.</strong></td><td><strong>Créditos</strong></td><td><strong>Departamento</strong></td></tr><tr><td>2ADM568</td><td>Fundamentos da gestão de projetos</td><td>30</td><td>2</td><td>Administração</td></tr><tr><td>2ADM569</td><td>Gestão do desenvolvimento de produtos e inovação</td><td>30</td><td>2</td><td>Administração</td></tr><tr><td>2ADM570</td><td>Análise de viabilidade de projetos</td><td>30</td><td>2</td><td>Administração</td></tr><tr><td>2ADM571</td><td><a>Administração estratégica e simulação gerencial</a></td><td>30</td><td>2</td><td>Administração</td></tr><tr><td>2ADM572</td><td>Metodologia de pesquisa e projeto de conclusão do curso</td><td>30</td><td>2</td><td>Administração</td></tr><tr><td>2COP537</td><td><a>Abordagens tradicionais e adaptativas na gestão de projetos</a></td><td>30</td><td>2</td><td>Computação</td></tr><tr><td>2ADM573</td><td>Gestão do escopo e da qualidade do projeto</td><td>30</td><td>2</td><td>Administração</td></tr><tr><td>2ADM574</td><td>Gestão dos recursos e do cronograma do projeto</td><td>30</td><td>2</td><td>Administração</td></tr><tr><td>2ADM575</td><td>Gestão dos recursos e custos do projeto</td><td>30</td><td>2</td><td>Administração</td></tr><tr><td>2ADM576</td><td>Gestão de aquisições e riscos do projeto</td><td>30</td><td>2</td><td>Administração</td></tr><tr><td>2ADM577</td><td>Liderança e carreira na gestão de projetos</td><td>30</td><td>2</td><td>Administração</td></tr><tr><td>2ADM578</td><td>Gestão de stakeholders e equipe de projetos</td><td>30</td><td>2</td><td>Administração</td></tr><tr><td>2DGN254</td><td>Comunicação e Design Thinking</td><td>30</td><td>2</td><td>Design</td></tr><tr><td>2ADM579</td><td>PMO, Gestão de portfólio e tópicos especiais</td><td>30</td><td>2</td><td>Administração</td></tr><tr><td>2ADM580</td><td>Trabalho de Conclusão de Curso de Pós-Graduação</td><td>&nbsp;</td><td>&nbsp;</td><td>&nbsp;</td></tr></tbody></table></figure>



<div class="wp-block-columns is-layout-flex wp-container-core-columns-is-layout-9d6595d7 wp-block-columns-is-layout-flex">
<div class="wp-block-column is-layout-flow wp-block-column-is-layout-flow"></div>
</div>

<p>O Curso terá a duração de 420 (quatrocentos e vinte) horas, correspondentes a 28 (vinte e oito) créditos, a serem desenvolvidos em 3 (três) períodos letivos. Código Disciplinas C.H. Créditos Departamento 2ADM568 Fundamentos da gestão de projetos 30 2 Administração 2ADM569 Gestão do desenvolvimento de produtos e inovação 30 2 Administração 2ADM570 Análise de viabilidade [&hellip;]</p>
