{"id":746,"date":"2025-07-14T13:48:27","date_gmt":"2025-07-14T16:48:27","guid":{"rendered":"https:\/\/pos.uel.br\/mbagpro\/?page_id=746"},"modified":"2025-10-03T14:56:11","modified_gmt":"2025-10-03T17:56:11","slug":"sobre-o-curso","status":"publish","type":"page","link":"https:\/\/pos.uel.br\/mbagpro\/sobre-o-curso\/","title":{"rendered":"Sobre o curso"},"content":{"rendered":"\n<p><\/p>\n\n\n\n<p class=\"has-primary-accent-color has-text-color has-link-color wp-elements-af84d4d43b2572d127b4e79417a40381\"><strong>OBJETIVOS<\/strong><\/p>\n\n\n\n<div class=\"wp-block-columns is-layout-flex wp-container-core-columns-is-layout-9d6595d7 wp-block-columns-is-layout-flex\">\n<div class=\"wp-block-column is-layout-flow wp-block-column-is-layout-flow\" style=\"flex-basis:66.66%\">\n<p><strong>Gerais:<\/strong><\/p>\n\n\n\n<p>Desenvolver uma vis\u00e3o integrada da gest\u00e3o de projetos que capacite profissionais de diversas \u00e1reas a lidarem com os desafios relacionados:<\/p>\n\n\n\n<p>I) \u00e0 atualiza\u00e7\u00e3o das compet\u00eancias gerenciais diante das demandas estrat\u00e9gicas das organiza\u00e7\u00f5es;<\/p>\n\n\n\n<p>II) \u00e0 transforma\u00e7\u00e3o dos processos de lideran\u00e7a no contexto dos projetos e,<\/p>\n\n\n\n<p>III) \u00e0 cria\u00e7\u00e3o de valor para as diversas partes interessadas em uma perspectiva econ\u00f4mica, social e tecnol\u00f3gica.<\/p>\n\n\n\n<p><\/p>\n<\/div>\n\n\n\n<div class=\"wp-block-column is-layout-flow wp-block-column-is-layout-flow\" style=\"flex-basis:33.33%\"><div class=\"wp-block-image\">\n<figure class=\"aligncenter size-large is-resized\"><img loading=\"lazy\" decoding=\"async\" width=\"1024\" height=\"1024\" src=\"https:\/\/pos.uel.br\/mbagpro\/wp-content\/uploads\/2025\/09\/Logo-color-Big-1024x1024.png\" alt=\"\" class=\"wp-image-802\" style=\"width:219px;height:auto\" srcset=\"https:\/\/pos.uel.br\/mbagpro\/wp-content\/uploads\/2025\/09\/Logo-color-Big-1024x1024.png 1024w, https:\/\/pos.uel.br\/mbagpro\/wp-content\/uploads\/2025\/09\/Logo-color-Big-300x300.png 300w, https:\/\/pos.uel.br\/mbagpro\/wp-content\/uploads\/2025\/09\/Logo-color-Big-150x150.png 150w, https:\/\/pos.uel.br\/mbagpro\/wp-content\/uploads\/2025\/09\/Logo-color-Big-768x768.png 768w, https:\/\/pos.uel.br\/mbagpro\/wp-content\/uploads\/2025\/09\/Logo-color-Big-1536x1536.png 1536w, https:\/\/pos.uel.br\/mbagpro\/wp-content\/uploads\/2025\/09\/Logo-color-Big.png 1600w\" sizes=\"auto, (max-width: 1024px) 100vw, 1024px\" \/><\/figure>\n<\/div><\/div>\n<\/div>\n\n\n\n<hr class=\"wp-block-separator has-alpha-channel-opacity is-style-wide\" \/>\n\n\n\n<p><strong>Espec\u00edficos:<\/strong><\/p>\n\n\n\n<p>\u2022 Desenvolver uma vis\u00e3o integrada da gest\u00e3o de projetos no contexto das organiza\u00e7\u00f5es;<\/p>\n\n\n\n<p>\u2022 Permitir \u00e0 compreens\u00e3o da fun\u00e7\u00e3o da gest\u00e3o de projetos no processo de desenvolvimento de produtos;<\/p>\n\n\n\n<p>\u2022 Preparar profissionais para an\u00e1lise de viabilidade de projetos e interpreta\u00e7\u00e3o de indicadores econ\u00f4mico-financeiros;<\/p>\n\n\n\n<p>\u2022 Criar um ambiente de aprendizagem em que o estudante possa experienciar o processo da estrat\u00e9gia a partir da an\u00e1lise do ambiente organizacional, interpreta\u00e7\u00e3o das informa\u00e7\u00f5es, tomada de decis\u00e3o e an\u00e1lise dos resultados;<\/p>\n\n\n\n<p>\u2022 Desenvolver estudos que contribuam para a consolida\u00e7\u00e3o do conhecimento dos estudantes no \u00e2mbito da gest\u00e3o de projetos por meio de projetos de conclus\u00e3o de curso;<\/p>\n\n\n\n<p>\u2022 Preparar profissionais de gest\u00e3o de projetos para vivenciarem contextos organizacionais diversos atuando com m\u00faltiplas abordagens gerenciais;<\/p>\n\n\n\n<p>\u2022 Propiciar ao estudante ferramentas e t\u00e9cnicas de gest\u00e3o de projetos que permitam organizar o trabalho dos projetos bem como gerenciar recursos de forma a potencializar a gera\u00e7\u00e3o e entrega de valor \u00e0s partes interessadas;<\/p>\n\n\n\n<p>\u2022 Desenvolver no estudante a compreens\u00e3o da incerteza no contexto de projetos e da aplica\u00e7\u00e3o do gerenciamento de riscos como resposta \u00e0s amea\u00e7as e oportunidades inerentes a esse contexto;<\/p>\n\n\n\n<p>\u2022 Introduzir o estudante ao contexto da gest\u00e3o de aquisi\u00e7\u00f5es e relacionamento com fornecedores e clientes em sua dimens\u00e3o relacional e transacional;<\/p>\n\n\n\n<p>\u2022 Promover a reflex\u00e3o sobre o desenvolvimento do processo de lideran\u00e7a e a autogest\u00e3o da carreira no contexto dos projetos;<\/p>\n\n\n\n<p>\u2022 Ampliar o conhecimento relativo ao ambiente do projeto e a gest\u00e3o das partes interessadas em uma perspectiva estrat\u00e9gica que considere a dimens\u00e3o econ\u00f4mica, tecnol\u00f3gica, social e ambiental;<\/p>\n\n\n\n<p>\u2022 Preparar profissionais alinhados com os padr\u00f5es de conduta \u00e9tica e respons\u00e1vel no que tange o papel dos gerentes de projetos e suas responsabilidades no contexto das organiza\u00e7\u00f5es;<\/p>\n\n\n\n<p>\u2022 Desenvolver a compreens\u00e3o acerca da gest\u00e3o de equipes e os desafios relacionados \u00e0 cultura organizacional, motiva\u00e7\u00e3o e o desempenho;<\/p>\n\n\n\n<p>\u2022 Proporcionar a compreens\u00e3o da import\u00e2ncia da centralidade nas pessoas para a gera\u00e7\u00e3o de valor e inova\u00e7\u00e3o considerando os desafios da comunica\u00e7\u00e3o e da abordagem do design thinking;<\/p>\n\n\n\n<p>\u2022 Discutir a interrela\u00e7\u00e3o entre estrat\u00e9gia organizacional e a gest\u00e3o de portf\u00f3lio, ampliando o conhecimento acerca dos escrit\u00f3rios de projetos e os desafios emergentes da profiss\u00e3o.<\/p>\n\n\n\n<hr class=\"wp-block-separator has-alpha-channel-opacity is-style-wide\" \/>\n\n\n\n<p class=\"has-primary-accent-color has-text-color has-link-color wp-elements-f659a05abe45c6874286a1b5100f7698\"><strong>P\u00daBLICO ALVO<\/strong><\/p>\n\n\n\n<p>Poder\u00e3o candidatar-se ao Curso graduados e graduandos em Administra\u00e7\u00e3o, Cursos de Engenharias, Computa\u00e7\u00e3o, e \u00e1reas afins, desde que comprovem a conclus\u00e3o da gradua\u00e7\u00e3o at\u00e9 a data da matr\u00edcula. Profissionais graduados em diferentes \u00e1reas que atuem na gest\u00e3o de projetos.<\/p>\n\n\n\n<hr class=\"wp-block-separator has-alpha-channel-opacity is-style-wide\" \/>\n\n\n\n<p class=\"has-primary-accent-color has-text-color has-link-color wp-elements-8a5d50c40a3f9ef95e96ecd795253bd0\"><strong>N\u00daMERO DE VAGAS<\/strong><\/p>\n\n\n\n<p>M\u00ednimo: 30 (trinta)<br>M\u00e1ximo: 45 (quarenta e cinco)<\/p>\n\n\n\n<hr class=\"wp-block-separator has-alpha-channel-opacity is-style-wide\" \/>\n\n\n\n<p class=\"has-primary-accent-color has-text-color has-link-color wp-elements-6848bac0283c7d3a57065ed731b47198\"><strong>INVESTIMENTO<\/strong><\/p>\n\n\n\n<p>18 parcelas de R$ 525,00 (a primeira parcela, no ato da matr\u00edcula) &nbsp;&nbsp;&nbsp;<\/p>\n\n\n\n<hr class=\"wp-block-separator has-alpha-channel-opacity is-style-wide\" \/>\n\n\n\n<p class=\"has-primary-accent-color has-text-color has-link-color wp-elements-286bb88d9cb9de9a94be3bd86454892b\"><strong>IN\u00cdCIO E T\u00c9RMINO DAS AULAS | CURSO<\/strong><\/p>\n\n\n\n<p>In\u00edcio das aulas: 21\/03\/2026<\/p>\n\n\n\n<p>T\u00e9rmino: julho de 2027<\/p>\n\n\n\n<p>As aulas s\u00e3o ministradas aos s\u00e1bados de manh\u00e3 e \u00e0 tarde, de modo presencial, com carga hor\u00e1ria extraclasse. As aulas podem ocorrer em semanas alternadas ou em semanas sequenciais, totalizando 28 (vinte e oito) s\u00e1bados com aula.<\/p>\n\n\n\n<hr class=\"wp-block-separator has-alpha-channel-opacity is-style-wide\" \/>\n\n\n\n<h5 class=\"wp-block-heading has-primary-accent-color has-text-color has-link-color wp-elements-cec12c0234445921f0ee3442a045a44d\">Turma com in\u00edcio em 2026<\/h5>\n\n\n\n<p>Presencial aos s\u00e1bados<\/p>\n\n\n\n<hr class=\"wp-block-separator has-alpha-channel-opacity is-style-wide\" \/>\n\n\n\n<h5 class=\"wp-block-heading has-primary-accent-color has-text-color has-link-color wp-elements-26153a125e06ad00c06ba48520887ce6\">Inscri\u00e7\u00f5es online<\/h5>\n\n\n\n<p>Realize o upload da documenta\u00e7\u00e3o somente via sistema de Inscri\u00e7\u00e3o online \u2013 Acesse o Edital de Oferta no menu INSCRI\u00c7\u00d5ES.<\/p>\n\n\n\n<hr class=\"wp-block-separator has-alpha-channel-opacity is-style-wide\" \/>\n\n\n\n<p><\/p>\n","protected":false},"excerpt":{"rendered":"<p>OBJETIVOS Gerais: Desenvolver uma vis\u00e3o integrada da gest\u00e3o de projetos que capacite profissionais de diversas \u00e1reas a lidarem com os desafios relacionados: I) \u00e0 atualiza\u00e7\u00e3o das compet\u00eancias gerenciais diante das demandas estrat\u00e9gicas das organiza\u00e7\u00f5es; II) \u00e0 transforma\u00e7\u00e3o dos processos de lideran\u00e7a no contexto dos projetos e, III) \u00e0 cria\u00e7\u00e3o de valor para as diversas partes [&hellip;]<\/p>\n","protected":false},"author":11,"featured_media":0,"parent":0,"menu_order":0,"comment_status":"closed","ping_status":"closed","template":"","meta":{"_acf_changed":false,"_themeisle_gutenberg_block_has_review":false,"footnotes":""},"class_list":["post-746","page","type-page","status-publish","hentry"],"acf":[],"_links":{"self":[{"href":"https:\/\/pos.uel.br\/mbagpro\/wp-json\/wp\/v2\/pages\/746","targetHints":{"allow":["GET"]}}],"collection":[{"href":"https:\/\/pos.uel.br\/mbagpro\/wp-json\/wp\/v2\/pages"}],"about":[{"href":"https:\/\/pos.uel.br\/mbagpro\/wp-json\/wp\/v2\/types\/page"}],"author":[{"embeddable":true,"href":"https:\/\/pos.uel.br\/mbagpro\/wp-json\/wp\/v2\/users\/11"}],"replies":[{"embeddable":true,"href":"https:\/\/pos.uel.br\/mbagpro\/wp-json\/wp\/v2\/comments?post=746"}],"version-history":[{"count":15,"href":"https:\/\/pos.uel.br\/mbagpro\/wp-json\/wp\/v2\/pages\/746\/revisions"}],"predecessor-version":[{"id":818,"href":"https:\/\/pos.uel.br\/mbagpro\/wp-json\/wp\/v2\/pages\/746\/revisions\/818"}],"wp:attachment":[{"href":"https:\/\/pos.uel.br\/mbagpro\/wp-json\/wp\/v2\/media?parent=746"}],"curies":[{"name":"wp","href":"https:\/\/api.w.org\/{rel}","templated":true}]}}

<p></p>



<p class="has-primary-accent-color has-text-color has-link-color wp-elements-af84d4d43b2572d127b4e79417a40381"><strong>OBJETIVOS</strong></p>



<div class="wp-block-columns is-layout-flex wp-container-core-columns-is-layout-9d6595d7 wp-block-columns-is-layout-flex">
<div class="wp-block-column is-layout-flow wp-block-column-is-layout-flow" style="flex-basis:66.66%">
<p><strong>Gerais:</strong></p>



<p>Desenvolver uma visão integrada da gestão de projetos que capacite profissionais de diversas áreas a lidarem com os desafios relacionados:</p>



<p>I) à atualização das competências gerenciais diante das demandas estratégicas das organizações;</p>



<p>II) à transformação dos processos de liderança no contexto dos projetos e,</p>



<p>III) à criação de valor para as diversas partes interessadas em uma perspectiva econômica, social e tecnológica.</p>



<p></p>
</div>



<div class="wp-block-column is-layout-flow wp-block-column-is-layout-flow" style="flex-basis:33.33%"><div class="wp-block-image">
<figure class="aligncenter size-large is-resized"><img loading="lazy" decoding="async" width="1024" height="1024" src="https://pos.uel.br/mbagpro/wp-content/uploads/2025/09/Logo-color-Big-1024x1024.png" alt="" class="wp-image-802" style="width:219px;height:auto" srcset="https://pos.uel.br/mbagpro/wp-content/uploads/2025/09/Logo-color-Big-1024x1024.png 1024w, https://pos.uel.br/mbagpro/wp-content/uploads/2025/09/Logo-color-Big-300x300.png 300w, https://pos.uel.br/mbagpro/wp-content/uploads/2025/09/Logo-color-Big-150x150.png 150w, https://pos.uel.br/mbagpro/wp-content/uploads/2025/09/Logo-color-Big-768x768.png 768w, https://pos.uel.br/mbagpro/wp-content/uploads/2025/09/Logo-color-Big-1536x1536.png 1536w, https://pos.uel.br/mbagpro/wp-content/uploads/2025/09/Logo-color-Big.png 1600w" sizes="auto, (max-width: 1024px) 100vw, 1024px" /></figure>
</div></div>
</div>



<hr class="wp-block-separator has-alpha-channel-opacity is-style-wide" />



<p><strong>Específicos:</strong></p>



<p>• Desenvolver uma visão integrada da gestão de projetos no contexto das organizações;</p>



<p>• Permitir à compreensão da função da gestão de projetos no processo de desenvolvimento de produtos;</p>



<p>• Preparar profissionais para análise de viabilidade de projetos e interpretação de indicadores econômico-financeiros;</p>



<p>• Criar um ambiente de aprendizagem em que o estudante possa experienciar o processo da estratégia a partir da análise do ambiente organizacional, interpretação das informações, tomada de decisão e análise dos resultados;</p>



<p>• Desenvolver estudos que contribuam para a consolidação do conhecimento dos estudantes no âmbito da gestão de projetos por meio de projetos de conclusão de curso;</p>



<p>• Preparar profissionais de gestão de projetos para vivenciarem contextos organizacionais diversos atuando com múltiplas abordagens gerenciais;</p>



<p>• Propiciar ao estudante ferramentas e técnicas de gestão de projetos que permitam organizar o trabalho dos projetos bem como gerenciar recursos de forma a potencializar a geração e entrega de valor às partes interessadas;</p>



<p>• Desenvolver no estudante a compreensão da incerteza no contexto de projetos e da aplicação do gerenciamento de riscos como resposta às ameaças e oportunidades inerentes a esse contexto;</p>



<p>• Introduzir o estudante ao contexto da gestão de aquisições e relacionamento com fornecedores e clientes em sua dimensão relacional e transacional;</p>



<p>• Promover a reflexão sobre o desenvolvimento do processo de liderança e a autogestão da carreira no contexto dos projetos;</p>



<p>• Ampliar o conhecimento relativo ao ambiente do projeto e a gestão das partes interessadas em uma perspectiva estratégica que considere a dimensão econômica, tecnológica, social e ambiental;</p>



<p>• Preparar profissionais alinhados com os padrões de conduta ética e responsável no que tange o papel dos gerentes de projetos e suas responsabilidades no contexto das organizações;</p>



<p>• Desenvolver a compreensão acerca da gestão de equipes e os desafios relacionados à cultura organizacional, motivação e o desempenho;</p>



<p>• Proporcionar a compreensão da importância da centralidade nas pessoas para a geração de valor e inovação considerando os desafios da comunicação e da abordagem do design thinking;</p>



<p>• Discutir a interrelação entre estratégia organizacional e a gestão de portfólio, ampliando o conhecimento acerca dos escritórios de projetos e os desafios emergentes da profissão.</p>



<hr class="wp-block-separator has-alpha-channel-opacity is-style-wide" />



<p class="has-primary-accent-color has-text-color has-link-color wp-elements-f659a05abe45c6874286a1b5100f7698"><strong>PÚBLICO ALVO</strong></p>



<p>Poderão candidatar-se ao Curso graduados e graduandos em Administração, Cursos de Engenharias, Computação, e áreas afins, desde que comprovem a conclusão da graduação até a data da matrícula. Profissionais graduados em diferentes áreas que atuem na gestão de projetos.</p>



<hr class="wp-block-separator has-alpha-channel-opacity is-style-wide" />



<p class="has-primary-accent-color has-text-color has-link-color wp-elements-8a5d50c40a3f9ef95e96ecd795253bd0"><strong>NÚMERO DE VAGAS</strong></p>



<p>Mínimo: 30 (trinta)<br>Máximo: 45 (quarenta e cinco)</p>



<hr class="wp-block-separator has-alpha-channel-opacity is-style-wide" />



<p class="has-primary-accent-color has-text-color has-link-color wp-elements-6848bac0283c7d3a57065ed731b47198"><strong>INVESTIMENTO</strong></p>



<p>18 parcelas de R$ 525,00 (a primeira parcela, no ato da matrícula) &nbsp;&nbsp;&nbsp;</p>



<hr class="wp-block-separator has-alpha-channel-opacity is-style-wide" />



<p class="has-primary-accent-color has-text-color has-link-color wp-elements-286bb88d9cb9de9a94be3bd86454892b"><strong>INÍCIO E TÉRMINO DAS AULAS | CURSO</strong></p>



<p>Início das aulas: 21/03/2026</p>



<p>Término: julho de 2027</p>



<p>As aulas são ministradas aos sábados de manhã e à tarde, de modo presencial, com carga horária extraclasse. As aulas podem ocorrer em semanas alternadas ou em semanas sequenciais, totalizando 28 (vinte e oito) sábados com aula.</p>



<hr class="wp-block-separator has-alpha-channel-opacity is-style-wide" />



<h5 class="wp-block-heading has-primary-accent-color has-text-color has-link-color wp-elements-cec12c0234445921f0ee3442a045a44d">Turma com início em 2026</h5>



<p>Presencial aos sábados</p>



<hr class="wp-block-separator has-alpha-channel-opacity is-style-wide" />



<h5 class="wp-block-heading has-primary-accent-color has-text-color has-link-color wp-elements-26153a125e06ad00c06ba48520887ce6">Inscrições online</h5>



<p>Realize o upload da documentação somente via sistema de Inscrição online – Acesse o Edital de Oferta no menu INSCRIÇÕES.</p>



<hr class="wp-block-separator has-alpha-channel-opacity is-style-wide" />



<p></p>

<p>OBJETIVOS Gerais: Desenvolver uma visão integrada da gestão de projetos que capacite profissionais de diversas áreas a lidarem com os desafios relacionados: I) à atualização das competências gerenciais diante das demandas estratégicas das organizações; II) à transformação dos processos de liderança no contexto dos projetos e, III) à criação de valor para as diversas partes [&hellip;]</p>
