{"id":625,"date":"2023-10-18T15:20:44","date_gmt":"2023-10-18T18:20:44","guid":{"rendered":"https:\/\/pos.uel.br\/mbagpro\/?page_id=625"},"modified":"2025-10-09T08:40:13","modified_gmt":"2025-10-09T11:40:13","slug":"resolucoes-deliberacoes","status":"publish","type":"page","link":"https:\/\/pos.uel.br\/mbagpro\/resolucoes-deliberacoes\/","title":{"rendered":"Resolu\u00e7\u00f5es | Delibera\u00e7\u00f5es"},"content":{"rendered":"\n<hr class=\"wp-block-separator has-text-color has-secondary-accent-color has-alpha-channel-opacity has-secondary-accent-background-color has-background is-style-wide\" \/>\n\n\n\n<div class=\"wp-block-columns has-primary-text-color has-text-color is-layout-flex wp-container-core-columns-is-layout-9d6595d7 wp-block-columns-is-layout-flex\">\n<div class=\"wp-block-column is-layout-flow wp-block-column-is-layout-flow\">\n<p>&nbsp;<strong>2024<\/strong><\/p>\n\n\n\n<ul class=\"wp-block-list has-small-font-size\">\n<li><a href=\"https:\/\/pos.uel.br\/mbagpro\/wp-content\/uploads\/2023\/10\/Resol-CEPE-66-2023-Cria-Esp-MBA-Gestao-Projetos.pdf\" target=\"_blank\" rel=\"noreferrer noopener\">Resolu\u00e7\u00e3o_066_2023-MBA_GPRO_Cria\u00e7\u00e3o<\/a><\/li>\n\n\n\n<li><a href=\"https:\/\/pos.uel.br\/mbagpro\/wp-content\/uploads\/2023\/10\/Resol-CA-83-2023-Mensalidade-Esp-MBA-Gestao-Projetos.pdf\" target=\"_blank\" rel=\"noreferrer noopener\">Resolu\u00e7\u00e3o 083_2023_MBA_GPRO_Mensalidade<\/a><\/li>\n\n\n\n<li><a href=\"https:\/\/pos.uel.br\/mbagpro\/wp-content\/uploads\/2023\/10\/Resol-CEPE-67-2023-Vagas-Esp-MBA-Gestao-Projetos.pdf\" target=\"_blank\" rel=\"noreferrer noopener\">Resolu\u00e7\u00e3o_067_2013_MBA_GPRO_Vagas<\/a><\/li>\n<\/ul>\n<\/div>\n\n\n\n<div class=\"wp-block-column is-vertically-aligned-center is-layout-flow wp-block-column-is-layout-flow\">\n<p class=\"has-text-align-center\">\u00a0<\/p>\n\n\n<div class=\"wp-block-image is-resized is-style-default\">\n<figure class=\"aligncenter\"><img loading=\"lazy\" decoding=\"async\" width=\"795\" height=\"467\" src=\"https:\/\/pos.uel.br\/direitocivil\/wp-content\/uploads\/2022\/09\/ementas.png\" alt=\"\" class=\"wp-image-174\" style=\"width:366px;height:auto\" srcset=\"https:\/\/pos.uel.br\/mbagpro\/wp-content\/uploads\/2022\/09\/ementas.png 795w, https:\/\/pos.uel.br\/mbagpro\/wp-content\/uploads\/2022\/09\/ementas-300x176.png 300w, https:\/\/pos.uel.br\/mbagpro\/wp-content\/uploads\/2022\/09\/ementas-768x451.png 768w\" sizes=\"auto, (max-width: 795px) 100vw, 795px\" \/><figcaption class=\"wp-element-caption\"><strong><a href=\"https:\/\/sistemas.uel.br\/portaldepos\/inscricao\/listarDadosCurso?cdCurso=465&amp;nrResolucao=66%2F2023\" target=\"_blank\" rel=\"noreferrer noopener\">EMENTAS<\/a><\/strong><\/figcaption><\/figure>\n<\/div>\n\n\n<p class=\"has-text-align-center\"><\/p>\n\n\n\n<p><\/p>\n<\/div>\n<\/div>\n\n\n\n<hr class=\"wp-block-separator has-text-color has-secondary-accent-color has-alpha-channel-opacity has-secondary-accent-background-color has-background is-style-wide\" \/>\n","protected":false},"excerpt":{"rendered":"<p>&nbsp;2024 \u00a0<\/p>\n","protected":false},"author":8,"featured_media":0,"parent":0,"menu_order":0,"comment_status":"closed","ping_status":"closed","template":"","meta":{"_acf_changed":false,"_themeisle_gutenberg_block_has_review":false,"footnotes":""},"class_list":["post-625","page","type-page","status-publish","hentry"],"acf":[],"_links":{"self":[{"href":"https:\/\/pos.uel.br\/mbagpro\/wp-json\/wp\/v2\/pages\/625","targetHints":{"allow":["GET"]}}],"collection":[{"href":"https:\/\/pos.uel.br\/mbagpro\/wp-json\/wp\/v2\/pages"}],"about":[{"href":"https:\/\/pos.uel.br\/mbagpro\/wp-json\/wp\/v2\/types\/page"}],"author":[{"embeddable":true,"href":"https:\/\/pos.uel.br\/mbagpro\/wp-json\/wp\/v2\/users\/8"}],"replies":[{"embeddable":true,"href":"https:\/\/pos.uel.br\/mbagpro\/wp-json\/wp\/v2\/comments?post=625"}],"version-history":[{"count":4,"href":"https:\/\/pos.uel.br\/mbagpro\/wp-json\/wp\/v2\/pages\/625\/revisions"}],"predecessor-version":[{"id":829,"href":"https:\/\/pos.uel.br\/mbagpro\/wp-json\/wp\/v2\/pages\/625\/revisions\/829"}],"wp:attachment":[{"href":"https:\/\/pos.uel.br\/mbagpro\/wp-json\/wp\/v2\/media?parent=625"}],"curies":[{"name":"wp","href":"https:\/\/api.w.org\/{rel}","templated":true}]}}