{"id":673,"date":"2025-07-14T10:42:22","date_gmt":"2025-07-14T13:42:22","guid":{"rendered":"https:\/\/pos.uel.br\/mbagp\/?page_id=673"},"modified":"2025-08-14T11:18:25","modified_gmt":"2025-08-14T14:18:25","slug":"corpo-docente","status":"publish","type":"page","link":"https:\/\/pos.uel.br\/mbagp\/corpo-docente\/","title":{"rendered":"Corpo Docente"},"content":{"rendered":"\n<figure class=\"wp-block-table is-style-stripes has-small-font-size\"><table class=\"has-fixed-layout\"><tbody><tr><td><strong>Docente<\/strong><strong><\/strong><\/td><td><strong>Titula\u00e7\u00e3o<\/strong><strong><\/strong><\/td><td><strong>Institui\u00e7\u00e3o<\/strong><strong><\/strong><\/td><\/tr><tr><td>\u00c9rica Fernandes<\/td><td>Especialista em Gest\u00e3o de Pessoas \u2013 UEL<br>Master Coaching &amp; Mentoring \u2013 FGV<\/td><td>Convidado \u2013 Consultora de Recursos Humanos, Psic\u00f3loga, Docente e Diretora na EF Consultoria de RH<\/td><\/tr><tr><td>&nbsp;Gisele Trink<\/td><td>MBA em Gest\u00e3o Empresarial e Aperfei\u00e7oamento em Neurobusiness pela FGV<\/td><td>Convidada \u2013 Trink Gest\u00e3o na Pr\u00e1tica Healthcare<\/td><\/tr><tr><td>Luciano Munck<\/td><td>P\u00f3s-Doutor \u2013 Ivey Business School \u2013 CA<\/td><td>UEL &#8211; Coordenador MBA GPPE<\/td><\/tr><tr><td>Maria Fernanda Tomiotto<\/td><td>Mestre em Administra\u00e7\u00e3o \u2013 UEL<\/td><td>Convidada \u2013 Trimble \u2013 Intelig\u00eancia de Mercado<\/td><\/tr><tr><td>Maur\u00edcio Chiesa<\/td><td>MBA Gest\u00e3o Empresarial &#8211; FGV<\/td><td>Convidado \u2013 Head\/ Gerente de Recursos Humanos &amp; Responsabilidade Social \/ESG \u2013 Tamarana Tecnologia Ambiental<\/td><\/tr><tr><td>Michele Ruzon<\/td><td>Doutora em Administra\u00e7\u00e3o \u2013 USP\/SP<\/td><td>Convidada \u2013 Growth Desenvolvimento de Pessoas e Organiza\u00e7\u00f5es, GROWTH, Brasil.<\/td><\/tr><tr><td>Rubens de Fran\u00e7a<\/td><td>Mestre em Administra\u00e7\u00e3o \u2013 UFSC<\/td><td>Convidado \u2013 Master Analista Comportamental e Trainer de L\u00edderes e Equipes de Alta Performance. Administrador \u2013 IFPR.<\/td><\/tr><tr><td>Talita Piga<\/td><td>Doutora em Administra\u00e7\u00e3o \u2013 Mackenzie<\/td><td>UEL \u2013 Professora Gest\u00e3o de Pessoas<\/td><\/tr><tr><td>Thiago Spiri<\/td><td>Mestrado em Administra\u00e7\u00e3o \u2013 UEL<\/td><td>UEL \u2013 Gerente Incubadora Tecnol\u00f3gica \u2013 INTUEL<\/td><\/tr><tr><td>Wellington Moreira<\/td><td>Mestre em Administra\u00e7\u00e3o \u2013 UEL<\/td><td>Convidado \u2013 Caput Consultoria<\/td><\/tr><\/tbody><\/table><\/figure>\n\n\n\n<p><\/p>\n","protected":false},"excerpt":{"rendered":"<p>Docente Titula\u00e7\u00e3o Institui\u00e7\u00e3o \u00c9rica Fernandes Especialista em Gest\u00e3o de Pessoas \u2013 UELMaster Coaching &amp; Mentoring \u2013 FGV Convidado \u2013 Consultora de Recursos Humanos, Psic\u00f3loga, Docente e Diretora na EF Consultoria de RH &nbsp;Gisele Trink MBA em Gest\u00e3o Empresarial e Aperfei\u00e7oamento em Neurobusiness pela FGV Convidada \u2013 Trink Gest\u00e3o na Pr\u00e1tica Healthcare Luciano Munck P\u00f3s-Doutor \u2013 [&hellip;]<\/p>\n","protected":false},"author":9,"featured_media":0,"parent":0,"menu_order":0,"comment_status":"closed","ping_status":"closed","template":"","meta":{"_acf_changed":false,"_themeisle_gutenberg_block_has_review":false,"footnotes":""},"class_list":["post-673","page","type-page","status-publish","hentry"],"acf":[],"_links":{"self":[{"href":"https:\/\/pos.uel.br\/mbagp\/wp-json\/wp\/v2\/pages\/673","targetHints":{"allow":["GET"]}}],"collection":[{"href":"https:\/\/pos.uel.br\/mbagp\/wp-json\/wp\/v2\/pages"}],"about":[{"href":"https:\/\/pos.uel.br\/mbagp\/wp-json\/wp\/v2\/types\/page"}],"author":[{"embeddable":true,"href":"https:\/\/pos.uel.br\/mbagp\/wp-json\/wp\/v2\/users\/9"}],"replies":[{"embeddable":true,"href":"https:\/\/pos.uel.br\/mbagp\/wp-json\/wp\/v2\/comments?post=673"}],"version-history":[{"count":4,"href":"https:\/\/pos.uel.br\/mbagp\/wp-json\/wp\/v2\/pages\/673\/revisions"}],"predecessor-version":[{"id":710,"href":"https:\/\/pos.uel.br\/mbagp\/wp-json\/wp\/v2\/pages\/673\/revisions\/710"}],"wp:attachment":[{"href":"https:\/\/pos.uel.br\/mbagp\/wp-json\/wp\/v2\/media?parent=673"}],"curies":[{"name":"wp","href":"https:\/\/api.w.org\/{rel}","templated":true}]}}

<figure class="wp-block-table is-style-stripes has-small-font-size"><table class="has-fixed-layout"><tbody><tr><td><strong>Docente</strong><strong></strong></td><td><strong>Titulação</strong><strong></strong></td><td><strong>Instituição</strong><strong></strong></td></tr><tr><td>Érica Fernandes</td><td>Especialista em Gestão de Pessoas – UEL<br>Master Coaching &amp; Mentoring – FGV</td><td>Convidado – Consultora de Recursos Humanos, Psicóloga, Docente e Diretora na EF Consultoria de RH</td></tr><tr><td>&nbsp;Gisele Trink</td><td>MBA em Gestão Empresarial e Aperfeiçoamento em Neurobusiness pela FGV</td><td>Convidada – Trink Gestão na Prática Healthcare</td></tr><tr><td>Luciano Munck</td><td>Pós-Doutor – Ivey Business School – CA</td><td>UEL &#8211; Coordenador MBA GPPE</td></tr><tr><td>Maria Fernanda Tomiotto</td><td>Mestre em Administração – UEL</td><td>Convidada – Trimble – Inteligência de Mercado</td></tr><tr><td>Maurício Chiesa</td><td>MBA Gestão Empresarial &#8211; FGV</td><td>Convidado – Head/ Gerente de Recursos Humanos &amp; Responsabilidade Social /ESG – Tamarana Tecnologia Ambiental</td></tr><tr><td>Michele Ruzon</td><td>Doutora em Administração – USP/SP</td><td>Convidada – Growth Desenvolvimento de Pessoas e Organizações, GROWTH, Brasil.</td></tr><tr><td>Rubens de França</td><td>Mestre em Administração – UFSC</td><td>Convidado – Master Analista Comportamental e Trainer de Líderes e Equipes de Alta Performance. Administrador – IFPR.</td></tr><tr><td>Talita Piga</td><td>Doutora em Administração – Mackenzie</td><td>UEL – Professora Gestão de Pessoas</td></tr><tr><td>Thiago Spiri</td><td>Mestrado em Administração – UEL</td><td>UEL – Gerente Incubadora Tecnológica – INTUEL</td></tr><tr><td>Wellington Moreira</td><td>Mestre em Administração – UEL</td><td>Convidado – Caput Consultoria</td></tr></tbody></table></figure>



<p></p>

<p>Docente Titulação Instituição Érica Fernandes Especialista em Gestão de Pessoas – UELMaster Coaching &amp; Mentoring – FGV Convidado – Consultora de Recursos Humanos, Psicóloga, Docente e Diretora na EF Consultoria de RH &nbsp;Gisele Trink MBA em Gestão Empresarial e Aperfeiçoamento em Neurobusiness pela FGV Convidada – Trink Gestão na Prática Healthcare Luciano Munck Pós-Doutor – [&hellip;]</p>
