{"id":670,"date":"2025-07-14T10:42:01","date_gmt":"2025-07-14T13:42:01","guid":{"rendered":"https:\/\/pos.uel.br\/mbagp\/?page_id=670"},"modified":"2025-10-09T08:33:21","modified_gmt":"2025-10-09T11:33:21","slug":"estrutura-curricular","status":"publish","type":"page","link":"https:\/\/pos.uel.br\/mbagp\/estrutura-curricular\/","title":{"rendered":"Estrutura Curricular"},"content":{"rendered":"\n<p>O Curso ter\u00e1 a dura\u00e7\u00e3o de 390 (trezentas e noventa) horas, correspondentes a 26 (vinte e seis) cr\u00e9ditos, a serem desenvolvidos em 3 (tr\u00eas) per\u00edodos letivos.<\/p>\n\n\n\n<figure class=\"wp-block-table is-style-stripes has-small-font-size\"><table class=\"has-fixed-layout\"><tbody><tr><td>C\u00f3digo<\/td><td>Disciplina<\/td><td>Cr\u00e9ditos<\/td><td>C.H.<\/td><\/tr><tr><td>2ADM502<\/td><td>Gest\u00e3o Estrat\u00e9gica, Intelig\u00eancia Competitiva e Pessoas<\/td><td>3 cr<\/td><td>45 h<\/td><\/tr><tr><td>2ADM503<\/td><td>Gest\u00e3o da Inova\u00e7\u00e3o e Transforma\u00e7\u00e3o Digital<\/td><td>2 cr<\/td><td>30 h<\/td><\/tr><tr><td>2ADM504<\/td><td>Gest\u00e3o Estrat\u00e9gica do Desenvolvimento, Carreira e Reten\u00e7\u00e3o de Talentos<\/td><td>3 cr<\/td><td>45 h<\/td><\/tr><tr><td>2ADM505<\/td><td>Gest\u00e3o Estrat\u00e9gica de Remunera\u00e7\u00e3o e Desempenho<\/td><td>2 cr<\/td><td>30 h<\/td><\/tr><tr><td>2ADM317<\/td><td>Lideran\u00e7a, Negocia\u00e7\u00e3o e Gest\u00e3o de Conflitos<\/td><td>3 cr<\/td><td>45 h<\/td><\/tr><tr><td>2ADM506<\/td><td>Gest\u00e3o por Compet\u00eancias e People Experience<\/td><td>3 cr<\/td><td>45 h<\/td><\/tr><tr><td>2ADM507<\/td><td>Gest\u00e3o Sustent\u00e1vel e Diversidade nas Organiza\u00e7\u00f5es<\/td><td>2 cr<\/td><td>30 h<\/td><\/tr><tr><td>2ADM508<\/td><td>Comunica\u00e7\u00e3o e Influ\u00eancia nas Organiza\u00e7\u00f5es<\/td><td>2 cr<\/td><td>30 h<\/td><\/tr><tr><td>2ADM477<\/td><td>Projetos em Gest\u00e3o de Pessoas<\/td><td>4 cr<\/td><td>60 h<\/td><\/tr><tr><td>2ADM509&nbsp;<\/td><td>Gest\u00e3o de Equipes de Alta Performance<\/td><td>2 cr<\/td><td>30 h<\/td><\/tr><\/tbody><\/table><\/figure>\n\n\n\n<div class=\"wp-block-columns is-layout-flex wp-container-core-columns-is-layout-9d6595d7 wp-block-columns-is-layout-flex\">\n<div class=\"wp-block-column is-layout-flow wp-block-column-is-layout-flow\"><\/div>\n<\/div>\n","protected":false},"excerpt":{"rendered":"<p>O Curso ter\u00e1 a dura\u00e7\u00e3o de 390 (trezentas e noventa) horas, correspondentes a 26 (vinte e seis) cr\u00e9ditos, a serem desenvolvidos em 3 (tr\u00eas) per\u00edodos letivos. C\u00f3digo Disciplina Cr\u00e9ditos C.H. 2ADM502 Gest\u00e3o Estrat\u00e9gica, Intelig\u00eancia Competitiva e Pessoas 3 cr 45 h 2ADM503 Gest\u00e3o da Inova\u00e7\u00e3o e Transforma\u00e7\u00e3o Digital 2 cr 30 h 2ADM504 Gest\u00e3o Estrat\u00e9gica [&hellip;]<\/p>\n","protected":false},"author":9,"featured_media":0,"parent":0,"menu_order":0,"comment_status":"closed","ping_status":"closed","template":"","meta":{"_acf_changed":false,"_themeisle_gutenberg_block_has_review":false,"footnotes":""},"class_list":["post-670","page","type-page","status-publish","hentry"],"acf":[],"_links":{"self":[{"href":"https:\/\/pos.uel.br\/mbagp\/wp-json\/wp\/v2\/pages\/670","targetHints":{"allow":["GET"]}}],"collection":[{"href":"https:\/\/pos.uel.br\/mbagp\/wp-json\/wp\/v2\/pages"}],"about":[{"href":"https:\/\/pos.uel.br\/mbagp\/wp-json\/wp\/v2\/types\/page"}],"author":[{"embeddable":true,"href":"https:\/\/pos.uel.br\/mbagp\/wp-json\/wp\/v2\/users\/9"}],"replies":[{"embeddable":true,"href":"https:\/\/pos.uel.br\/mbagp\/wp-json\/wp\/v2\/comments?post=670"}],"version-history":[{"count":3,"href":"https:\/\/pos.uel.br\/mbagp\/wp-json\/wp\/v2\/pages\/670\/revisions"}],"predecessor-version":[{"id":730,"href":"https:\/\/pos.uel.br\/mbagp\/wp-json\/wp\/v2\/pages\/670\/revisions\/730"}],"wp:attachment":[{"href":"https:\/\/pos.uel.br\/mbagp\/wp-json\/wp\/v2\/media?parent=670"}],"curies":[{"name":"wp","href":"https:\/\/api.w.org\/{rel}","templated":true}]}}

<p>O Curso terá a duração de 390 (trezentas e noventa) horas, correspondentes a 26 (vinte e seis) créditos, a serem desenvolvidos em 3 (três) períodos letivos.</p>



<figure class="wp-block-table is-style-stripes has-small-font-size"><table class="has-fixed-layout"><tbody><tr><td>Código</td><td>Disciplina</td><td>Créditos</td><td>C.H.</td></tr><tr><td>2ADM502</td><td>Gestão Estratégica, Inteligência Competitiva e Pessoas</td><td>3 cr</td><td>45 h</td></tr><tr><td>2ADM503</td><td>Gestão da Inovação e Transformação Digital</td><td>2 cr</td><td>30 h</td></tr><tr><td>2ADM504</td><td>Gestão Estratégica do Desenvolvimento, Carreira e Retenção de Talentos</td><td>3 cr</td><td>45 h</td></tr><tr><td>2ADM505</td><td>Gestão Estratégica de Remuneração e Desempenho</td><td>2 cr</td><td>30 h</td></tr><tr><td>2ADM317</td><td>Liderança, Negociação e Gestão de Conflitos</td><td>3 cr</td><td>45 h</td></tr><tr><td>2ADM506</td><td>Gestão por Competências e People Experience</td><td>3 cr</td><td>45 h</td></tr><tr><td>2ADM507</td><td>Gestão Sustentável e Diversidade nas Organizações</td><td>2 cr</td><td>30 h</td></tr><tr><td>2ADM508</td><td>Comunicação e Influência nas Organizações</td><td>2 cr</td><td>30 h</td></tr><tr><td>2ADM477</td><td>Projetos em Gestão de Pessoas</td><td>4 cr</td><td>60 h</td></tr><tr><td>2ADM509&nbsp;</td><td>Gestão de Equipes de Alta Performance</td><td>2 cr</td><td>30 h</td></tr></tbody></table></figure>



<div class="wp-block-columns is-layout-flex wp-container-core-columns-is-layout-9d6595d7 wp-block-columns-is-layout-flex">
<div class="wp-block-column is-layout-flow wp-block-column-is-layout-flow"></div>
</div>

<p>O Curso terá a duração de 390 (trezentas e noventa) horas, correspondentes a 26 (vinte e seis) créditos, a serem desenvolvidos em 3 (três) períodos letivos. Código Disciplina Créditos C.H. 2ADM502 Gestão Estratégica, Inteligência Competitiva e Pessoas 3 cr 45 h 2ADM503 Gestão da Inovação e Transformação Digital 2 cr 30 h 2ADM504 Gestão Estratégica [&hellip;]</p>
