{"id":26,"date":"2021-04-29T12:31:20","date_gmt":"2021-04-29T15:31:20","guid":{"rendered":"https:\/\/pos.uel.br\/matematica\/?page_id=26"},"modified":"2021-08-30T11:22:05","modified_gmt":"2021-08-30T14:22:05","slug":"historico","status":"publish","type":"page","link":"https:\/\/pos.uel.br\/matematica\/historico\/","title":{"rendered":"Hist\u00f3rico"},"content":{"rendered":"\n<p>O programa de P\u00f3s-Gradua\u00e7\u00e3o em Matem\u00e1tica Aplicada e Computacional (PGMAC), do Departamento de Matem\u00e1tica da Universidade Estadual de Londrina (DM-UEL), foi aprovado pela CAPES em 2006 e iniciou suas atividades em 2007. Atualmente, o programa \u00e9 avaliado pela CAPES com nota 3.<\/p>\n\n\n\n<p>O p\u00fablico alvo s\u00e3o graduados e graduandos em Matem\u00e1tica ou Estat\u00edstica e \u00e1reas afins como Engenharias, Computa\u00e7\u00e3o e F\u00edsica, desde que comprovem a conclus\u00e3o da gradua\u00e7\u00e3o na matr\u00edcula.<\/p>\n\n\n\n<p>A \u00e1rea de concentra\u00e7\u00e3o do programa \u00e9 Matem\u00e1tica Aplicada com objetivo de formar profissionais de alto n\u00edvel com grau de Mestre em Matem\u00e1tica Aplicada e Computacional.<\/p>\n","protected":false},"excerpt":{"rendered":"<p>O programa de P\u00f3s-Gradua\u00e7\u00e3o em Matem\u00e1tica Aplicada e Computacional (PGMAC), do Departamento de Matem\u00e1tica da Universidade Estadual de Londrina (DM-UEL), foi aprovado pela CAPES em 2006 e iniciou suas atividades em 2007. Atualmente, o programa \u00e9 avaliado pela CAPES com nota 3. O p\u00fablico alvo s\u00e3o graduados e graduandos em Matem\u00e1tica ou Estat\u00edstica e \u00e1reas [&hellip;]<\/p>\n","protected":false},"author":7,"featured_media":0,"parent":0,"menu_order":0,"comment_status":"closed","ping_status":"closed","template":"","meta":{"footnotes":""},"class_list":["post-26","page","type-page","status-publish","hentry"],"_links":{"self":[{"href":"https:\/\/pos.uel.br\/matematica\/wp-json\/wp\/v2\/pages\/26","targetHints":{"allow":["GET"]}}],"collection":[{"href":"https:\/\/pos.uel.br\/matematica\/wp-json\/wp\/v2\/pages"}],"about":[{"href":"https:\/\/pos.uel.br\/matematica\/wp-json\/wp\/v2\/types\/page"}],"author":[{"embeddable":true,"href":"https:\/\/pos.uel.br\/matematica\/wp-json\/wp\/v2\/users\/7"}],"replies":[{"embeddable":true,"href":"https:\/\/pos.uel.br\/matematica\/wp-json\/wp\/v2\/comments?post=26"}],"version-history":[{"count":4,"href":"https:\/\/pos.uel.br\/matematica\/wp-json\/wp\/v2\/pages\/26\/revisions"}],"predecessor-version":[{"id":82,"href":"https:\/\/pos.uel.br\/matematica\/wp-json\/wp\/v2\/pages\/26\/revisions\/82"}],"wp:attachment":[{"href":"https:\/\/pos.uel.br\/matematica\/wp-json\/wp\/v2\/media?parent=26"}],"curies":[{"name":"wp","href":"https:\/\/api.w.org\/{rel}","templated":true}]}}