{"id":221,"date":"2021-09-03T15:11:26","date_gmt":"2021-09-03T18:11:26","guid":{"rendered":"https:\/\/pos.uel.br\/matematica\/?page_id=221"},"modified":"2021-11-09T09:49:10","modified_gmt":"2021-11-09T12:49:10","slug":"arquivos","status":"publish","type":"page","link":"https:\/\/pos.uel.br\/matematica\/arquivos\/","title":{"rendered":"Arquivos"},"content":{"rendered":"\n<figure class=\"wp-block-table\"><table><tbody><tr><td><strong>CARTA DE RECOMENDA\u00c7\u00c3O<\/strong>&nbsp;(para candidatos ao PGMAC)<\/td><td class=\"has-text-align-center\" data-align=\"center\"><a href=\"https:\/\/pos.uel.br\/matematica\/wp-content\/uploads\/2021\/11\/cartareferencia-nova-5.doc\">Baixar<\/a><\/td><\/tr><tr><td><strong>PROJETO DE DISSERTA\u00c7\u00c3O<\/strong> <strong>DE MESTRADO<\/strong><\/td><td class=\"has-text-align-center\" data-align=\"center\"><a href=\"https:\/\/pos.uel.br\/matematica\/wp-content\/uploads\/2021\/11\/ProjetoDissertacao.doc\">Baixar<\/a><\/td><\/tr><tr><td><strong>MODELO DE DISSERTA\u00c7\u00c3O DE MESTRADO<\/strong><\/td><td class=\"has-text-align-center\" data-align=\"center\"><a href=\"https:\/\/pos.uel.br\/matematica\/wp-content\/uploads\/2021\/11\/ModeloDissertacao.zip\">Baixar<\/a><\/td><\/tr><tr><td><strong>MODELO DA CAPA DO CD QUE DEVER\u00c1 SER ENTREGUE JUNTO COM A DISSERTA\u00c7\u00c3O<\/strong>&nbsp;(arquivo em formato odt)<\/td><td class=\"has-text-align-center\" data-align=\"center\"><a href=\"https:\/\/pos.uel.br\/matematica\/wp-content\/uploads\/2021\/11\/modelo_capaCD.odt\">Baixar<\/a><\/td><\/tr><tr><td><strong>MODELO DE RESUMO<\/strong><\/td><td class=\"has-text-align-center\" data-align=\"center\"><a href=\"https:\/\/pos.uel.br\/matematica\/wp-content\/uploads\/2021\/11\/modelo_resumo.doc\">Baixar<\/a><\/td><\/tr><tr><td><strong>MODELO DE APRESENTA\u00c7\u00c3O NO BEAMER-LATEX<\/strong><\/td><td class=\"has-text-align-center\" data-align=\"center\"><a href=\"https:\/\/pos.uel.br\/matematica\/wp-content\/uploads\/2021\/11\/Modelo_Apresentacao.zip\">Baixar<\/a><\/td><\/tr><\/tbody><\/table><\/figure>\n","protected":false},"excerpt":{"rendered":"<p>CARTA DE RECOMENDA\u00c7\u00c3O&nbsp;(para candidatos ao PGMAC) Baixar PROJETO DE DISSERTA\u00c7\u00c3O DE MESTRADO Baixar MODELO DE DISSERTA\u00c7\u00c3O DE MESTRADO Baixar MODELO DA CAPA DO CD QUE DEVER\u00c1 SER ENTREGUE JUNTO COM A DISSERTA\u00c7\u00c3O&nbsp;(arquivo em formato odt) Baixar MODELO DE RESUMO Baixar MODELO DE APRESENTA\u00c7\u00c3O NO BEAMER-LATEX Baixar<\/p>\n","protected":false},"author":8,"featured_media":0,"parent":0,"menu_order":0,"comment_status":"closed","ping_status":"closed","template":"","meta":{"footnotes":""},"class_list":["post-221","page","type-page","status-publish","hentry"],"_links":{"self":[{"href":"https:\/\/pos.uel.br\/matematica\/wp-json\/wp\/v2\/pages\/221","targetHints":{"allow":["GET"]}}],"collection":[{"href":"https:\/\/pos.uel.br\/matematica\/wp-json\/wp\/v2\/pages"}],"about":[{"href":"https:\/\/pos.uel.br\/matematica\/wp-json\/wp\/v2\/types\/page"}],"author":[{"embeddable":true,"href":"https:\/\/pos.uel.br\/matematica\/wp-json\/wp\/v2\/users\/8"}],"replies":[{"embeddable":true,"href":"https:\/\/pos.uel.br\/matematica\/wp-json\/wp\/v2\/comments?post=221"}],"version-history":[{"count":18,"href":"https:\/\/pos.uel.br\/matematica\/wp-json\/wp\/v2\/pages\/221\/revisions"}],"predecessor-version":[{"id":456,"href":"https:\/\/pos.uel.br\/matematica\/wp-json\/wp\/v2\/pages\/221\/revisions\/456"}],"wp:attachment":[{"href":"https:\/\/pos.uel.br\/matematica\/wp-json\/wp\/v2\/media?parent=221"}],"curies":[{"name":"wp","href":"https:\/\/api.w.org\/{rel}","templated":true}]}}