{"id":11,"date":"2021-04-29T12:27:43","date_gmt":"2021-04-29T15:27:43","guid":{"rendered":"https:\/\/pos.uel.br\/matematica\/?page_id=11"},"modified":"2021-08-30T11:37:43","modified_gmt":"2021-08-30T14:37:43","slug":"linhas-de-pesquisa","status":"publish","type":"page","link":"https:\/\/pos.uel.br\/matematica\/linhas-de-pesquisa\/","title":{"rendered":"Linhas de pesquisa"},"content":{"rendered":"\n<p class=\"has-primary-accent-color has-text-color\"><strong>Modelagem Matem\u00e1tica Computacional &#8211; MMC<\/strong><\/p>\n\n\n\n<p><strong>Descri\u00e7\u00e3o:<\/strong><\/p>\n\n\n\n<p>Com foco em problemas aplicados de \u00e1reas tais como: Computa\u00e7\u00e3o, Engenharias, Ci\u00eancias M\u00e9dicas e Biol\u00f3gicas, entre outras, a linha de pesquisa em Modelagem Matem\u00e1tica Computacional do PGMAC tem o objetivo de deduzir as equa\u00e7\u00f5es e ou processos governantes destes problemas &#8212; por meio da modelagem matem\u00e1tica &#8212; e resolv\u00ea-los atrav\u00e9s de metodologias e t\u00e9cnicas num\u00e9ricas e computacionais.<\/p>\n\n\n\n<p><strong>Docentes da linha:<\/strong><\/p>\n\n\n\n<ul class=\"wp-block-list\"><li><a href=\"http:\/\/www.uel.br\/pos\/pgmac\/professores\/profa_Aline.html\">Aline Aparecida de Souza Le\u00e3o<\/a><\/li><li><a href=\"http:\/\/www.uel.br\/pos\/pgmac\/professores\/prof_Eliandro.html\">Eliandro Rodrigues Cirilo<\/a><\/li><li><a href=\"http:\/\/www.uel.br\/pos\/pgmac\/professores\/prof_Gylles.html\">Gylles Ricardo Str\u00f6her<\/a><\/li><li><a href=\"http:\/\/www.uel.br\/pos\/pgmac\/professores\/profa_Juliana.html\">Juliana de Oliveira<\/a><\/li><li><a href=\"http:\/\/www.uel.br\/pos\/pgmac\/professores\/profa_Neyva.html\">Neyva Maria Lopes Romeiro<\/a><\/li><li><a href=\"http:\/\/www.uel.br\/pos\/pgmac\/professores\/prof_PauloNatti.html\">Paulo Laerte Natti<\/a><\/li><li><a href=\"http:\/\/www.uel.br\/pos\/pgmac\/professores\/prof_Tulio.html\">T\u00falio Oliveira de Carvalho<\/a><\/li><\/ul>\n\n\n\n<p>&#8212;&#8212;&#8212;&#8212;&#8212;&#8212;&#8212;&#8212;&#8212;&#8212;&#8212;&#8212;&#8212;&#8212;&#8212;&#8212;&#8212;&#8212;&#8212;&#8212;&#8212;&#8212;&#8212;&#8212;&#8212;&#8212;&#8212;&#8212;&#8212;&#8212;&#8212;&#8212;&#8212;&#8212;&#8212;&#8212;&#8212;&#8212;&#8212;&#8212;&#8212;&#8212;&#8212;&#8212;&#8212;&#8212;&#8212;&#8212;&#8212;&#8212;&#8212;&#8212;&#8212;&#8212;&#8212;&#8212;&#8212;&#8212;&#8212;&#8212;&#8212;&#8212;&#8212;&#8212;&#8212;&#8212;&#8212;<\/p>\n\n\n\n<p class=\"has-primary-accent-color has-text-color\"><strong>Modelagem Estat\u00edstica &#8211; ME<\/strong><\/p>\n\n\n\n<p><strong>Descri\u00e7\u00e3o:<\/strong><\/p>\n\n\n\n<p>A linha de pesquisa em Modelagem Estat\u00edstica do PGMAC tem por objetivo formar pesquisadores, docentes e profissionais com uma s\u00f3lida forma\u00e7\u00e3o na \u00e1rea de Estat\u00edstica Aplicada e Computacional, a fim de capacit\u00e1-los para a resolu\u00e7\u00e3o de problemas reais que envolvem a modelagem, o processo de estima\u00e7\u00e3o e a an\u00e1lise de dados provenientes de fen\u00f4menos aleat\u00f3rios, adequando-os em aplica\u00e7\u00f5es nas mais diversas \u00e1reas do conhecimento tais como ci\u00eancias m\u00e9dicas e biol\u00f3gicas, agronomia, economia\/finan\u00e7as, engenharia, etc.<\/p>\n\n\n\n<p><strong>Docentes da linha:<\/strong><\/p>\n\n\n\n<ul class=\"wp-block-list\"><li><a href=\"http:\/\/www.uel.br\/pos\/pgmac\/professores\/profa_Mariana.html\">Mariana Ragassi Urbano<\/a><\/li><li><a href=\"http:\/\/www.uel.br\/pos\/pgmac\/professores\/prof_Rodrigo.html\">Rodrigo Rossetto Pescim<\/a><\/li><li><a href=\"http:\/\/www.uel.br\/pos\/pgmac\/professores\/prof_Tiago.html\">Tiago V. F. Santana<\/a><\/li><\/ul>\n\n\n\n<p>&#8212;&#8212;&#8212;&#8212;&#8212;&#8212;&#8212;&#8212;&#8212;&#8212;&#8212;&#8212;&#8212;&#8212;&#8212;&#8212;&#8212;&#8212;&#8212;&#8212;&#8212;&#8212;&#8212;&#8212;&#8212;&#8212;&#8212;&#8212;&#8212;&#8212;&#8212;&#8212;&#8212;&#8212;&#8212;&#8212;&#8212;&#8212;&#8212;&#8212;&#8212;&#8212;&#8212;&#8212;&#8212;&#8212;&#8212;&#8212;&#8212;&#8212;&#8212;&#8212;&#8212;&#8212;&#8212;&#8212;&#8212;&#8212;&#8212;&#8212;&#8212;&#8212;&#8212;&#8212;&#8212;&#8212;&#8212;<\/p>\n\n\n\n<p class=\"has-primary-accent-color has-text-color\"><strong>Equa\u00e7\u00f5es Diferenciais Parciais &#8211; EDP<\/strong><\/p>\n\n\n\n<p><strong>Descri\u00e7\u00e3o:<\/strong><\/p>\n\n\n\n<p>A linha de pesquisa em Equa\u00e7\u00f5es Diferenciais Parciais (EDP) do PGMAC tem como principal objetivo o estudo de aspectos qualitativos e quantitativos envolvendo modelos matem\u00e1ticos descritos por EDPs. Neste sentido, o foco \u00e9 proporcionar uma intera\u00e7\u00e3o entre teorias da An\u00e1lise Matem\u00e1tica, problemas te\u00f3ricos e problemas aplicados envolvendo EDPs. Dentre os t\u00f3picos de interesse, destacamos a estabiliza\u00e7\u00e3o e controle, teoria de operadores, pot\u00eancias fracion\u00e1rias e aspectos geom\u00e9tricos e topol\u00f3gicos em problemas matem\u00e1ticos.<\/p>\n\n\n\n<p><strong>Docentes da linha:<\/strong><\/p>\n\n\n\n<ul class=\"wp-block-list\"><li><a href=\"http:\/\/www.uel.br\/pos\/pgmac\/professores\/prof_Andre.html\">Andr\u00e9 Vicente<\/a><\/li><li><a href=\"http:\/\/www.uel.br\/pos\/pgmac\/professores\/prof_Bruno.html\">Bruno Mendon\u00e7a Rey dos Santos<\/a><\/li><li><a href=\"http:\/\/www.uel.br\/pos\/pgmac\/professores\/prof_JoseCarlos.html\">Jos\u00e9 C. Valencia Alvites<\/a><\/li><li><a href=\"http:\/\/www.uel.br\/pos\/pgmac\/professores\/prof_JoseHenrique.html\">Jos\u00e9 Henrique Rodrigues<\/a><\/li><li><a href=\"http:\/\/www.uel.br\/pos\/pgmac\/professores\/prof_Marcio.html\">Marcio Antonio Jorge da Silva<\/a><\/li><li><a href=\"http:\/\/www.uel.br\/pos\/pgmac\/professores\/profa_Michele.html\">Michele de Oliveria Alves<\/a><\/li><li><a href=\"http:\/\/www.uel.br\/pos\/pgmac\/professores\/prof_Liboni.html\">Paulo Antonio Liboni Filho<\/a><\/li><li><a href=\"http:\/\/www.uel.br\/pos\/pgmac\/professores\/prof_RodrigoNunes.html\">Rodrigo Nunes Monteiro<\/a><\/li><\/ul>\n\n\n\n<p>&#8212;&#8212;&#8212;&#8212;&#8212;&#8212;&#8212;&#8212;&#8212;&#8212;&#8212;&#8212;&#8212;&#8212;&#8212;&#8212;&#8212;&#8212;&#8212;&#8212;&#8212;&#8212;&#8212;&#8212;&#8212;&#8212;&#8212;&#8212;&#8212;&#8212;&#8212;&#8212;&#8212;&#8212;&#8212;&#8212;&#8212;&#8212;&#8212;&#8212;&#8212;&#8212;&#8212;&#8212;&#8212;&#8212;&#8212;&#8212;&#8212;&#8212;&#8212;&#8212;&#8212;&#8212;&#8212;&#8212;&#8212;&#8212;&#8212;&#8212;&#8212;&#8212;&#8212;&#8212;&#8212;&#8212;&#8212;<\/p>\n","protected":false},"excerpt":{"rendered":"<p>Modelagem Matem\u00e1tica Computacional &#8211; MMC Descri\u00e7\u00e3o: Com foco em problemas aplicados de \u00e1reas tais como: Computa\u00e7\u00e3o, Engenharias, Ci\u00eancias M\u00e9dicas e Biol\u00f3gicas, entre outras, a linha de pesquisa em Modelagem Matem\u00e1tica Computacional do PGMAC tem o objetivo de deduzir as equa\u00e7\u00f5es e ou processos governantes destes problemas &#8212; por meio da modelagem matem\u00e1tica &#8212; e resolv\u00ea-los [&hellip;]<\/p>\n","protected":false},"author":7,"featured_media":0,"parent":0,"menu_order":0,"comment_status":"closed","ping_status":"closed","template":"","meta":{"footnotes":""},"class_list":["post-11","page","type-page","status-publish","hentry"],"_links":{"self":[{"href":"https:\/\/pos.uel.br\/matematica\/wp-json\/wp\/v2\/pages\/11","targetHints":{"allow":["GET"]}}],"collection":[{"href":"https:\/\/pos.uel.br\/matematica\/wp-json\/wp\/v2\/pages"}],"about":[{"href":"https:\/\/pos.uel.br\/matematica\/wp-json\/wp\/v2\/types\/page"}],"author":[{"embeddable":true,"href":"https:\/\/pos.uel.br\/matematica\/wp-json\/wp\/v2\/users\/7"}],"replies":[{"embeddable":true,"href":"https:\/\/pos.uel.br\/matematica\/wp-json\/wp\/v2\/comments?post=11"}],"version-history":[{"count":16,"href":"https:\/\/pos.uel.br\/matematica\/wp-json\/wp\/v2\/pages\/11\/revisions"}],"predecessor-version":[{"id":97,"href":"https:\/\/pos.uel.br\/matematica\/wp-json\/wp\/v2\/pages\/11\/revisions\/97"}],"wp:attachment":[{"href":"https:\/\/pos.uel.br\/matematica\/wp-json\/wp\/v2\/media?parent=11"}],"curies":[{"name":"wp","href":"https:\/\/api.w.org\/{rel}","templated":true}]}}