{"id":231,"date":"2025-07-18T16:32:04","date_gmt":"2025-07-18T19:32:04","guid":{"rendered":"https:\/\/pos.uel.br\/linguaportuguesa\/?page_id=231"},"modified":"2025-07-25T10:09:22","modified_gmt":"2025-07-25T13:09:22","slug":"secretaria-geral-lato-sensu","status":"publish","type":"page","link":"https:\/\/pos.uel.br\/linguaportuguesa\/secretaria-geral-lato-sensu\/","title":{"rendered":"Secretaria Geral Lato Sensu"},"content":{"rendered":"\n<p><strong>Secret\u00e1rios<\/strong>: Rosely, Silvia e Ricardo<\/p>\n\n\n\n<p><strong>e-mail:<\/strong>&nbsp;&nbsp;secposcch@uel.br&nbsp;<\/p>\n\n\n\n<p><strong>Fone:<\/strong>&nbsp;(43) 3371-4624<\/p>\n\n\n\n<p><strong>Hor\u00e1rios de atendimento externo<\/strong>: 8h00 \u00e0s 12h00 \/ 13h30 \u00e0s 17h00<\/p>\n","protected":false},"excerpt":{"rendered":"<p>Secret\u00e1rios: Rosely, Silvia e Ricardo e-mail:&nbsp;&nbsp;secposcch@uel.br&nbsp; Fone:&nbsp;(43) 3371-4624 Hor\u00e1rios de atendimento externo: 8h00 \u00e0s 12h00 \/ 13h30 \u00e0s 17h00<\/p>\n","protected":false},"author":8,"featured_media":0,"parent":0,"menu_order":0,"comment_status":"closed","ping_status":"closed","template":"","meta":{"footnotes":""},"class_list":["post-231","page","type-page","status-publish","hentry"],"acf":[],"_links":{"self":[{"href":"https:\/\/pos.uel.br\/linguaportuguesa\/wp-json\/wp\/v2\/pages\/231","targetHints":{"allow":["GET"]}}],"collection":[{"href":"https:\/\/pos.uel.br\/linguaportuguesa\/wp-json\/wp\/v2\/pages"}],"about":[{"href":"https:\/\/pos.uel.br\/linguaportuguesa\/wp-json\/wp\/v2\/types\/page"}],"author":[{"embeddable":true,"href":"https:\/\/pos.uel.br\/linguaportuguesa\/wp-json\/wp\/v2\/users\/8"}],"replies":[{"embeddable":true,"href":"https:\/\/pos.uel.br\/linguaportuguesa\/wp-json\/wp\/v2\/comments?post=231"}],"version-history":[{"count":6,"href":"https:\/\/pos.uel.br\/linguaportuguesa\/wp-json\/wp\/v2\/pages\/231\/revisions"}],"predecessor-version":[{"id":254,"href":"https:\/\/pos.uel.br\/linguaportuguesa\/wp-json\/wp\/v2\/pages\/231\/revisions\/254"}],"wp:attachment":[{"href":"https:\/\/pos.uel.br\/linguaportuguesa\/wp-json\/wp\/v2\/media?parent=231"}],"curies":[{"name":"wp","href":"https:\/\/api.w.org\/{rel}","templated":true}]}}

<p><strong>Secretários</strong>: Rosely, Silvia e Ricardo</p>



<p><strong>e-mail:</strong>&nbsp;&nbsp;secposcch@uel.br&nbsp;</p>



<p><strong>Fone:</strong>&nbsp;(43) 3371-4624</p>



<p><strong>Horários de atendimento externo</strong>: 8h00 às 12h00 / 13h30 às 17h00</p>

<p>Secretários: Rosely, Silvia e Ricardo e-mail:&nbsp;&nbsp;secposcch@uel.br&nbsp; Fone:&nbsp;(43) 3371-4624 Horários de atendimento externo: 8h00 às 12h00 / 13h30 às 17h00</p>
