{"id":215,"date":"2025-07-18T16:07:21","date_gmt":"2025-07-18T19:07:21","guid":{"rendered":"https:\/\/pos.uel.br\/linguaportuguesa\/?page_id=215"},"modified":"2025-07-25T09:12:15","modified_gmt":"2025-07-25T12:12:15","slug":"localizacao","status":"publish","type":"page","link":"https:\/\/pos.uel.br\/linguaportuguesa\/localizacao\/","title":{"rendered":"Localiza\u00e7\u00e3o"},"content":{"rendered":"\n<p>Secretaria Geral de P\u00f3s-Gradua\u00e7\u00e3o Lato Sensu no CLCH &#8211; Centro de Letras e Ci\u00eancias Humanas:<\/p>\n\n\n\n<iframe src=\"https:\/\/www.google.com\/maps\/embed?pb=!1m18!1m12!1m3!1d3663.744437767473!2d-51.20706512483397!3d-23.325029452952077!2m3!1f0!2f0!3f0!3m2!1i1024!2i768!4f13.1!3m3!1m2!1s0x94eb5c9e18376295%3A0x4f4dc7c57a1024df!2sCLCH%20-%20Centro%20de%20Letras%20e%20Ci%C3%AAncias%20Humanas!5e0!3m2!1spt-BR!2sbr!4v1753128244023!5m2!1spt-BR!2sbr\" width=\"1000\" height=\"600\" style=\"border:0;\" allowfullscreen=\"\" loading=\"lazy\" referrerpolicy=\"no-referrer-when-downgrade\"><\/iframe>\n","protected":false},"excerpt":{"rendered":"<p>Secretaria Geral de P\u00f3s-Gradua\u00e7\u00e3o Lato Sensu no CLCH &#8211; Centro de Letras e Ci\u00eancias Humanas:<\/p>\n","protected":false},"author":8,"featured_media":0,"parent":0,"menu_order":0,"comment_status":"closed","ping_status":"closed","template":"","meta":{"footnotes":""},"class_list":["post-215","page","type-page","status-publish","hentry"],"acf":[],"_links":{"self":[{"href":"https:\/\/pos.uel.br\/linguaportuguesa\/wp-json\/wp\/v2\/pages\/215","targetHints":{"allow":["GET"]}}],"collection":[{"href":"https:\/\/pos.uel.br\/linguaportuguesa\/wp-json\/wp\/v2\/pages"}],"about":[{"href":"https:\/\/pos.uel.br\/linguaportuguesa\/wp-json\/wp\/v2\/types\/page"}],"author":[{"embeddable":true,"href":"https:\/\/pos.uel.br\/linguaportuguesa\/wp-json\/wp\/v2\/users\/8"}],"replies":[{"embeddable":true,"href":"https:\/\/pos.uel.br\/linguaportuguesa\/wp-json\/wp\/v2\/comments?post=215"}],"version-history":[{"count":6,"href":"https:\/\/pos.uel.br\/linguaportuguesa\/wp-json\/wp\/v2\/pages\/215\/revisions"}],"predecessor-version":[{"id":253,"href":"https:\/\/pos.uel.br\/linguaportuguesa\/wp-json\/wp\/v2\/pages\/215\/revisions\/253"}],"wp:attachment":[{"href":"https:\/\/pos.uel.br\/linguaportuguesa\/wp-json\/wp\/v2\/media?parent=215"}],"curies":[{"name":"wp","href":"https:\/\/api.w.org\/{rel}","templated":true}]}}

Localização

<p>Secretaria Geral de Pós-Graduação Lato Sensu no CLCH &#8211; Centro de Letras e Ciências Humanas:</p>



<iframe src="https://www.google.com/maps/embed?pb=!1m18!1m12!1m3!1d3663.744437767473!2d-51.20706512483397!3d-23.325029452952077!2m3!1f0!2f0!3f0!3m2!1i1024!2i768!4f13.1!3m3!1m2!1s0x94eb5c9e18376295%3A0x4f4dc7c57a1024df!2sCLCH%20-%20Centro%20de%20Letras%20e%20Ci%C3%AAncias%20Humanas!5e0!3m2!1spt-BR!2sbr!4v1753128244023!5m2!1spt-BR!2sbr" width="1000" height="600" style="border:0;" allowfullscreen="" loading="lazy" referrerpolicy="no-referrer-when-downgrade"></iframe>

<p>Secretaria Geral de Pós-Graduação Lato Sensu no CLCH &#8211; Centro de Letras e Ciências Humanas:</p>
