{"id":199,"date":"2025-07-18T15:58:33","date_gmt":"2025-07-18T18:58:33","guid":{"rendered":"https:\/\/pos.uel.br\/linguaportuguesa\/?page_id=199"},"modified":"2025-07-21T16:55:30","modified_gmt":"2025-07-21T19:55:30","slug":"sobre-o-curso","status":"publish","type":"page","link":"https:\/\/pos.uel.br\/linguaportuguesa\/sobre-o-curso\/","title":{"rendered":"Sobre o curso"},"content":{"rendered":"\n<h5 class=\"wp-block-heading\">CALEND\u00c1RIO LATO SENSU<\/h5>\n\n\n\n<p>15 de abril de 2025<\/p>\n\n\n\n<h5 class=\"wp-block-heading\">IN\u00cdCIO DAS AULAS \u2013 24 DE MAR\u00c7O (19H15 \u2013 SALA 129)<\/h5>\n\n\n\n<p>12 de mar\u00e7o de 2025<\/p>\n\n\n\n<h5 class=\"wp-block-heading\">QUADRO DE HOR\u00c1RIO\/DISCIPLINAS<\/h5>\n\n\n\n<p>19 de fevereiro de 2025<\/p>\n\n\n\n<h5 class=\"wp-block-heading\">EDITAL DE RESULTADO E CONVOCA\u00c7\u00c3O PARA MATR\u00cdCULA<\/h5>\n\n\n\n<h5 class=\"wp-block-heading\">PROVA ESCRITA \u2013 DIA 03 DE FEVEREIRO, \u00c0S 19H, SALA 1, CLCH<\/h5>\n\n\n\n<p>29 de janeiro de 2025<\/p>\n\n\n\n<h5 class=\"wp-block-heading\">Curso de Especializa\u00e7\u00e3o em L\u00edngua Portuguesa<\/h5>\n\n\n\n<p>28 de outubro de 2024<\/p>\n\n\n\n<p>A p\u00f3s-gradua\u00e7\u00e3o lato sensu em L\u00edngua Portuguesa oferece disciplinas espec\u00edficas da \u00e1rea, enfatizando tanto a l\u00edngua\/linguagem quanto a metodologia de ensino de leitura, produ\u00e7\u00e3o de texto e an\u00e1lise lingu\u00edstica. <\/p>\n\n\n\n<p>S\u00e3o 9 disciplinas, com 45h cada, al\u00e9m da Monografia Final, durante 18 meses. <\/p>\n\n\n\n<p>O curso qualifica o docente a estar preparado para o desafio de ensinar!<\/p>\n\n\n\n<p><\/p>\n\n\n\n<p><\/p>\n\n\n\n<p><\/p>\n","protected":false},"excerpt":{"rendered":"<p>CALEND\u00c1RIO LATO SENSU 15 de abril de 2025 IN\u00cdCIO DAS AULAS \u2013 24 DE MAR\u00c7O (19H15 \u2013 SALA 129) 12 de mar\u00e7o de 2025 QUADRO DE HOR\u00c1RIO\/DISCIPLINAS 19 de fevereiro de 2025 EDITAL DE RESULTADO E CONVOCA\u00c7\u00c3O PARA MATR\u00cdCULA PROVA ESCRITA \u2013 DIA 03 DE FEVEREIRO, \u00c0S 19H, SALA 1, CLCH 29 de janeiro de [&hellip;]<\/p>\n","protected":false},"author":8,"featured_media":0,"parent":0,"menu_order":0,"comment_status":"closed","ping_status":"closed","template":"","meta":{"footnotes":""},"class_list":["post-199","page","type-page","status-publish","hentry"],"acf":[],"_links":{"self":[{"href":"https:\/\/pos.uel.br\/linguaportuguesa\/wp-json\/wp\/v2\/pages\/199","targetHints":{"allow":["GET"]}}],"collection":[{"href":"https:\/\/pos.uel.br\/linguaportuguesa\/wp-json\/wp\/v2\/pages"}],"about":[{"href":"https:\/\/pos.uel.br\/linguaportuguesa\/wp-json\/wp\/v2\/types\/page"}],"author":[{"embeddable":true,"href":"https:\/\/pos.uel.br\/linguaportuguesa\/wp-json\/wp\/v2\/users\/8"}],"replies":[{"embeddable":true,"href":"https:\/\/pos.uel.br\/linguaportuguesa\/wp-json\/wp\/v2\/comments?post=199"}],"version-history":[{"count":4,"href":"https:\/\/pos.uel.br\/linguaportuguesa\/wp-json\/wp\/v2\/pages\/199\/revisions"}],"predecessor-version":[{"id":246,"href":"https:\/\/pos.uel.br\/linguaportuguesa\/wp-json\/wp\/v2\/pages\/199\/revisions\/246"}],"wp:attachment":[{"href":"https:\/\/pos.uel.br\/linguaportuguesa\/wp-json\/wp\/v2\/media?parent=199"}],"curies":[{"name":"wp","href":"https:\/\/api.w.org\/{rel}","templated":true}]}}

<h5 class="wp-block-heading">CALENDÁRIO LATO SENSU</h5>



<p>15 de abril de 2025</p>



<h5 class="wp-block-heading">INÍCIO DAS AULAS – 24 DE MARÇO (19H15 – SALA 129)</h5>



<p>12 de março de 2025</p>



<h5 class="wp-block-heading">QUADRO DE HORÁRIO/DISCIPLINAS</h5>



<p>19 de fevereiro de 2025</p>



<h5 class="wp-block-heading">EDITAL DE RESULTADO E CONVOCAÇÃO PARA MATRÍCULA</h5>



<h5 class="wp-block-heading">PROVA ESCRITA – DIA 03 DE FEVEREIRO, ÀS 19H, SALA 1, CLCH</h5>



<p>29 de janeiro de 2025</p>



<h5 class="wp-block-heading">Curso de Especialização em Língua Portuguesa</h5>



<p>28 de outubro de 2024</p>



<p>A pós-graduação lato sensu em Língua Portuguesa oferece disciplinas específicas da área, enfatizando tanto a língua/linguagem quanto a metodologia de ensino de leitura, produção de texto e análise linguística. </p>



<p>São 9 disciplinas, com 45h cada, além da Monografia Final, durante 18 meses. </p>



<p>O curso qualifica o docente a estar preparado para o desafio de ensinar!</p>



<p></p>



<p></p>



<p></p>

<p>CALENDÁRIO LATO SENSU 15 de abril de 2025 INÍCIO DAS AULAS – 24 DE MARÇO (19H15 – SALA 129) 12 de março de 2025 QUADRO DE HORÁRIO/DISCIPLINAS 19 de fevereiro de 2025 EDITAL DE RESULTADO E CONVOCAÇÃO PARA MATRÍCULA PROVA ESCRITA – DIA 03 DE FEVEREIRO, ÀS 19H, SALA 1, CLCH 29 de janeiro de [&hellip;]</p>
