{"id":9685,"date":"2025-03-09T21:06:58","date_gmt":"2025-03-10T00:06:58","guid":{"rendered":"https:\/\/pos.uel.br\/letras\/?page_id=9685"},"modified":"2025-03-19T23:38:12","modified_gmt":"2025-03-20T02:38:12","slug":"ingresso_no_ppgl","status":"publish","type":"page","link":"https:\/\/pos.uel.br\/letras\/ingresso_no_ppgl\/","title":{"rendered":"Ingresso no PPGL"},"content":{"rendered":"\n<p><\/p>\n\n\n\n<p style=\"font-size:15px\">O PPGL publica periodicamente, em conformidade com o <a href=\"https:\/\/pos.uel.br\/letras\/wp-content\/uploads\/2025\/01\/CalendarioStricto_2025-2026.pdf\" target=\"_blank\" rel=\"noreferrer noopener\">Calend\u00e1rio acad\u00eamico <em>Stricto sensu <\/em>da PROPPG<\/a> (Pr\u00f3-Reitoria de Pesquisa e P\u00f3s-gradua\u00e7\u00e3o) da Universidade Estadual de Londrina, os editais para o processo de sele\u00e7\u00e3o para ingresso nos cursos de Mestrado e Doutorado em Letras da UEL.<\/p>\n\n\n\n<p style=\"font-size:15px\"><strong>1)  P\u00fablico alvo<\/strong><br>Podem candidatar-se ao processo seletivo graduados\/as ou graduandos\/as do \u00faltimo ano em Letras, Comunica\u00e7\u00e3o, Hist\u00f3ria, Geografia, Filosofia, Ci\u00eancias Sociais, Pedagogia, Direito, Artes e \u00e1reas afins, especialistas e mestres nessas mesmas \u00e1reas.<br><br><strong>2) Formas de ingresso<\/strong><\/p>\n\n\n\n<p style=\"font-size:15px\">Em conformidade com a <a href=\"https:\/\/pos.uel.br\/letras\/wp-content\/uploads\/2025\/03\/Resoluc%CC%A7a%CC%83o-CEPE-034-2021-cotas-po%CC%81s.pdf\" target=\"_blank\" rel=\"noreferrer noopener\">RESOLU\u00c7\u00c3O CEPE N\u00ba 34\/2021<\/a>, o processo seletivo para o ingresso de estudantes no Programa de P\u00f3s-gradua\u00e7\u00e3o em Letras ocorrer\u00e1 por meio de quatro modalidades de vagas.<br> <br>I \u2013 Ampla Concorr\u00eancia: aquelas que n\u00e3o est\u00e3o submetidas a nenhuma modalidade de reserva ou suplementariedade de vagas;<br>II \u2013 Reservadas para pessoas autodeclaradas negras (pretas e pardas);<br>III \u2013 Suplementares para pessoas autodeclaradas ind\u00edgenas;<br>IV \u2013 Suplementares para pessoas com defici\u00eancia.<br><br><strong>3) Vagas<\/strong><br><br>Para o Mestrado, o PPGL oferta at\u00e9 40 (quarenta) vagas, sendo 30% reservadas a candidatos\/as negros\/as (pretos\/as e pardos\/as) e 5% de vagas suplementares (al\u00e9m do n\u00famero ofertado pelo Programa) para candidatos\/as ind\u00edgenas e 5% de vagas suplementares (al\u00e9m do n\u00famero ofertado pelo Programa) para candidatos\/as com defici\u00eancia que atendam aos requisitos estabelecidos nos editais.<br>Para o Doutorado, o PPGL oferta at\u00e9 20 (vinte) vagas, sendo 30% reservadas a candidatos\/as negros\/as (pretos\/as e pardos\/as) e 5% de vagas suplementares (al\u00e9m do n\u00famero ofertado pelo Programa) para candidatos\/as ind\u00edgenas e 5% de vagas suplementares (al\u00e9m do n\u00famero ofertado pelo Programa) para candidatos\/as com defici\u00eancia que atendam aos requisitos estabelecidos nos editais.<br><br>Por recomenda\u00e7\u00e3o da Comiss\u00e3o Coordenadora e da Comiss\u00e3o de Sele\u00e7\u00e3o, observados os limites m\u00e1ximos de vagas assumidas por orientador\/a e a oferta total de vagas, poder\u00e3o ser remanejadas vagas entre os cursos (Mestrado e Doutorado) e entre os\/as orientadores\/as, em fun\u00e7\u00e3o do resultado final.<\/p>\n\n\n\n<p><\/p>\n\n\n\n<p><br><br><\/p>\n\n\n\n<p><br><br><\/p>\n","protected":false},"excerpt":{"rendered":"<p>O PPGL publica periodicamente, em conformidade com o Calend\u00e1rio acad\u00eamico Stricto sensu da PROPPG (Pr\u00f3-Reitoria de Pesquisa e P\u00f3s-gradua\u00e7\u00e3o) da Universidade Estadual de Londrina, os editais para o processo de sele\u00e7\u00e3o para ingresso nos cursos de Mestrado e Doutorado em Letras da UEL. 1) P\u00fablico alvoPodem candidatar-se ao processo seletivo graduados\/as ou graduandos\/as do \u00faltimo [&hellip;]<\/p>\n","protected":false},"author":9,"featured_media":0,"parent":0,"menu_order":0,"comment_status":"closed","ping_status":"closed","template":"","meta":{"_acf_changed":false,"footnotes":""},"class_list":["post-9685","page","type-page","status-publish","hentry"],"acf":[],"_links":{"self":[{"href":"https:\/\/pos.uel.br\/letras\/wp-json\/wp\/v2\/pages\/9685","targetHints":{"allow":["GET"]}}],"collection":[{"href":"https:\/\/pos.uel.br\/letras\/wp-json\/wp\/v2\/pages"}],"about":[{"href":"https:\/\/pos.uel.br\/letras\/wp-json\/wp\/v2\/types\/page"}],"author":[{"embeddable":true,"href":"https:\/\/pos.uel.br\/letras\/wp-json\/wp\/v2\/users\/9"}],"replies":[{"embeddable":true,"href":"https:\/\/pos.uel.br\/letras\/wp-json\/wp\/v2\/comments?post=9685"}],"version-history":[{"count":15,"href":"https:\/\/pos.uel.br\/letras\/wp-json\/wp\/v2\/pages\/9685\/revisions"}],"predecessor-version":[{"id":9939,"href":"https:\/\/pos.uel.br\/letras\/wp-json\/wp\/v2\/pages\/9685\/revisions\/9939"}],"wp:attachment":[{"href":"https:\/\/pos.uel.br\/letras\/wp-json\/wp\/v2\/media?parent=9685"}],"curies":[{"name":"wp","href":"https:\/\/api.w.org\/{rel}","templated":true}]}}

<p></p>



<p style="font-size:15px">O PPGL publica periodicamente, em conformidade com o <a href="https://pos.uel.br/letras/wp-content/uploads/2025/01/CalendarioStricto_2025-2026.pdf" target="_blank" rel="noreferrer noopener">Calendário acadêmico <em>Stricto sensu </em>da PROPPG</a> (Pró-Reitoria de Pesquisa e Pós-graduação) da Universidade Estadual de Londrina, os editais para o processo de seleção para ingresso nos cursos de Mestrado e Doutorado em Letras da UEL.</p>



<p style="font-size:15px"><strong>1)  Público alvo</strong><br>Podem candidatar-se ao processo seletivo graduados/as ou graduandos/as do último ano em Letras, Comunicação, História, Geografia, Filosofia, Ciências Sociais, Pedagogia, Direito, Artes e áreas afins, especialistas e mestres nessas mesmas áreas.<br><br><strong>2) Formas de ingresso</strong></p>



<p style="font-size:15px">Em conformidade com a <a href="https://pos.uel.br/letras/wp-content/uploads/2025/03/Resoluc%CC%A7a%CC%83o-CEPE-034-2021-cotas-po%CC%81s.pdf" target="_blank" rel="noreferrer noopener">RESOLUÇÃO CEPE Nº 34/2021</a>, o processo seletivo para o ingresso de estudantes no Programa de Pós-graduação em Letras ocorrerá por meio de quatro modalidades de vagas.<br> <br>I – Ampla Concorrência: aquelas que não estão submetidas a nenhuma modalidade de reserva ou suplementariedade de vagas;<br>II – Reservadas para pessoas autodeclaradas negras (pretas e pardas);<br>III – Suplementares para pessoas autodeclaradas indígenas;<br>IV – Suplementares para pessoas com deficiência.<br><br><strong>3) Vagas</strong><br><br>Para o Mestrado, o PPGL oferta até 40 (quarenta) vagas, sendo 30% reservadas a candidatos/as negros/as (pretos/as e pardos/as) e 5% de vagas suplementares (além do número ofertado pelo Programa) para candidatos/as indígenas e 5% de vagas suplementares (além do número ofertado pelo Programa) para candidatos/as com deficiência que atendam aos requisitos estabelecidos nos editais.<br>Para o Doutorado, o PPGL oferta até 20 (vinte) vagas, sendo 30% reservadas a candidatos/as negros/as (pretos/as e pardos/as) e 5% de vagas suplementares (além do número ofertado pelo Programa) para candidatos/as indígenas e 5% de vagas suplementares (além do número ofertado pelo Programa) para candidatos/as com deficiência que atendam aos requisitos estabelecidos nos editais.<br><br>Por recomendação da Comissão Coordenadora e da Comissão de Seleção, observados os limites máximos de vagas assumidas por orientador/a e a oferta total de vagas, poderão ser remanejadas vagas entre os cursos (Mestrado e Doutorado) e entre os/as orientadores/as, em função do resultado final.</p>



<p></p>



<p><br><br></p>



<p><br><br></p>

<p>O PPGL publica periodicamente, em conformidade com o Calendário acadêmico Stricto sensu da PROPPG (Pró-Reitoria de Pesquisa e Pós-graduação) da Universidade Estadual de Londrina, os editais para o processo de seleção para ingresso nos cursos de Mestrado e Doutorado em Letras da UEL. 1) Público alvoPodem candidatar-se ao processo seletivo graduados/as ou graduandos/as do último [&hellip;]</p>
