{"id":9679,"date":"2025-03-09T20:57:57","date_gmt":"2025-03-09T23:57:57","guid":{"rendered":"https:\/\/pos.uel.br\/letras\/?page_id=9679"},"modified":"2025-03-20T10:29:18","modified_gmt":"2025-03-20T13:29:18","slug":"procesos-de-seleccion-del-ppgl","status":"publish","type":"page","link":"https:\/\/pos.uel.br\/letras\/es\/procesos-de-seleccion-del-ppgl\/","title":{"rendered":"Ingreso al PPGL"},"content":{"rendered":"\n<p><\/p>\n\n\n\n<p style=\"font-size:15px\">El PPGL publica peri\u00f3dicamente, de acuerdo con el <a href=\"https:\/\/pos.uel.br\/letras\/wp-content\/uploads\/2025\/01\/CalendarioStricto_2025-2026.pdf\" target=\"_blank\" rel=\"noreferrer noopener\">Calendario Acad\u00e9mico <em>Stricto Sensu <\/em>de la PROPPG <\/a>(Prorrector\u00eda de Investigaci\u00f3n y Posgrado) de la Universidad Estatal de Londrina, los edictos para el proceso de selecci\u00f3n de ingreso a los cursos de Maestr\u00eda y Doctorado en Letras de la UEL.<\/p>\n\n\n\n<h3 class=\"wp-block-heading\" style=\"font-size:15px\">1) P\u00fablico objetivo<\/h3>\n\n\n\n<p style=\"font-size:15px\">Pueden postularse al proceso selectivo graduados\/as o estudiantes en su \u00faltimo a\u00f1o de Letras, Comunicaci\u00f3n, Historia, Geograf\u00eda, Filosof\u00eda, Ciencias Sociales, Pedagog\u00eda, Derecho, Artes y \u00e1reas afines, as\u00ed como especialistas y maestros\/as en esas mismas \u00e1reas.<\/p>\n\n\n\n<h3 class=\"wp-block-heading\" style=\"font-size:15px\">2) Formas de ingreso<\/h3>\n\n\n\n<p style=\"font-size:15px\">De acuerdo con la <a href=\"https:\/\/pos.uel.br\/letras\/wp-content\/uploads\/2025\/03\/Resoluc%CC%A7a%CC%83o-CEPE-034-2021-cotas-po%CC%81s.pdf\" target=\"_blank\" rel=\"noreferrer noopener\">RESOLU\u00c7\u00c3O CEPE N\u00ba 34\/2021<\/a>, el proceso selectivo para el ingreso de estudiantes en el Programa de Posgrado en Letras se realizar\u00e1 a trav\u00e9s de cuatro modalidades de vacantes:<\/p>\n\n\n\n<p style=\"font-size:15px\">I \u2013 Ampla Concorr\u00eancia: vacantes que no est\u00e1n sujetas a ninguna modalidad de reserva o suplementaci\u00f3n.<br>II \u2013 Reservadas para personas autodeclaradas negras (negras y mestizas).<br>III \u2013 Suplementarias para personas autodeclaradas ind\u00edgenas.<br>IV \u2013 Suplementarias para personas con discapacidad.<\/p>\n\n\n\n<h3 class=\"wp-block-heading\" style=\"font-size:15px\">3) Vacantes<\/h3>\n\n\n\n<p style=\"font-size:15px\">Para la <strong>Maestr\u00eda<\/strong>, el PPGL ofrece hasta 40 (cuarenta) vacantes, de las cuales el 30% est\u00e1n reservadas para candidatos\/as negros\/as (negras y mestizas) y un 5% de vacantes suplementarias (adem\u00e1s del n\u00famero ofrecido por el Programa) para candidatos\/as ind\u00edgenas y un 5% de vacantes suplementarias (adem\u00e1s del n\u00famero ofrecido por el Programa) para candidatos\/as con discapacidad que cumplan con los requisitos establecidos en los edictos.<\/p>\n\n\n\n<p style=\"font-size:15px\">Para el <strong>Doctorado<\/strong>, el PPGL ofrece hasta 20 (veinte) vacantes, de las cuales el 30% est\u00e1n reservadas para candidatos\/as negros\/as (negras y mestizas) y un 5% de vacantes suplementarias (adem\u00e1s del n\u00famero ofrecido por el Programa) para candidatos\/as ind\u00edgenas y un 5% de vacantes suplementarias (adem\u00e1s del n\u00famero ofrecido por el Programa) para candidatos\/as con discapacidad que cumplan con los requisitos establecidos en los edictos.<\/p>\n\n\n\n<p style=\"font-size:15px\">Por recomendaci\u00f3n de la Comisi\u00f3n Coordinadora y la Comisi\u00f3n de Selecci\u00f3n, observando los l\u00edmites m\u00e1ximos de vacantes asignadas por orientador\/a y la oferta total de vacantes, podr\u00e1n reasignarse vacantes entre los cursos (Maestr\u00eda y Doctorado) y entre los\/as orientadores\/as, en funci\u00f3n del resultado final.<\/p>\n\n\n\n<p><\/p>\n\n\n\n<p><\/p>\n","protected":false},"excerpt":{"rendered":"<p>El PPGL publica peri\u00f3dicamente, de acuerdo con el Calendario Acad\u00e9mico Stricto Sensu de la PROPPG (Prorrector\u00eda de Investigaci\u00f3n y Posgrado) de la Universidad Estatal de Londrina, los edictos para el proceso de selecci\u00f3n de ingreso a los cursos de Maestr\u00eda y Doctorado en Letras de la UEL. 1) P\u00fablico objetivo Pueden postularse al proceso selectivo [&hellip;]<\/p>\n","protected":false},"author":9,"featured_media":0,"parent":0,"menu_order":0,"comment_status":"closed","ping_status":"closed","template":"","meta":{"_acf_changed":false,"footnotes":""},"class_list":["post-9679","page","type-page","status-publish","hentry"],"acf":[],"_links":{"self":[{"href":"https:\/\/pos.uel.br\/letras\/wp-json\/wp\/v2\/pages\/9679","targetHints":{"allow":["GET"]}}],"collection":[{"href":"https:\/\/pos.uel.br\/letras\/wp-json\/wp\/v2\/pages"}],"about":[{"href":"https:\/\/pos.uel.br\/letras\/wp-json\/wp\/v2\/types\/page"}],"author":[{"embeddable":true,"href":"https:\/\/pos.uel.br\/letras\/wp-json\/wp\/v2\/users\/9"}],"replies":[{"embeddable":true,"href":"https:\/\/pos.uel.br\/letras\/wp-json\/wp\/v2\/comments?post=9679"}],"version-history":[{"count":10,"href":"https:\/\/pos.uel.br\/letras\/wp-json\/wp\/v2\/pages\/9679\/revisions"}],"predecessor-version":[{"id":9943,"href":"https:\/\/pos.uel.br\/letras\/wp-json\/wp\/v2\/pages\/9679\/revisions\/9943"}],"wp:attachment":[{"href":"https:\/\/pos.uel.br\/letras\/wp-json\/wp\/v2\/media?parent=9679"}],"curies":[{"name":"wp","href":"https:\/\/api.w.org\/{rel}","templated":true}]}}