{"id":9670,"date":"2025-03-09T20:45:22","date_gmt":"2025-03-09T23:45:22","guid":{"rendered":"https:\/\/pos.uel.br\/letras\/?page_id=9670"},"modified":"2025-03-09T21:57:01","modified_gmt":"2025-03-10T00:57:01","slug":"tesis-defendidas","status":"publish","type":"page","link":"https:\/\/pos.uel.br\/letras\/es\/tesis-defendidas\/","title":{"rendered":"Tesis defendidas"},"content":{"rendered":"\n<p><\/p>\n\n\n\n<p style=\"font-size:15px\">Las tesis de maestr\u00eda y doctorado del PPGL est\u00e1n en portugu\u00e9s y se pueden <a href=\"https:\/\/pos.uel.br\/letras\/dissertacoes-e-teses-defendidas\/\" target=\"_blank\" rel=\"noreferrer noopener\">acceder aqu\u00ed<\/a>.<\/p>\n","protected":false},"excerpt":{"rendered":"<p>Las tesis de maestr\u00eda y doctorado del PPGL est\u00e1n en portugu\u00e9s y se pueden acceder aqu\u00ed.<\/p>\n","protected":false},"author":9,"featured_media":0,"parent":0,"menu_order":0,"comment_status":"closed","ping_status":"closed","template":"","meta":{"_acf_changed":false,"footnotes":""},"class_list":["post-9670","page","type-page","status-publish","hentry"],"acf":[],"_links":{"self":[{"href":"https:\/\/pos.uel.br\/letras\/wp-json\/wp\/v2\/pages\/9670","targetHints":{"allow":["GET"]}}],"collection":[{"href":"https:\/\/pos.uel.br\/letras\/wp-json\/wp\/v2\/pages"}],"about":[{"href":"https:\/\/pos.uel.br\/letras\/wp-json\/wp\/v2\/types\/page"}],"author":[{"embeddable":true,"href":"https:\/\/pos.uel.br\/letras\/wp-json\/wp\/v2\/users\/9"}],"replies":[{"embeddable":true,"href":"https:\/\/pos.uel.br\/letras\/wp-json\/wp\/v2\/comments?post=9670"}],"version-history":[{"count":2,"href":"https:\/\/pos.uel.br\/letras\/wp-json\/wp\/v2\/pages\/9670\/revisions"}],"predecessor-version":[{"id":9675,"href":"https:\/\/pos.uel.br\/letras\/wp-json\/wp\/v2\/pages\/9670\/revisions\/9675"}],"wp:attachment":[{"href":"https:\/\/pos.uel.br\/letras\/wp-json\/wp\/v2\/media?parent=9670"}],"curies":[{"name":"wp","href":"https:\/\/api.w.org\/{rel}","templated":true}]}}