{"id":9260,"date":"2025-03-08T11:42:38","date_gmt":"2025-03-08T14:42:38","guid":{"rendered":"https:\/\/pos.uel.br\/letras\/?page_id=9260"},"modified":"2025-03-19T23:34:19","modified_gmt":"2025-03-20T02:34:19","slug":"selecao-2021_1","status":"publish","type":"page","link":"https:\/\/pos.uel.br\/letras\/selecao-2021_1\/","title":{"rendered":"Sele\u00e7\u00e3o 2021\/1"},"content":{"rendered":"\n<p><\/p>\n\n\n\n<p style=\"font-size:15px\"><a href=\"https:\/\/pos.uel.br\/letras\/wp-content\/uploads\/2025\/03\/Edital_selecao_20202.pdf\" target=\"_blank\" rel=\"noreferrer noopener\">EDITAL N\u00ba 21\/2020<\/a> \u2013 Sele\u00e7\u00e3o Mestrado e Doutorado<br><a href=\"https:\/\/pos.uel.br\/letras\/wp-content\/uploads\/2025\/03\/Edital_homologacao_2020_2.pdf\" target=\"_blank\" rel=\"noreferrer noopener\">EDITAL N\u00ba 02\/2021<\/a> \u2013 Inscri\u00e7\u00f5es homologadas<br><a href=\"https:\/\/pos.uel.br\/letras\/wp-content\/uploads\/2025\/03\/Edital_retificacao_2020_2.pdf\" target=\"_blank\" rel=\"noreferrer noopener\">EDITAL N\u00ba 03\/2021<\/a> \u2013 Retifica\u00e7\u00e3o do EDITAL N\u00ba 21\/2020<br><a href=\"https:\/\/pos.uel.br\/letras\/wp-content\/uploads\/2025\/03\/Edital_AprovadosFaseI_2020_2.pdf\" target=\"_blank\" rel=\"noreferrer noopener\">EDITAL N\u00ba 04\/2021<\/a> \u2013 Resultado Fase I<br><a href=\"https:\/\/pos.uel.br\/letras\/wp-content\/uploads\/2025\/03\/Resultado_recurso_faseI_2020_2.pdf\" target=\"_blank\" rel=\"noreferrer noopener\">EDITAL N\u00ba 05\/2021 <\/a>\u2013 Resultado de Recurso Fase I<br><a href=\"https:\/\/pos.uel.br\/letras\/wp-content\/uploads\/2025\/03\/Edital_entrevistas_2020_2.pdf\" target=\"_blank\" rel=\"noreferrer noopener\">EDITAL N\u00ba 06\/2021 <\/a>\u2013 Entrevistas aprovados na Fase I<br><a href=\"https:\/\/pos.uel.br\/letras\/wp-content\/uploads\/2025\/03\/Resultado_Extraoficial_2020_2.pdf\" target=\"_blank\" rel=\"noreferrer noopener\">EDITAL N\u00ba 07\/2021<\/a> \u2013 Resultado extraoficial Sele\u00e7\u00e3o Mestrado e Doutorado<br><a href=\"https:\/\/pos.uel.br\/letras\/wp-content\/uploads\/2025\/03\/convocacaomatricula_MESTRADO_2020_2.pdf\" target=\"_blank\" rel=\"noreferrer noopener\">EDITAL N\u00ba 08\/2021<\/a> \u2013 Resultado final e Convoca\u00e7\u00e3o para matr\u00edcula Mestrado<br><a href=\"https:\/\/pos.uel.br\/letras\/wp-content\/uploads\/2025\/03\/convocacaomatricula_DOUTORADO_2020_2.pdf\" target=\"_blank\" rel=\"noreferrer noopener\">EDITAL N\u00ba 09\/2021<\/a> \u2013 Resultado final e Convoca\u00e7\u00e3o para matr\u00edcula Doutorado<br><br><br><strong>EDITAIS PARA ESTUDANTE ESPECIAL <\/strong><br><br><a href=\"https:\/\/pos.uel.br\/letras\/wp-content\/uploads\/2025\/03\/1-Edital-Oferta-Estudante-Especial-PPGL-2021_1-1.pdf\" target=\"_blank\" rel=\"noreferrer noopener\">EDITAL N\u00ba 01\/2021 <\/a>\u2013 Estudante especial<br><br><br><br><\/p>\n","protected":false},"excerpt":{"rendered":"<p>EDITAL N\u00ba 21\/2020 \u2013 Sele\u00e7\u00e3o Mestrado e DoutoradoEDITAL N\u00ba 02\/2021 \u2013 Inscri\u00e7\u00f5es homologadasEDITAL N\u00ba 03\/2021 \u2013 Retifica\u00e7\u00e3o do EDITAL N\u00ba 21\/2020EDITAL N\u00ba 04\/2021 \u2013 Resultado Fase IEDITAL N\u00ba 05\/2021 \u2013 Resultado de Recurso Fase IEDITAL N\u00ba 06\/2021 \u2013 Entrevistas aprovados na Fase IEDITAL N\u00ba 07\/2021 \u2013 Resultado extraoficial Sele\u00e7\u00e3o Mestrado e DoutoradoEDITAL N\u00ba 08\/2021 \u2013 [&hellip;]<\/p>\n","protected":false},"author":9,"featured_media":0,"parent":0,"menu_order":0,"comment_status":"closed","ping_status":"closed","template":"","meta":{"_acf_changed":false,"footnotes":""},"class_list":["post-9260","page","type-page","status-publish","hentry"],"acf":[],"_links":{"self":[{"href":"https:\/\/pos.uel.br\/letras\/wp-json\/wp\/v2\/pages\/9260","targetHints":{"allow":["GET"]}}],"collection":[{"href":"https:\/\/pos.uel.br\/letras\/wp-json\/wp\/v2\/pages"}],"about":[{"href":"https:\/\/pos.uel.br\/letras\/wp-json\/wp\/v2\/types\/page"}],"author":[{"embeddable":true,"href":"https:\/\/pos.uel.br\/letras\/wp-json\/wp\/v2\/users\/9"}],"replies":[{"embeddable":true,"href":"https:\/\/pos.uel.br\/letras\/wp-json\/wp\/v2\/comments?post=9260"}],"version-history":[{"count":28,"href":"https:\/\/pos.uel.br\/letras\/wp-json\/wp\/v2\/pages\/9260\/revisions"}],"predecessor-version":[{"id":9962,"href":"https:\/\/pos.uel.br\/letras\/wp-json\/wp\/v2\/pages\/9260\/revisions\/9962"}],"wp:attachment":[{"href":"https:\/\/pos.uel.br\/letras\/wp-json\/wp\/v2\/media?parent=9260"}],"curies":[{"name":"wp","href":"https:\/\/api.w.org\/{rel}","templated":true}]}}