{"id":8279,"date":"2025-03-02T17:26:48","date_gmt":"2025-03-02T20:26:48","guid":{"rendered":"https:\/\/pos.uel.br\/letras\/?page_id=8279"},"modified":"2025-03-03T08:42:02","modified_gmt":"2025-03-03T11:42:02","slug":"titulados-em-2024","status":"publish","type":"page","link":"https:\/\/pos.uel.br\/letras\/titulados-em-2024\/","title":{"rendered":"Titulados em 2024"},"content":{"rendered":"\n<p><\/p>\n\n\n\n<figure class=\"wp-block-table has-small-font-size\"><table><tbody><tr><td><strong>DOUTORADO<\/strong><\/td><\/tr><tr><td>JO\u00c3O PAULO TOLEDO DE CARVALHO \u2013 <a href=\"http:\/\/lattes.cnpq.br\/5413266114019474\" target=\"_blank\" rel=\"noreferrer noopener\">Lattes<\/a><br>Orientadora: Prof\u00aa Dr\u00aa Maria Carolina de Godoy<br>Data da defesa: 24\/01\/2024<br>\u00c1rea de atua\u00e7\u00e3o\/Institui\u00e7\u00e3o atual: <\/td><\/tr><tr><td>MIR\u00c9IA APARECIDA ALVES DO VALE \u2013 <a href=\"http:\/\/lattes.cnpq.br\/4042534516866071\" target=\"_blank\" rel=\"noreferrer noopener\">Lattes<\/a><br>Orientador: Prof. Dr. Alamir Aquino Corr\u00eaa<br>Data da defesa: 31\/01\/2024<br>\u00c1rea de atua\u00e7\u00e3o\/Institui\u00e7\u00e3o atual: PSS Secretaria Estadual de Educa\u00e7\u00e3o do Paran\u00e1<\/td><\/tr><tr><td>\u00c1LVARO PERINI CANHOLI \u2013 <a href=\"http:\/\/lattes.cnpq.br\/1943550699967267\" target=\"_blank\" rel=\"noreferrer noopener\">Lattes<\/a><br>Orientadora: Prof\u00aa Dr\u00aa Laura Taddei Brandini<br>Data da defesa: 09\/02\/2024<br>\u00c1rea de atua\u00e7\u00e3o\/Institui\u00e7\u00e3o atual: Produtor cultural<\/td><\/tr><tr><td>THAMIRIS YURI SILVEIRA PELLIZZARI \u2013 <a href=\"http:\/\/lattes.cnpq.br\/4322625780676282\" target=\"_blank\" rel=\"noreferrer noopener\">Lattes<\/a><br>Orientador: Prof. Dr. Luiz Carlos Santos Simon<br>Data da defesa: 17\/04\/2024<br>\u00c1rea de atua\u00e7\u00e3o\/Institui\u00e7\u00e3o atual:<\/td><\/tr><tr><td>PATR\u00cdCIA MARCONDES DE BARROS \u2013 <a href=\"http:\/\/lattes.cnpq.br\/2506079955768795\" target=\"_blank\" rel=\"noreferrer noopener\">Lattes<\/a><br>Orientador: Prof. Dr. Frederico Augusto Garcia Fernandes<br>Data da defesa: 27\/05\/2024<br>\u00c1rea de atua\u00e7\u00e3o\/Institui\u00e7\u00e3o atual: Professora colaboradora do Departamento de Hist\u00f3ria da Universidade Estadual de Londrina<\/td><\/tr><tr><td>EDUARDO LUIZ BACCARIN COSTA \u2013 <a href=\"http:\/\/lattes.cnpq.br\/6625645126461837\" target=\"_blank\" rel=\"noreferrer noopener\">Lattes<\/a><br>Orientadora: Prof\u00aa Dr\u00aa Telma Maciel da Silva<br>Data da defesa: 25\/06\/2024<br>\u00c1rea de atua\u00e7\u00e3o\/Institui\u00e7\u00e3o atual: Professor da Rede P\u00fablica Estadual de Ensino do Paran\u00e1<\/td><\/tr><tr><td>RHUAN FELIPE SCOMA\u00c7\u00c3O DA SILVA \u2013 <a href=\"http:\/\/lattes.cnpq.br\/4666950779460247\" target=\"_blank\" rel=\"noreferrer noopener\">Lattes<\/a><br>Orientador: Prof. Dr. Alamir Aquino Corr\u00eaa<br>Data da defesa: 20\/08\/2024<br>\u00c1rea de atua\u00e7\u00e3o\/Institui\u00e7\u00e3o atual: <\/td><\/tr><tr><td>ANA CAROLINA RIBEIRO \u2013 <a href=\"http:\/\/lattes.cnpq.br\/2923831976726955\" target=\"_blank\" rel=\"noreferrer noopener\">Lattes<\/a><br>Orientadora: Prof\u00aa Dr\u00aa Marta Dantas da Silva<br>Data da defesa: 27\/09\/2024<br>\u00c1rea de atua\u00e7\u00e3o\/Institui\u00e7\u00e3o atual: Professora colaboradora do Departamento de M\u00fasica e Teatro da Universidade Estadual de Londrina. Professora na Escola Municipal de Teatro de Londrina &#8211; FUNCART<\/td><\/tr><tr><td>SEBASTI\u00c3O BONIF\u00c1CIO J\u00daNIOR \u2013 <a href=\"http:\/\/lattes.cnpq.br\/0701012285827427\" target=\"_blank\" rel=\"noreferrer noopener\">Lattes<\/a><br>Orientador: Prof. Dr. Miguel Heitor Braga Vieira<br>Data da defesa: 21\/10\/2024<br>\u00c1rea de atua\u00e7\u00e3o\/Institui\u00e7\u00e3o atual: <\/td><\/tr><\/tbody><\/table><\/figure>\n\n\n\n<p><\/p>\n\n\n\n<figure class=\"wp-block-table has-small-font-size\"><table><tbody><tr><td><strong>MESTRADO<\/strong><\/td><\/tr><tr><td>ANA PAULA BALLADARES BARCELLOS \u2013 <a href=\"http:\/\/lattes.cnpq.br\/4821322501194495\" target=\"_blank\" rel=\"noreferrer noopener\">Lattes<\/a><br>Orientador: Prof. Dr. Alamir Aquino Corr\u00eaa<br>Data da defesa: 23\/01\/2024<br>\u00c1rea de atua\u00e7\u00e3o\/Institui\u00e7\u00e3o atual: <\/td><\/tr><tr><td>JENIFFER THALIA DO PRADO DA COSTA \u2013 <a href=\"http:\/\/lattes.cnpq.br\/8255519425288640\" target=\"_blank\" rel=\"noreferrer noopener\">Lattes<\/a><br>Orientador: Prof. Dr. Luiz Carlos Migliozzi Ferreira de Mello<br>Data da defesa: 19\/03\/2024<br>\u00c1rea de atua\u00e7\u00e3o\/Institui\u00e7\u00e3o atual: Respons\u00e1vel pela secretaria acad\u00eamica da UNESPAR (Campo Mour\u00e3o\/PR)<\/td><\/tr><tr><td>ANA CL\u00c9A DOS REIS \u2013 <a href=\"http:\/\/lattes.cnpq.br\/4176387189891675\" target=\"_blank\" rel=\"noreferrer noopener\">Lattes<\/a><br>Orientador: Prof. Dr. Silvio Cesar dos Santos Alves<br>Data da defesa: 19\/02\/2024<br>\u00c1rea de atua\u00e7\u00e3o\/Institui\u00e7\u00e3o atual: Professora na Secretaria Municipal de Educa\u00e7\u00e3o de Maring\u00e1 (SEDUC) no Atendimento Educacional Especializado (AEE)<\/td><\/tr><tr><td>ANDERSON NEGRETTI RIOS \u2013 <a href=\"http:\/\/lattes.cnpq.br\/3113363655190217\" target=\"_blank\" rel=\"noreferrer noopener\">Lattes<\/a><br>Orientadora: Prof\u00aa Dr\u00aa Barbara Cristina Marques<br>Data da defesa: 23\/05\/2024<br>\u00c1rea de atua\u00e7\u00e3o\/Institui\u00e7\u00e3o atual: <\/td><\/tr><tr><td>PAMELA MANOELA VELOZO DA SILVA \u2013 <a href=\"http:\/\/lattes.cnpq.br\/9950707659539385\" target=\"_blank\" rel=\"noreferrer noopener\">Lattes<\/a><br>Orientador: Prof. Dr. Silvio Cesar dos Santos Alves<br>Data da defesa: 28\/06\/2024<br>\u00c1rea de atua\u00e7\u00e3o\/Institui\u00e7\u00e3o atual: Professora PSS na Secretaria de Educa\u00e7\u00e3o do Estado do Paran\u00e1<\/td><\/tr><tr><td>BEATRIZ SOUZA FERREIRA \u2013 Lattes<br>Orientadora: Prof\u00aa Dr\u00aa Suely Leite<br>Data da defesa: 26\/07\/2024<br>\u00c1rea de atua\u00e7\u00e3o\/Institui\u00e7\u00e3o atual:<\/td><\/tr><tr><td>FERNANDO LEITE MATEUS \u2013 Lattes<br>Orientadora: Prof\u00aa Dr\u00aa Cl\u00e1udia Camardella Rio Doce<br>Data da defesa: 20\/08\/2024<br>\u00c1rea de atua\u00e7\u00e3o\/Institui\u00e7\u00e3o atual:<\/td><\/tr><tr><td>VIN\u00cdCIUS BARDI CASTILHO \u2013 Lattes<br>Orientador: Prof. Dr. Alamir Aquino Corr\u00eaa<br>Data da defesa: 20\/08\/2024<br>\u00c1rea de atua\u00e7\u00e3o\/Institui\u00e7\u00e3o atual:<\/td><\/tr><tr><td>ANDR\u00c9 HENRIQUE DE ALCANTARA \u2013 Lattes<br>Orientador: Prof. Dr. Luiz Carlos Santos Simon<br>Data da defesa: 30\/07\/2024<br>\u00c1rea de atua\u00e7\u00e3o\/Institui\u00e7\u00e3o atual:<\/td><\/tr><tr><td>AMANDA MARTINS REIS \u2013 Lattes<br>Orientadora: Prof\u00aa Dr\u00aa Laura Taddei Brandini<br>Data da defesa: 26\/07\/2024<br>\u00c1rea de atua\u00e7\u00e3o\/Institui\u00e7\u00e3o atual:<\/td><\/tr><tr><td>LUCAS MATHEUS DA SILVA CARVALHO \u2013 Lattes<br>Orientador: Prof. Dr. Luiz Carlos Santos Simon<br>Data da defesa: 20\/07\/2024<br>\u00c1rea de atua\u00e7\u00e3o\/Institui\u00e7\u00e3o atual:<\/td><\/tr><tr><td>FELIPE ZILIOTTO RECAMAN \u2013 Lattes<br>Orientador: Prof. Dr. Luiz Carlos Santos Simon<br>Data da defesa: 25\/09\/2024<br>\u00c1rea de atua\u00e7\u00e3o\/Institui\u00e7\u00e3o atual:<\/td><\/tr><tr><td>GUILHERME DE MARTINO CASADO \u2013 Lattes<br>Orientadora: Prof\u00aa Dr\u00aa Marta Dantas da Silva<br>Data da defesa: 25\/11\/2024<br>\u00c1rea de atua\u00e7\u00e3o\/Institui\u00e7\u00e3o atual:<\/td><\/tr><\/tbody><\/table><\/figure>\n","protected":false},"excerpt":{"rendered":"<p>DOUTORADO JO\u00c3O PAULO TOLEDO DE CARVALHO \u2013 LattesOrientadora: Prof\u00aa Dr\u00aa Maria Carolina de GodoyData da defesa: 24\/01\/2024\u00c1rea de atua\u00e7\u00e3o\/Institui\u00e7\u00e3o atual: MIR\u00c9IA APARECIDA ALVES DO VALE \u2013 LattesOrientador: Prof. Dr. Alamir Aquino Corr\u00eaaData da defesa: 31\/01\/2024\u00c1rea de atua\u00e7\u00e3o\/Institui\u00e7\u00e3o atual: PSS Secretaria Estadual de Educa\u00e7\u00e3o do Paran\u00e1 \u00c1LVARO PERINI CANHOLI \u2013 LattesOrientadora: Prof\u00aa Dr\u00aa Laura Taddei BrandiniData [&hellip;]<\/p>\n","protected":false},"author":9,"featured_media":0,"parent":0,"menu_order":0,"comment_status":"closed","ping_status":"closed","template":"","meta":{"_acf_changed":false,"footnotes":""},"class_list":["post-8279","page","type-page","status-publish","hentry"],"acf":[],"_links":{"self":[{"href":"https:\/\/pos.uel.br\/letras\/wp-json\/wp\/v2\/pages\/8279","targetHints":{"allow":["GET"]}}],"collection":[{"href":"https:\/\/pos.uel.br\/letras\/wp-json\/wp\/v2\/pages"}],"about":[{"href":"https:\/\/pos.uel.br\/letras\/wp-json\/wp\/v2\/types\/page"}],"author":[{"embeddable":true,"href":"https:\/\/pos.uel.br\/letras\/wp-json\/wp\/v2\/users\/9"}],"replies":[{"embeddable":true,"href":"https:\/\/pos.uel.br\/letras\/wp-json\/wp\/v2\/comments?post=8279"}],"version-history":[{"count":63,"href":"https:\/\/pos.uel.br\/letras\/wp-json\/wp\/v2\/pages\/8279\/revisions"}],"predecessor-version":[{"id":8369,"href":"https:\/\/pos.uel.br\/letras\/wp-json\/wp\/v2\/pages\/8279\/revisions\/8369"}],"wp:attachment":[{"href":"https:\/\/pos.uel.br\/letras\/wp-json\/wp\/v2\/media?parent=8279"}],"curies":[{"name":"wp","href":"https:\/\/api.w.org\/{rel}","templated":true}]}}