{"id":8267,"date":"2025-03-02T11:07:35","date_gmt":"2025-03-02T14:07:35","guid":{"rendered":"https:\/\/pos.uel.br\/letras\/?page_id=8267"},"modified":"2025-03-19T23:35:53","modified_gmt":"2025-03-20T02:35:53","slug":"selecao_2022_1-2","status":"publish","type":"page","link":"https:\/\/pos.uel.br\/letras\/selecao_2022_1-2\/","title":{"rendered":"Sele\u00e7\u00e3o 2022\/1"},"content":{"rendered":"\n<p><\/p>\n\n\n\n<p style=\"font-size:15px\"><a href=\"https:\/\/pos.uel.br\/letras\/wp-content\/uploads\/2025\/03\/Edital-29_20212.pdf\" target=\"_blank\" rel=\"noreferrer noopener\">EDITAL N\u00ba 29\/2021 <\/a>\u2013 Sele\u00e7\u00e3o Mestrado e Doutorado<br><a href=\"https:\/\/pos.uel.br\/letras\/wp-content\/uploads\/2025\/03\/Candidatos_Cadastro_unico.pdf\" target=\"_blank\" rel=\"noreferrer noopener\">CANDIDATOS CAD\u00daNICO<\/a><br><a href=\"https:\/\/pos.uel.br\/letras\/wp-content\/uploads\/2025\/03\/Edital-30_Inscric\u0327o\u0303es_homologadas.pdf\" target=\"_blank\" rel=\"noreferrer noopener\">EDITAL N\u00ba 30\/2021<\/a> \u2013 Inscri\u00e7\u00f5es homologadas<br><a href=\"https:\/\/pos.uel.br\/letras\/wp-content\/uploads\/2025\/03\/Edital-31_Resultado_fase1_2021_2.pdf\" target=\"_blank\" rel=\"noreferrer noopener\">EDITAL N\u00ba 31\/2021<\/a> \u2013 Resultado Fase I<br><a href=\"https:\/\/pos.uel.br\/letras\/wp-content\/uploads\/2025\/03\/Edital-32_Cronograma-entrevistas.pdf\" target=\"_blank\" rel=\"noreferrer noopener\">EDITAL N\u00ba 32\/2021<\/a> \u2013 Entrevistas<br><a href=\"https:\/\/pos.uel.br\/letras\/wp-content\/uploads\/2021\/12\/Edital-33-Resultado-da-selecao-PPGL-1.pdf\" target=\"_blank\" rel=\"noreferrer noopener\">EDITAL N\u00ba 33\/2021<\/a> \u2013 Resultado extra-oficial<br><a href=\"https:\/\/pos.uel.br\/letras\/wp-content\/uploads\/2022\/01\/8-Edital-02_2022_Resultado-Final_convocacao-matricula_DOUTORADO.pdf\" target=\"_blank\" rel=\"noreferrer noopener\">EDITAL N\u00ba 02\/2022<\/a> \u2013 Resultado final e Convoca\u00e7\u00e3o matr\u00edcula Doutorado<br><a href=\"https:\/\/pos.uel.br\/letras\/wp-content\/uploads\/2022\/01\/7-Edital-03_2022_Resultado-Final_convocacao-matricula_MESTRADO.pdf\" target=\"_blank\" rel=\"noreferrer noopener\">EDITAL N\u00ba 03\/2022<\/a> \u2013 Resultado final e Convoca\u00e7\u00e3o matr\u00edcula Mestrado<br><a href=\"https:\/\/pos.uel.br\/letras\/wp-content\/uploads\/2022\/02\/Edital_proficiencia2022-1.pdf\" target=\"_blank\" rel=\"noreferrer noopener\">EDITAL N\u00ba 04\/2022 <\/a>\u2013 Profici\u00eancia em L\u00edngua estrangeira<br><br><strong>EDITAIS PARA ESTUDANTE ESPECIAL <\/strong><br><br><a href=\"https:\/\/pos.uel.br\/letras\/wp-content\/uploads\/2022\/01\/1-Edital_01_2022-Oferta-Estudante-Especial-PPGL-2022_1.pdf\" target=\"_blank\" rel=\"noreferrer noopener\">EDITAL N\u00ba 01\/2022<\/a> \u2013 Sele\u00e7\u00e3o Estudante Especial<br><a href=\"https:\/\/pos.uel.br\/letras\/wp-content\/uploads\/2022\/02\/2-Edital-Resultado-Estudante-Especial-PPGL-2022-1.pdf\" target=\"_blank\" rel=\"noreferrer noopener\">EDITAL N\u00ba 07\/2022<\/a> \u2013 Resultado<br><\/p>\n","protected":false},"excerpt":{"rendered":"<p>EDITAL N\u00ba 29\/2021 \u2013 Sele\u00e7\u00e3o Mestrado e DoutoradoCANDIDATOS CAD\u00daNICOEDITAL N\u00ba 30\/2021 \u2013 Inscri\u00e7\u00f5es homologadasEDITAL N\u00ba 31\/2021 \u2013 Resultado Fase IEDITAL N\u00ba 32\/2021 \u2013 EntrevistasEDITAL N\u00ba 33\/2021 \u2013 Resultado extra-oficialEDITAL N\u00ba 02\/2022 \u2013 Resultado final e Convoca\u00e7\u00e3o matr\u00edcula DoutoradoEDITAL N\u00ba 03\/2022 \u2013 Resultado final e Convoca\u00e7\u00e3o matr\u00edcula MestradoEDITAL N\u00ba 04\/2022 \u2013 Profici\u00eancia em L\u00edngua estrangeira EDITAIS [&hellip;]<\/p>\n","protected":false},"author":9,"featured_media":0,"parent":0,"menu_order":0,"comment_status":"closed","ping_status":"closed","template":"","meta":{"_acf_changed":false,"footnotes":""},"class_list":["post-8267","page","type-page","status-publish","hentry"],"acf":[],"_links":{"self":[{"href":"https:\/\/pos.uel.br\/letras\/wp-json\/wp\/v2\/pages\/8267","targetHints":{"allow":["GET"]}}],"collection":[{"href":"https:\/\/pos.uel.br\/letras\/wp-json\/wp\/v2\/pages"}],"about":[{"href":"https:\/\/pos.uel.br\/letras\/wp-json\/wp\/v2\/types\/page"}],"author":[{"embeddable":true,"href":"https:\/\/pos.uel.br\/letras\/wp-json\/wp\/v2\/users\/9"}],"replies":[{"embeddable":true,"href":"https:\/\/pos.uel.br\/letras\/wp-json\/wp\/v2\/comments?post=8267"}],"version-history":[{"count":20,"href":"https:\/\/pos.uel.br\/letras\/wp-json\/wp\/v2\/pages\/8267\/revisions"}],"predecessor-version":[{"id":9960,"href":"https:\/\/pos.uel.br\/letras\/wp-json\/wp\/v2\/pages\/8267\/revisions\/9960"}],"wp:attachment":[{"href":"https:\/\/pos.uel.br\/letras\/wp-json\/wp\/v2\/media?parent=8267"}],"curies":[{"name":"wp","href":"https:\/\/api.w.org\/{rel}","templated":true}]}}

Seleção 2022/1

<p></p>



<p style="font-size:15px"><a href="https://pos.uel.br/letras/wp-content/uploads/2025/03/Edital-29_20212.pdf" target="_blank" rel="noreferrer noopener">EDITAL Nº 29/2021 </a>– Seleção Mestrado e Doutorado<br><a href="https://pos.uel.br/letras/wp-content/uploads/2025/03/Candidatos_Cadastro_unico.pdf" target="_blank" rel="noreferrer noopener">CANDIDATOS CADÚNICO</a><br><a href="https://pos.uel.br/letras/wp-content/uploads/2025/03/Edital-30_Inscrições_homologadas.pdf" target="_blank" rel="noreferrer noopener">EDITAL Nº 30/2021</a> – Inscrições homologadas<br><a href="https://pos.uel.br/letras/wp-content/uploads/2025/03/Edital-31_Resultado_fase1_2021_2.pdf" target="_blank" rel="noreferrer noopener">EDITAL Nº 31/2021</a> – Resultado Fase I<br><a href="https://pos.uel.br/letras/wp-content/uploads/2025/03/Edital-32_Cronograma-entrevistas.pdf" target="_blank" rel="noreferrer noopener">EDITAL Nº 32/2021</a> – Entrevistas<br><a href="https://pos.uel.br/letras/wp-content/uploads/2021/12/Edital-33-Resultado-da-selecao-PPGL-1.pdf" target="_blank" rel="noreferrer noopener">EDITAL Nº 33/2021</a> – Resultado extra-oficial<br><a href="https://pos.uel.br/letras/wp-content/uploads/2022/01/8-Edital-02_2022_Resultado-Final_convocacao-matricula_DOUTORADO.pdf" target="_blank" rel="noreferrer noopener">EDITAL Nº 02/2022</a> – Resultado final e Convocação matrícula Doutorado<br><a href="https://pos.uel.br/letras/wp-content/uploads/2022/01/7-Edital-03_2022_Resultado-Final_convocacao-matricula_MESTRADO.pdf" target="_blank" rel="noreferrer noopener">EDITAL Nº 03/2022</a> – Resultado final e Convocação matrícula Mestrado<br><a href="https://pos.uel.br/letras/wp-content/uploads/2022/02/Edital_proficiencia2022-1.pdf" target="_blank" rel="noreferrer noopener">EDITAL Nº 04/2022 </a>– Proficiência em Língua estrangeira<br><br><strong>EDITAIS PARA ESTUDANTE ESPECIAL </strong><br><br><a href="https://pos.uel.br/letras/wp-content/uploads/2022/01/1-Edital_01_2022-Oferta-Estudante-Especial-PPGL-2022_1.pdf" target="_blank" rel="noreferrer noopener">EDITAL Nº 01/2022</a> – Seleção Estudante Especial<br><a href="https://pos.uel.br/letras/wp-content/uploads/2022/02/2-Edital-Resultado-Estudante-Especial-PPGL-2022-1.pdf" target="_blank" rel="noreferrer noopener">EDITAL Nº 07/2022</a> – Resultado<br></p>

<p>EDITAL Nº 29/2021 – Seleção Mestrado e DoutoradoCANDIDATOS CADÚNICOEDITAL Nº 30/2021 – Inscrições homologadasEDITAL Nº 31/2021 – Resultado Fase IEDITAL Nº 32/2021 – EntrevistasEDITAL Nº 33/2021 – Resultado extra-oficialEDITAL Nº 02/2022 – Resultado final e Convocação matrícula DoutoradoEDITAL Nº 03/2022 – Resultado final e Convocação matrícula MestradoEDITAL Nº 04/2022 – Proficiência em Língua estrangeira EDITAIS [&hellip;]</p>
