{"id":7498,"date":"2025-02-05T14:13:42","date_gmt":"2025-02-05T17:13:42","guid":{"rendered":"https:\/\/pos.uel.br\/letras\/?page_id=7498"},"modified":"2025-03-09T23:05:47","modified_gmt":"2025-03-10T02:05:47","slug":"estudios-avanzados","status":"publish","type":"page","link":"https:\/\/pos.uel.br\/letras\/es\/estudios-avanzados\/","title":{"rendered":"Estudios avanzados"},"content":{"rendered":"\n<p><\/p>\n\n\n\n<p style=\"font-size:15px\">Los Estudios Avanzados constituyen una disciplina de 1 cr\u00e9dito, a cargo de un profesor invitado, que aborda un tema espec\u00edfico. El estudiante de Maestr\u00eda debe cursar dos Estudios Avanzados, y el de Doctorado, cuatro, a lo largo del curso. Excepcionalmente, cuando hay profesores visitantes por un semestre o m\u00e1s, se ofrece un Estudio Avanzado con tres cr\u00e9ditos, lo que permite una mayor interacci\u00f3n de los estudiantes con el profesor visitante. Los Estudios Avanzados brindan a los estudiantes la oportunidad de entrar en contacto con una gama a\u00fan m\u00e1s amplia de posibilidades tem\u00e1ticas y de investigaci\u00f3n, enriqueciendo su formaci\u00f3n. Anualmente, el PPGL ofrece al menos 4 Estudios Avanzados.<br><br><\/p>\n\n\n\n<p style=\"font-size:15px\"><\/p>\n\n\n\n<blockquote class=\"wp-block-quote is-layout-flow wp-block-quote-is-layout-flow\">\n<p style=\"font-size:15px\"><strong>OFERTA 2025<\/strong><\/p>\n<\/blockquote>\n\n\n\n<p>Pr\u00f3ximamente, el PPGL publicar\u00e1 los Estudios Avanzados que se ofrecer\u00e1n en el a\u00f1o 2025.<\/p>\n\n\n\n<p><\/p>\n\n\n\n<div class=\"wp-block-columns is-layout-flex wp-container-core-columns-is-layout-9d6595d7 wp-block-columns-is-layout-flex\">\n<div class=\"wp-block-column is-layout-flow wp-block-column-is-layout-flow\">\n<blockquote class=\"wp-block-quote is-layout-flow wp-block-quote-is-layout-flow\">\n<p><strong>Estudios avanzados en el quatri\u00eanio 2021-2024<\/strong><\/p>\n<\/blockquote>\n\n\n\n<p style=\"font-size:15px\"><strong>2024<\/strong><\/p>\n\n\n\n<p style=\"font-size:15px\"><strong>T\u00edtulo: <\/strong>Materialidades da literatura: uma breve introdu\u00e7\u00e3o<br><strong>Profesor invitado:<\/strong> Prof. Dr. Gustavo Ramos de Souza (Profesor colaborador del LET\/UEL y Posdoctorando del PPGL)<br><strong>L\u00ednea de investigaci\u00f3n:<\/strong> Intermedialidades y nuevas formas art\u00edsticas<br><br><strong>T\u00edtulo<\/strong>: A poesia como forma de resist\u00eancia: uma breve hist\u00f3ria da literatura ucraniana<br><strong>Profesora invitada:<\/strong> Prof\u00aa Dr\u00aa Kateryna Hodik (Profesora visitante del PPGL)<br><strong><strong><strong>L\u00ednea de investigaci\u00f3n<\/strong><\/strong><\/strong>: Representaciones y textualidades<br><br><strong>T\u00edtulo<\/strong>: Romances brasileiros e hist\u00f3rias liter\u00e1rias\u00a0<br><strong>Profesor del PPGL:<\/strong> Prof. Dr. Luiz Carlos Santos Simon<br><strong><strong><strong><strong><strong>L\u00ednea de investigaci\u00f3n<\/strong><\/strong><\/strong>:<\/strong><\/strong> Construcciones y procesos identitarios<br><br><strong>2023<\/strong><br><br><strong>T\u00edtulo<\/strong>: Coletivos Po\u00e9ticos: performance, afeto e leitura<br><strong><strong>Profesora invitada:<\/strong><\/strong> Prof\u00aa Dr\u00aa Gisele Gemmi Chiari (Secretaria do Estado de Educa\u00e7\u00e3o de Bras\u00edlia\/Posdoctoranda del PPGL)<br><strong>Profesor del PPGL: <\/strong>Prof. Dr. Frederico Augusto Garcia Fernandes<br><strong>L\u00ednea de investigaci\u00f3n:<\/strong> Intermedialidades y nuevas formas art\u00edsticas<br><br><strong>T\u00edtulo<\/strong>: Oralidade e Literatura<br><strong><strong><strong>Profesora invitada:<\/strong><\/strong><\/strong> Prof\u00aa Dr\u00aa Gisele Gemmi Chiari (Secretaria do Estado de Educa\u00e7\u00e3o de Bras\u00edlia\/Posdoctoranda del PPGL)<br><strong>Profesor del PPGL: <\/strong>Prof. Dr. Frederico Augusto Garcia Fernandes<br><strong>L\u00ednea de investigaci\u00f3n:<\/strong> Intermedialidades y nuevas formas art\u00edsticas<\/p>\n\n\n\n<p style=\"font-size:15px\"><strong>T\u00edtulo<\/strong>: A imagem da utopia e as suas apari\u00e7\u00f5es na contemporaneidade<br><strong><strong><strong><strong>Profesora invitada:<\/strong><\/strong><\/strong><\/strong> Prof\u00aa Dr\u00aa Laysa Louise Silva Beretta (Posdoctoranda del  PPGL)<br><strong>L\u00ednea de investigaci\u00f3n:<\/strong> Intermedialidades y nuevas formas art\u00edsticas<\/p>\n\n\n\n<p style=\"font-size:15px\"><strong>T\u00edtulo<\/strong>: Poetry as resistance: a brief history of ukrainian literature<br><strong><strong><strong><strong><strong>Profesora invitada:<\/strong><\/strong><\/strong><\/strong> <\/strong> Prof\u00aa Dr\u00aa Kateryna Hodik (Profesora visitante del PPGL)<br><strong><strong><strong>L\u00ednea de investigaci\u00f3n<\/strong><\/strong><\/strong>: Representaciones y textualidades<\/p>\n\n\n\n<p style=\"font-size:15px\"><strong>2022<\/strong><\/p>\n\n\n\n<p style=\"font-size:15px\"><strong>T\u00edtulo<\/strong>: Jornalismo e Literatura: a conversa do dia de Marques Rebelo<br><strong><strong><strong><strong><strong><strong>Profesora invitada:<\/strong><\/strong><\/strong><\/strong> <\/strong><\/strong> Prof\u00aa Dr\u00aa Cla\u00fadia Vanessa Bergamini (UFAC\/Posdoctoranda del PPGL)<br><strong>L\u00ednea de investigaci\u00f3n<\/strong>: Representaciones y textualidades<\/p>\n\n\n\n<p style=\"font-size:15px\"><strong>T\u00edtulo<\/strong>: A po\u00e9tica quilombola de Carolina Maria de Jesus: processo formativo, tem\u00e1ticas e recep\u00e7\u00e3o<br><strong><strong><strong><strong><strong><strong>Profesora invitada:<\/strong><\/strong><\/strong><\/strong><\/strong><\/strong> Prof\u00aa Dr\u00aa Amanda Crispim Ferreira (UNOPAR\/UTFPR\/Posdoctoranda del  PPGL)<br><strong><strong><strong><strong><strong>L\u00ednea de investigaci\u00f3n<\/strong><\/strong><\/strong>:<\/strong><\/strong> Construcciones y procesos identitarios<\/p>\n\n\n\n<p style=\"font-size:15px\"><strong>T\u00edtulo<\/strong>: O drama hist\u00f3rico no primeiro Romantismo<br><strong><strong><strong>Profesora invitada:<\/strong><\/strong><\/strong> Prof\u00aa Dr\u00aa Gisele Gemmi Chiari (Secretaria do Estado de Educa\u00e7\u00e3o de Bras\u00edlia\/Posdoctoranda del PPGL)<br><strong><strong><strong>L\u00ednea de investigaci\u00f3n<\/strong><\/strong><\/strong>: Representaciones y textualidades<\/p>\n\n\n\n<p id=\"block-fb3cc2db-9517-49f7-a9e1-f2021b4c64f4\" style=\"font-size:15px\"><strong>T\u00edtulo<\/strong>: Introdu\u00e7\u00e3o \u00e0 literatura ind\u00edgena em l\u00edngua portuguesa e inglesa, com \u00eanfase na autobiografia e na escrita feminina<br><strong><strong><strong><strong>Profesora invitada:<\/strong><\/strong><\/strong><\/strong> Prof\u00aa Dr\u00aa Alba Krishna Topan (UEM)<br><strong><strong><strong><strong><strong>L\u00ednea de investigaci\u00f3n<\/strong><\/strong><\/strong>:<\/strong><\/strong> Construcciones y procesos identitarios<\/p>\n\n\n\n<p style=\"font-size:15px\"><strong>T\u00edtulo<\/strong>: Epistolografia e literatura: processo criativo, acervo e mercado <br><strong>Profesor invitado:<\/strong> Prof. Dr. Jose Ignacio Monteagudo Robledo (UNILA)<br><strong>Profesora del PPGL: <\/strong>Prof\u00aa Dr\u00aa Telma Maciel da Silva<br><strong><strong><strong><strong><strong>L\u00ednea de investigaci\u00f3n<\/strong><\/strong><\/strong>:<\/strong><\/strong> Construcciones y procesos identitarios<\/p>\n\n\n\n<p style=\"font-size:15px\"><strong>2021<\/strong><\/p>\n\n\n\n<p style=\"font-size:15px\"><strong>T\u00edtulo<\/strong>: A est\u00e9tica rom\u00e2ntica no teatro de Gon\u00e7alves Dias: Leonor de Mendon\u00e7a<br><strong><strong><strong>Profesora invitada:<\/strong><\/strong><\/strong> Prof\u00aa Dr\u00aa Gisele Gemmi Chiari (Secretaria do Estado de Educa\u00e7\u00e3o de Bras\u00edlia\/Posdoctoranda del PPGL)<br><strong><strong><strong>L\u00ednea de investigaci\u00f3n<\/strong><\/strong><\/strong>: Representaciones y textualidades<\/p>\n\n\n\n<p style=\"font-size:15px\"><strong>T\u00edtulo<\/strong>: Aspectos religiosos nas literaturas africanas<br><strong>Profesor <strong>invitado<\/strong>:<\/strong> Prof. Dr. S\u00edlvio Ruiz Paradiso (UFRB)<br><strong><strong><strong><strong><strong>L\u00ednea de investigaci\u00f3n<\/strong><\/strong><\/strong>:<\/strong><\/strong> Construcciones y procesos identitarios<\/p>\n<\/div>\n<\/div>\n","protected":false},"excerpt":{"rendered":"<p>Los Estudios Avanzados constituyen una disciplina de 1 cr\u00e9dito, a cargo de un profesor invitado, que aborda un tema espec\u00edfico. El estudiante de Maestr\u00eda debe cursar dos Estudios Avanzados, y el de Doctorado, cuatro, a lo largo del curso. Excepcionalmente, cuando hay profesores visitantes por un semestre o m\u00e1s, se ofrece un Estudio Avanzado con [&hellip;]<\/p>\n","protected":false},"author":9,"featured_media":0,"parent":0,"menu_order":0,"comment_status":"closed","ping_status":"closed","template":"","meta":{"_acf_changed":false,"footnotes":""},"class_list":["post-7498","page","type-page","status-publish","hentry"],"acf":[],"_links":{"self":[{"href":"https:\/\/pos.uel.br\/letras\/wp-json\/wp\/v2\/pages\/7498","targetHints":{"allow":["GET"]}}],"collection":[{"href":"https:\/\/pos.uel.br\/letras\/wp-json\/wp\/v2\/pages"}],"about":[{"href":"https:\/\/pos.uel.br\/letras\/wp-json\/wp\/v2\/types\/page"}],"author":[{"embeddable":true,"href":"https:\/\/pos.uel.br\/letras\/wp-json\/wp\/v2\/users\/9"}],"replies":[{"embeddable":true,"href":"https:\/\/pos.uel.br\/letras\/wp-json\/wp\/v2\/comments?post=7498"}],"version-history":[{"count":43,"href":"https:\/\/pos.uel.br\/letras\/wp-json\/wp\/v2\/pages\/7498\/revisions"}],"predecessor-version":[{"id":9864,"href":"https:\/\/pos.uel.br\/letras\/wp-json\/wp\/v2\/pages\/7498\/revisions\/9864"}],"wp:attachment":[{"href":"https:\/\/pos.uel.br\/letras\/wp-json\/wp\/v2\/media?parent=7498"}],"curies":[{"name":"wp","href":"https:\/\/api.w.org\/{rel}","templated":true}]}}