{"id":6730,"date":"2025-01-22T21:18:38","date_gmt":"2025-01-23T00:18:38","guid":{"rendered":"https:\/\/pos.uel.br\/letras\/?page_id=6730"},"modified":"2025-03-08T11:19:41","modified_gmt":"2025-03-08T14:19:41","slug":"pesquisadores-visitantes-estrangeiros","status":"publish","type":"page","link":"https:\/\/pos.uel.br\/letras\/pesquisadores-visitantes-estrangeiros\/","title":{"rendered":"Pesquisadores visitantes estrangeiros"},"content":{"rendered":"\n<p><\/p>\n\n\n\n<p style=\"font-size:15px\">Ao longo de sua hist\u00f3ria, o PPGL j\u00e1 acolheu v\u00e1rios pesquisadores visitantes estrangeiros a fim de promover a forma\u00e7\u00e3o de nossos discentes bem como possibilitar a coopera\u00e7\u00e3o e parcerias com Institui\u00e7\u00f5es de pesquisa e de Ensino Superior internacionais. <\/p>\n\n\n\n<div class=\"wp-block-columns is-layout-flex wp-container-core-columns-is-layout-9d6595d7 wp-block-columns-is-layout-flex\">\n<div class=\"wp-block-column is-layout-flow wp-block-column-is-layout-flow\"><\/div>\n<\/div>\n\n\n\n<blockquote class=\"wp-block-quote is-layout-flow wp-block-quote-is-layout-flow\">\n<p style=\"font-size:15px\"><strong>Quadri\u00eanio 2021-2024<\/strong><\/p>\n<\/blockquote>\n\n\n\n<div class=\"wp-block-columns is-layout-flex wp-container-core-columns-is-layout-9d6595d7 wp-block-columns-is-layout-flex\">\n<div class=\"wp-block-column is-layout-flow wp-block-column-is-layout-flow\"><\/div>\n<\/div>\n\n\n\n<div class=\"wp-block-media-text is-stacked-on-mobile\" style=\"grid-template-columns:17% auto\"><figure class=\"wp-block-media-text__media\"><img loading=\"lazy\" decoding=\"async\" width=\"640\" height=\"640\" src=\"https:\/\/pos.uel.br\/letras\/wp-content\/uploads\/2024\/10\/WhatsApp-Image-2024-09-20-at-08.30.30.jpeg\" alt=\"\" class=\"wp-image-6254 size-full\" srcset=\"https:\/\/pos.uel.br\/letras\/wp-content\/uploads\/2024\/10\/WhatsApp-Image-2024-09-20-at-08.30.30.jpeg 640w, https:\/\/pos.uel.br\/letras\/wp-content\/uploads\/2024\/10\/WhatsApp-Image-2024-09-20-at-08.30.30-300x300.jpeg 300w, https:\/\/pos.uel.br\/letras\/wp-content\/uploads\/2024\/10\/WhatsApp-Image-2024-09-20-at-08.30.30-150x150.jpeg 150w\" sizes=\"auto, (max-width: 640px) 100vw, 640px\" \/><\/figure><div class=\"wp-block-media-text__content\">\n<blockquote class=\"wp-block-quote is-layout-flow wp-block-quote-is-layout-flow\">\n<p style=\"font-size:15px\"><strong>Kateryna Hodik<\/strong><br>hodik@uel.br<\/p>\n\n\n\n<p style=\"font-size:15px\">Doutorado em Comparative History of Literature (T. H. Shevchenko Institute of Literature of NAS, 2018). Professora Junior Researcher (T. H. Shevchenko Institute of Literature of NAS). Revisora de projeto de fomento (The European Concil of Doctoral Candidates and Junior Researcher). Professora visitante (UEL\/PPG em Letras). A pesquisadora bolsista faz parte do Projeto \u201cAcolhida de pesquisadora ucraniana no Programa de P\u00f3s-gradua\u00e7\u00e3o em Letras da UEL\u201d, submetido ao Edital Arauc\u00e1ria 09\/2022, \u201cChamada p\u00fablica N\u00ba 09\/2022 \u2013 Programa de acolhida a cientistas ucranianas \u2013 fluxo cont\u00ednuo\u201d, aprovado em 20-10-2022. O per\u00edodo de atua\u00e7\u00e3o da pesquisadora ser\u00e1 de 24 meses (janeiro\/2023 a dezembro\/2024).<\/p>\n\n\n\n<p style=\"font-size:15px\"><\/p>\n\n\n\n<div class=\"wp-block-buttons is-layout-flex wp-block-buttons-is-layout-flex\">\n<div class=\"wp-block-button has-custom-font-size has-small-font-size\"><a class=\"wp-block-button__link wp-element-button\" href=\"http:\/\/lattes.cnpq.br\/4657312732558880\" style=\"border-radius:0px\" target=\"_blank\" rel=\"noreferrer noopener\">Acesse o lattes<\/a><\/div>\n<\/div>\n<\/blockquote>\n\n\n\n<p><\/p>\n<\/div><\/div>\n\n\n\n<div class=\"wp-block-columns is-layout-flex wp-container-core-columns-is-layout-9d6595d7 wp-block-columns-is-layout-flex\">\n<div class=\"wp-block-column is-layout-flow wp-block-column-is-layout-flow\">\n<p><\/p>\n<\/div>\n<\/div>\n\n\n\n<div class=\"wp-block-columns is-layout-flex wp-container-core-columns-is-layout-9d6595d7 wp-block-columns-is-layout-flex\">\n<div class=\"wp-block-column is-layout-flow wp-block-column-is-layout-flow\">\n<div class=\"wp-block-columns is-layout-flex wp-container-core-columns-is-layout-9d6595d7 wp-block-columns-is-layout-flex\">\n<div class=\"wp-block-column is-layout-flow wp-block-column-is-layout-flow\">\n<div class=\"wp-block-columns is-layout-flex wp-container-core-columns-is-layout-9d6595d7 wp-block-columns-is-layout-flex\">\n<div class=\"wp-block-column is-layout-flow wp-block-column-is-layout-flow\">\n<blockquote class=\"wp-block-quote is-layout-flow wp-block-quote-is-layout-flow\">\n<p style=\"font-size:15px\"><strong>Professores visitantes <\/strong>(desde 2003)<\/p>\n<\/blockquote>\n\n\n\n<div class=\"wp-block-columns is-layout-flex wp-container-core-columns-is-layout-9d6595d7 wp-block-columns-is-layout-flex\">\n<div class=\"wp-block-column is-layout-flow wp-block-column-is-layout-flow\">\n<p style=\"font-size:15px\">Prof. Dr.&nbsp;Tamer Thabet&nbsp;(Brock University) \u2013 CAPES\/2013<br>Prof. Dr.&nbsp;Robert Oakley &nbsp;(Birmighan University) \u2013 CAPES\/2009<br>Prof. Dr.&nbsp;Eduardo de Assis Duarte &nbsp;(UFMG) \u2013&nbsp; Funda\u00e7\u00e3o Arauc\u00e1ria\/2008<br>Prof\u00aa Dr\u00aa S\u00f4nia Maria van Dijck (UFPB) \u2013 CNPq\/2003<\/p>\n<\/div>\n<\/div>\n<\/div>\n<\/div>\n<\/div>\n<\/div>\n<\/div>\n<\/div>\n","protected":false},"excerpt":{"rendered":"<p>Ao longo de sua hist\u00f3ria, o PPGL j\u00e1 acolheu v\u00e1rios pesquisadores visitantes estrangeiros a fim de promover a forma\u00e7\u00e3o de nossos discentes bem como possibilitar a coopera\u00e7\u00e3o e parcerias com Institui\u00e7\u00f5es de pesquisa e de Ensino Superior internacionais. Quadri\u00eanio 2021-2024 Professores visitantes (desde 2003) Prof. Dr.&nbsp;Tamer Thabet&nbsp;(Brock University) \u2013 CAPES\/2013Prof. Dr.&nbsp;Robert Oakley &nbsp;(Birmighan University) \u2013 [&hellip;]<\/p>\n","protected":false},"author":9,"featured_media":0,"parent":0,"menu_order":0,"comment_status":"closed","ping_status":"closed","template":"","meta":{"_acf_changed":false,"footnotes":""},"class_list":["post-6730","page","type-page","status-publish","hentry"],"acf":[],"_links":{"self":[{"href":"https:\/\/pos.uel.br\/letras\/wp-json\/wp\/v2\/pages\/6730","targetHints":{"allow":["GET"]}}],"collection":[{"href":"https:\/\/pos.uel.br\/letras\/wp-json\/wp\/v2\/pages"}],"about":[{"href":"https:\/\/pos.uel.br\/letras\/wp-json\/wp\/v2\/types\/page"}],"author":[{"embeddable":true,"href":"https:\/\/pos.uel.br\/letras\/wp-json\/wp\/v2\/users\/9"}],"replies":[{"embeddable":true,"href":"https:\/\/pos.uel.br\/letras\/wp-json\/wp\/v2\/comments?post=6730"}],"version-history":[{"count":16,"href":"https:\/\/pos.uel.br\/letras\/wp-json\/wp\/v2\/pages\/6730\/revisions"}],"predecessor-version":[{"id":9216,"href":"https:\/\/pos.uel.br\/letras\/wp-json\/wp\/v2\/pages\/6730\/revisions\/9216"}],"wp:attachment":[{"href":"https:\/\/pos.uel.br\/letras\/wp-json\/wp\/v2\/media?parent=6730"}],"curies":[{"name":"wp","href":"https:\/\/api.w.org\/{rel}","templated":true}]}}

<p></p>



<p style="font-size:15px">Ao longo de sua história, o PPGL já acolheu vários pesquisadores visitantes estrangeiros a fim de promover a formação de nossos discentes bem como possibilitar a cooperação e parcerias com Instituições de pesquisa e de Ensino Superior internacionais. </p>



<div class="wp-block-columns is-layout-flex wp-container-core-columns-is-layout-9d6595d7 wp-block-columns-is-layout-flex">
<div class="wp-block-column is-layout-flow wp-block-column-is-layout-flow"></div>
</div>



<blockquote class="wp-block-quote is-layout-flow wp-block-quote-is-layout-flow">
<p style="font-size:15px"><strong>Quadriênio 2021-2024</strong></p>
</blockquote>



<div class="wp-block-columns is-layout-flex wp-container-core-columns-is-layout-9d6595d7 wp-block-columns-is-layout-flex">
<div class="wp-block-column is-layout-flow wp-block-column-is-layout-flow"></div>
</div>



<div class="wp-block-media-text is-stacked-on-mobile" style="grid-template-columns:17% auto"><figure class="wp-block-media-text__media"><img loading="lazy" decoding="async" width="640" height="640" src="https://pos.uel.br/letras/wp-content/uploads/2024/10/WhatsApp-Image-2024-09-20-at-08.30.30.jpeg" alt="" class="wp-image-6254 size-full" srcset="https://pos.uel.br/letras/wp-content/uploads/2024/10/WhatsApp-Image-2024-09-20-at-08.30.30.jpeg 640w, https://pos.uel.br/letras/wp-content/uploads/2024/10/WhatsApp-Image-2024-09-20-at-08.30.30-300x300.jpeg 300w, https://pos.uel.br/letras/wp-content/uploads/2024/10/WhatsApp-Image-2024-09-20-at-08.30.30-150x150.jpeg 150w" sizes="auto, (max-width: 640px) 100vw, 640px" /></figure><div class="wp-block-media-text__content">
<blockquote class="wp-block-quote is-layout-flow wp-block-quote-is-layout-flow">
<p style="font-size:15px"><strong>Kateryna Hodik</strong><br>hodik@uel.br</p>



<p style="font-size:15px">Doutorado em Comparative History of Literature (T. H. Shevchenko Institute of Literature of NAS, 2018). Professora Junior Researcher (T. H. Shevchenko Institute of Literature of NAS). Revisora de projeto de fomento (The European Concil of Doctoral Candidates and Junior Researcher). Professora visitante (UEL/PPG em Letras). A pesquisadora bolsista faz parte do Projeto “Acolhida de pesquisadora ucraniana no Programa de Pós-graduação em Letras da UEL”, submetido ao Edital Araucária 09/2022, “Chamada pública Nº 09/2022 – Programa de acolhida a cientistas ucranianas – fluxo contínuo”, aprovado em 20-10-2022. O período de atuação da pesquisadora será de 24 meses (janeiro/2023 a dezembro/2024).</p>



<p style="font-size:15px"></p>



<div class="wp-block-buttons is-layout-flex wp-block-buttons-is-layout-flex">
<div class="wp-block-button has-custom-font-size has-small-font-size"><a class="wp-block-button__link wp-element-button" href="http://lattes.cnpq.br/4657312732558880" style="border-radius:0px" target="_blank" rel="noreferrer noopener">Acesse o lattes</a></div>
</div>
</blockquote>



<p></p>
</div></div>



<div class="wp-block-columns is-layout-flex wp-container-core-columns-is-layout-9d6595d7 wp-block-columns-is-layout-flex">
<div class="wp-block-column is-layout-flow wp-block-column-is-layout-flow">
<p></p>
</div>
</div>



<div class="wp-block-columns is-layout-flex wp-container-core-columns-is-layout-9d6595d7 wp-block-columns-is-layout-flex">
<div class="wp-block-column is-layout-flow wp-block-column-is-layout-flow">
<div class="wp-block-columns is-layout-flex wp-container-core-columns-is-layout-9d6595d7 wp-block-columns-is-layout-flex">
<div class="wp-block-column is-layout-flow wp-block-column-is-layout-flow">
<div class="wp-block-columns is-layout-flex wp-container-core-columns-is-layout-9d6595d7 wp-block-columns-is-layout-flex">
<div class="wp-block-column is-layout-flow wp-block-column-is-layout-flow">
<blockquote class="wp-block-quote is-layout-flow wp-block-quote-is-layout-flow">
<p style="font-size:15px"><strong>Professores visitantes </strong>(desde 2003)</p>
</blockquote>



<div class="wp-block-columns is-layout-flex wp-container-core-columns-is-layout-9d6595d7 wp-block-columns-is-layout-flex">
<div class="wp-block-column is-layout-flow wp-block-column-is-layout-flow">
<p style="font-size:15px">Prof. Dr.&nbsp;Tamer Thabet&nbsp;(Brock University) – CAPES/2013<br>Prof. Dr.&nbsp;Robert Oakley &nbsp;(Birmighan University) – CAPES/2009<br>Prof. Dr.&nbsp;Eduardo de Assis Duarte &nbsp;(UFMG) –&nbsp; Fundação Araucária/2008<br>Profª Drª Sônia Maria van Dijck (UFPB) – CNPq/2003</p>
</div>
</div>
</div>
</div>
</div>
</div>
</div>
</div>

<p>Ao longo de sua história, o PPGL já acolheu vários pesquisadores visitantes estrangeiros a fim de promover a formação de nossos discentes bem como possibilitar a cooperação e parcerias com Instituições de pesquisa e de Ensino Superior internacionais. Quadriênio 2021-2024 Professores visitantes (desde 2003) Prof. Dr.&nbsp;Tamer Thabet&nbsp;(Brock University) – CAPES/2013Prof. Dr.&nbsp;Robert Oakley &nbsp;(Birmighan University) – [&hellip;]</p>
