{"id":5976,"date":"2024-10-16T10:32:35","date_gmt":"2024-10-16T13:32:35","guid":{"rendered":"https:\/\/pos.uel.br\/letras\/?page_id=5976"},"modified":"2024-11-02T11:40:09","modified_gmt":"2024-11-02T14:40:09","slug":"resumo","status":"publish","type":"page","link":"https:\/\/pos.uel.br\/letras\/resumo\/","title":{"rendered":"Resumo"},"content":{"rendered":"\n<h2 class=\"wp-block-heading has-text-color has-link-color wp-elements-aa68e1f77bee93b6b03c7ccf80f78bc6\" style=\"color:#964749\">RESUMO E EIXOS TEM\u00c1TICOS<\/h2>\n\n\n\n<p><\/p>\n\n\n\n<div class=\"wp-block-columns is-layout-flex wp-container-core-columns-is-layout-9d6595d7 wp-block-columns-is-layout-flex\">\n<div class=\"wp-block-column is-layout-flow wp-block-column-is-layout-flow\">\n<p>Os Resumos devem ter at\u00e9 <strong>200 palavras<\/strong> e conter as seguintes configura\u00e7\u00f5es:<br><br><strong>T\u00edtulo;<br>Nome do(a) autor(a) do trabalho com a respectiva sigla da IES e a Modalidade de Inscri\u00e7\u00e3o;<br>Para a modalidade &#8220;Alunos de Gradua\u00e7\u00e3o&#8221;, o nome dos(as) autores(as) deve apresentar as IES e a cooautoria;<\/strong><br><strong>Nome do Eixo tem\u00e1tico;<br>3 (tr\u00eas) palavras-chave.<\/strong><\/p>\n\n\n\n<p>Os trabalhos devem ser submetidos no ato da inscri\u00e7\u00e3o conforme orienta\u00e7\u00f5es na p\u00e1gina <strong><a href=\"https:\/\/pos.uel.br\/letras\/inscricoes\/\">INSCRI\u00c7\u00d5ES<\/a>.<\/strong><br>Clique no link abaixo, de acordo com a Modalidade de Inscri\u00e7\u00e3o, para fazer o download do Modelo de Resumo a ser preenchido e enviado na <a href=\"https:\/\/www.sistemasweb.uel.br\/index.php?contents=system\/insc\/index.php&amp;pagina=view\/inscricoes\/seleciona_evento.php&amp;cod_evento=9870\">p\u00e1gina para as Inscri\u00e7\u00f5es no site da Universidade Estadual de Londrina<\/a>.<\/p>\n\n\n\n<div class=\"wp-block-columns is-layout-flex wp-container-core-columns-is-layout-9d6595d7 wp-block-columns-is-layout-flex\">\n<div class=\"wp-block-column is-layout-flow wp-block-column-is-layout-flow\">\n<div class=\"wp-block-group has-white-background-color has-background\" style=\"padding-top:var(--wp--preset--spacing--80);padding-right:0;padding-bottom:var(--wp--preset--spacing--80);padding-left:0\"><div class=\"wp-block-group__inner-container is-layout-flow wp-block-group-is-layout-flow\">\n<div class=\"wp-block-buttons is-content-justification-center is-layout-flex wp-container-core-buttons-is-layout-16018d1d wp-block-buttons-is-layout-flex\">\n<div class=\"wp-block-button has-custom-width wp-block-button__width-100\"><a class=\"wp-block-button__link wp-element-button\" href=\"https:\/\/pos.uel.br\/letras\/wp-content\/uploads\/2024\/10\/Modelo_resumo_Professor.docx\" target=\"_blank\" rel=\"noreferrer noopener\">PROFESSORES DE IES E PESQUISADORES<\/a><\/div>\n\n\n\n<div class=\"wp-block-button has-custom-width wp-block-button__width-100\"><a class=\"wp-block-button__link wp-element-button\" href=\"https:\/\/pos.uel.br\/letras\/wp-content\/uploads\/2024\/10\/Modelo_resumo_APG.docx\" target=\"_blank\" rel=\"noreferrer noopener\">ALUNOS DE P\u00d3S-GRADUA\u00c7\u00c3O<\/a><\/div>\n\n\n\n<div class=\"wp-block-button has-custom-width wp-block-button__width-100\"><a class=\"wp-block-button__link wp-element-button\" href=\"https:\/\/pos.uel.br\/letras\/wp-content\/uploads\/2024\/10\/Modelo_resumo_AG.docx\" target=\"_blank\" rel=\"noreferrer noopener\">ALUNOS DE GRADUA\u00c7\u00c3O<\/a><\/div>\n\n\n\n<div class=\"wp-block-button has-custom-width wp-block-button__width-100 is-style-fill\"><a class=\"wp-block-button__link wp-element-button\" href=\"https:\/\/pos.uel.br\/letras\/wp-content\/uploads\/2024\/10\/Modelo_resumo_PRP.docx\" target=\"_blank\" rel=\"noreferrer noopener\">PROFESSORES DA REDE DE ENSINO<\/a><\/div>\n<\/div>\n<\/div><\/div>\n\n\n\n<div class=\"wp-block-columns is-layout-flex wp-container-core-columns-is-layout-9d6595d7 wp-block-columns-is-layout-flex\">\n<div class=\"wp-block-column is-layout-flow wp-block-column-is-layout-flow\">\n<blockquote class=\"wp-block-quote is-layout-flow wp-block-quote-is-layout-flow\">\n<p class=\"has-text-color has-link-color has-medium-font-size wp-elements-e2d40dc09ca8a4d9f62a5d6d1a3986c8\" style=\"color:#964749\"><strong>EIXOS TEM\u00c1TICOS<\/strong><\/p>\n<\/blockquote>\n<\/div>\n<\/div>\n\n\n\n<p><strong>1. Literatura e t\u00e9cnica<\/strong><\/p>\n\n\n\n<p>Representa\u00e7\u00e3o das transforma\u00e7\u00f5es tecnol\u00f3gicas e de seus impactos sociais no texto liter\u00e1rio. Do manuscrito ao hipertexto: como os meios t\u00e9cnicos determinam a produ\u00e7\u00e3o e a circula\u00e7\u00e3o da literatura, por exemplo, os manuscritos, o concretismo, a gera\u00e7\u00e3o mime\u00f3grafo, entre outros.<\/p>\n\n\n\n<p><strong>2. Materialidades da literatura<\/strong><\/p>\n\n\n\n<p>Rela\u00e7\u00f5es do texto liter\u00e1rio com o suporte de inscri\u00e7\u00e3o, isto \u00e9, em que medida os suportes que acolhem a literatura participam e at\u00e9 determinam o processo de significa\u00e7\u00e3o. Ainda: o contexto de produ\u00e7\u00e3o, circula\u00e7\u00e3o e recep\u00e7\u00e3o do texto liter\u00e1rio, os paratextos editoriais, a tipografia etc.<\/p>\n\n\n\n<p><strong>3. Literatura, outras artes e m\u00eddias<\/strong><\/p>\n\n\n\n<p>Rela\u00e7\u00f5es do texto liter\u00e1rio com a pintura, o cinema, a fotografia, a m\u00fasica, as m\u00eddias digitais, entre outros. Trata-se de verificar como o texto liter\u00e1rio absorve outras m\u00eddias e\/ou como essas m\u00eddias modificam o pr\u00f3prio estatuto liter\u00e1rio.<\/p>\n\n\n\n<p><strong>4. Literatura e digitalidade<\/strong><\/p>\n\n\n\n<p>A produ\u00e7\u00e3o, a circula\u00e7\u00e3o e a recep\u00e7\u00e3o de textos liter\u00e1rios no ambiente digital. Como o meio digital modifica as no\u00e7\u00f5es de originalidade, de autoria e mesmo o estatuto do leitor; o hipertexto; os arquivos digitais; a percep\u00e7\u00e3o h\u00e1ptica no processo de recep\u00e7\u00e3o etc.<\/p>\n\n\n\n<p><strong>5. Intermidialidade e os estudos da cena<\/strong><\/p>\n\n\n\n<p>Arte plurimidi\u00e1tica por excel\u00eancia, o teatro envolve o texto, a voz, o corpo. Espet\u00e1culos que fazem refer\u00eancia \u00e0 pintura, ao cinema, \u00e0 literatura; as instala\u00e7\u00f5es; as performances; a ruptura com o paradigma realista etc.<\/p>\n\n\n\n<p><strong>6. Estudos da adapta\u00e7\u00e3o<\/strong><\/p>\n\n\n\n<p>Diferentes processos intermidi\u00e1ticos que envolvem \u00e0 transposi\u00e7\u00e3o midi\u00e1tica, isto \u00e9, como s\u00e3o criados novos textos e novas m\u00eddias, o que se perde e o que se ganha na passagem de uma m\u00eddia para outra; por exemplo, do teatro, da literatura e das HQs para o cinema; da literatura para as HQs, do cinema para a literatura etc.<\/p>\n\n\n\n<p><strong>7. Poesia, oralidade e ritmo<\/strong><\/p>\n\n\n\n<p>Rela\u00e7\u00f5es entre a voz e a escrita; signific\u00e2ncia e ritmo; modos de produ\u00e7\u00e3o e recep\u00e7\u00e3o da poesia oral. Can\u00e7\u00e3o, sarau, rap, poesia popular, performances etc.<\/p>\n\n\n\n<p><strong>8. Corpos, paisagens e experi\u00eancias na literatura e no cinema<\/strong><\/p>\n\n\n\n<p>A ampla dimens\u00e3o da ideia de paisagem permite a reflex\u00e3o acerca de suas formas e sentidos nas mais diversas \u00e1reas do conhecimento, posto se fazer como um lugar de multiplicidade e atravessamentos. Sobretudo no campo da arte, a paisagem \u00e9 compreendida como uma manifesta\u00e7\u00e3o cultural, como um ponto de vista, um modo de perceber e de pensar, sendo o resultado do encontro entre um corpo subjetivo e o corpo medial, o que faz dela uma experi\u00eancia, um modo de habitar, de ser e se fazer no e com o mundo do sujeito humano. Partindo desse entendimento, o presente eixo direciona-se para trabalhos que problematizem, na literatura e no cinema, a din\u00e2mica a entrela\u00e7ar corpo, paisagem e experi\u00eancia.<\/p>\n<\/div>\n<\/div>\n<\/div>\n<\/div>\n","protected":false},"excerpt":{"rendered":"<p>RESUMO E EIXOS TEM\u00c1TICOS Os Resumos devem ter at\u00e9 200 palavras e conter as seguintes configura\u00e7\u00f5es: T\u00edtulo;Nome do(a) autor(a) do trabalho com a respectiva sigla da IES e a Modalidade de Inscri\u00e7\u00e3o;Para a modalidade &#8220;Alunos de Gradua\u00e7\u00e3o&#8221;, o nome dos(as) autores(as) deve apresentar as IES e a cooautoria;Nome do Eixo tem\u00e1tico;3 (tr\u00eas) palavras-chave. Os trabalhos [&hellip;]<\/p>\n","protected":false},"author":9,"featured_media":0,"parent":0,"menu_order":0,"comment_status":"closed","ping_status":"closed","template":"page-templates\/template-without-title.php","meta":{"_acf_changed":false,"footnotes":""},"class_list":["post-5976","page","type-page","status-publish","hentry"],"acf":[],"_links":{"self":[{"href":"https:\/\/pos.uel.br\/letras\/wp-json\/wp\/v2\/pages\/5976","targetHints":{"allow":["GET"]}}],"collection":[{"href":"https:\/\/pos.uel.br\/letras\/wp-json\/wp\/v2\/pages"}],"about":[{"href":"https:\/\/pos.uel.br\/letras\/wp-json\/wp\/v2\/types\/page"}],"author":[{"embeddable":true,"href":"https:\/\/pos.uel.br\/letras\/wp-json\/wp\/v2\/users\/9"}],"replies":[{"embeddable":true,"href":"https:\/\/pos.uel.br\/letras\/wp-json\/wp\/v2\/comments?post=5976"}],"version-history":[{"count":18,"href":"https:\/\/pos.uel.br\/letras\/wp-json\/wp\/v2\/pages\/5976\/revisions"}],"predecessor-version":[{"id":6437,"href":"https:\/\/pos.uel.br\/letras\/wp-json\/wp\/v2\/pages\/5976\/revisions\/6437"}],"wp:attachment":[{"href":"https:\/\/pos.uel.br\/letras\/wp-json\/wp\/v2\/media?parent=5976"}],"curies":[{"name":"wp","href":"https:\/\/api.w.org\/{rel}","templated":true}]}}