{"id":5970,"date":"2024-10-16T10:31:35","date_gmt":"2024-10-16T13:31:35","guid":{"rendered":"https:\/\/pos.uel.br\/letras\/?page_id=5970"},"modified":"2024-10-25T09:06:19","modified_gmt":"2024-10-25T12:06:19","slug":"o_coloquio","status":"publish","type":"page","link":"https:\/\/pos.uel.br\/letras\/o_coloquio\/","title":{"rendered":"O Col\u00f3quio"},"content":{"rendered":"\n<div class=\"wp-block-columns is-layout-flex wp-container-core-columns-is-layout-9d6595d7 wp-block-columns-is-layout-flex\">\n<div class=\"wp-block-column is-layout-flow wp-block-column-is-layout-flow\">\n<div class=\"wp-block-cover is-light has-small-font-size\" style=\"min-height:300px;aspect-ratio:unset;\"><span aria-hidden=\"true\" class=\"wp-block-cover__background has-background-dim-80 has-background-dim\" style=\"background-color:#e0e2e3\"><\/span><img loading=\"lazy\" decoding=\"async\" width=\"1080\" height=\"720\" class=\"wp-block-cover__image-background wp-image-4838\" alt=\"\" src=\"https:\/\/pos.uel.br\/letras\/wp-content\/uploads\/2024\/07\/luca-bravo-198062-unsplash.jpg\" data-object-fit=\"cover\" srcset=\"https:\/\/pos.uel.br\/letras\/wp-content\/uploads\/2024\/07\/luca-bravo-198062-unsplash.jpg 1080w, https:\/\/pos.uel.br\/letras\/wp-content\/uploads\/2024\/07\/luca-bravo-198062-unsplash-300x200.jpg 300w, https:\/\/pos.uel.br\/letras\/wp-content\/uploads\/2024\/07\/luca-bravo-198062-unsplash-1024x683.jpg 1024w, https:\/\/pos.uel.br\/letras\/wp-content\/uploads\/2024\/07\/luca-bravo-198062-unsplash-768x512.jpg 768w\" sizes=\"auto, (max-width: 1080px) 100vw, 1080px\" \/><div class=\"wp-block-cover__inner-container is-layout-constrained wp-block-cover-is-layout-constrained\">\n<div class=\"wp-block-columns is-layout-flex wp-container-core-columns-is-layout-9d6595d7 wp-block-columns-is-layout-flex\">\n<div class=\"wp-block-column is-layout-flow wp-block-column-is-layout-flow\" style=\"flex-basis:33.33%\">\n<figure class=\"wp-block-image size-full is-resized\"><img loading=\"lazy\" decoding=\"async\" width=\"322\" height=\"225\" src=\"https:\/\/pos.uel.br\/letras\/wp-content\/uploads\/2024\/10\/Captura-de-Tela-2024-10-16-a\u0300s-22.30.00.png\" alt=\"\" class=\"wp-image-6070\" style=\"width:359px;height:auto\" srcset=\"https:\/\/pos.uel.br\/letras\/wp-content\/uploads\/2024\/10\/Captura-de-Tela-2024-10-16-a\u0300s-22.30.00.png 322w, https:\/\/pos.uel.br\/letras\/wp-content\/uploads\/2024\/10\/Captura-de-Tela-2024-10-16-a\u0300s-22.30.00-300x210.png 300w\" sizes=\"auto, (max-width: 322px) 100vw, 322px\" \/><\/figure>\n<\/div>\n\n\n\n<div class=\"wp-block-column is-layout-flow wp-block-column-is-layout-flow\" style=\"flex-basis:66.66%\">\n<p>No s\u00e9culo XXI, os estudos da Intermidialidade e dos fen\u00f4menos intermidi\u00e1ticos t\u00eam ocupado um lugar bastante relevante no \u00e2mbito dos estudos liter\u00e1rios, seja ao repensar o pr\u00f3prio objeto em rela\u00e7\u00e3o a outras m\u00eddias, seja ao promover um rico di\u00e1logo interdisciplinar com outros campos do saber, sobretudo com as artes visuais, m\u00fasica, cinema, teatro, comunica\u00e7\u00e3o, entre outros. Tratar o objeto liter\u00e1rio a partir da Intermidialidade implica uma reconfigura\u00e7\u00e3o, na \u00e1rea de Teoria da literatura, do pr\u00f3prio estatuto do liter\u00e1rio, reconhecendo a literatura como uma m\u00eddia. Desde a d\u00e9cada de 1980, a cr\u00edtica liter\u00e1ria, no Brasil, tem se valido das rela\u00e7\u00f5es da literatura com outros aparatos t\u00e9cnicos e tecnol\u00f3gicos ao questionar as formas tradicionais de produ\u00e7\u00e3o, circula\u00e7\u00e3o e recep\u00e7\u00e3o do objeto liter\u00e1rio. O termo Intermidialidade, tendo em vista a propaga\u00e7\u00e3o do digital e de outras formas de apreens\u00e3o dos objetos art\u00edsticos, tem se mostrado, cada vez mais, condizente para abarcar fen\u00f4menos anteriormente alocados nos chamados Estudos Interartes. Nesse sentido, \u00e9 urgente a expans\u00e3o de pesquisas que considerem as materialidades e as pr\u00e1ticas intermidi\u00e1ticas enquanto produtoras de sentido para al\u00e9m da tradi\u00e7\u00e3o hermen\u00eautica.<br>O I Col\u00f3quio Internacional Intermidialidade, Literatura e outras m\u00eddias surge no \u00e2mbito das quest\u00f5es mais urgentes que tocam as artes, a comunica\u00e7\u00e3o e a produ\u00e7\u00e3o de sentido na contemporaneidade. Promovido pelo Programa de P\u00f3s-Gradua\u00e7\u00e3o em Letras da Universidade Estadual de Londrina, com o apoio e financiamento da CAPES, este evento marca a expans\u00e3o dos Estudos de Intermidialidade no Brasil e conta com a participa\u00e7\u00e3o de pesquisadores latinoamericanos e europeus com atua\u00e7\u00e3o de frentes diversas, tais como literatura, poesia, filosofia da t\u00e9cnica, teoria da m\u00eddia e comunica\u00e7\u00e3o.<\/p>\n<\/div>\n<\/div>\n<\/div><\/div>\n\n\n\n<div class=\"wp-block-columns is-layout-flex wp-container-core-columns-is-layout-9d6595d7 wp-block-columns-is-layout-flex\">\n<div class=\"wp-block-column is-layout-flow wp-block-column-is-layout-flow\"><\/div>\n<\/div>\n\n\n\n<div class=\"wp-block-columns is-layout-flex wp-container-core-columns-is-layout-9d6595d7 wp-block-columns-is-layout-flex\">\n<div class=\"wp-block-column is-layout-flow wp-block-column-is-layout-flow\">\n<h2 class=\"wp-block-heading has-text-align-center has-text-color has-link-color has-medium-font-size wp-elements-00c3bd50ac10dd7292d0bc941f3340c5\" style=\"color:#964749;letter-spacing:2px\">COMISS\u00c3O ORGANIZADORA<\/h2>\n\n\n\n<div class=\"wp-block-columns is-layout-flex wp-container-core-columns-is-layout-9d6595d7 wp-block-columns-is-layout-flex\">\n<div class=\"wp-block-column is-layout-flow wp-block-column-is-layout-flow\"><\/div>\n<\/div>\n\n\n\n<div class=\"wp-block-columns is-layout-flex wp-container-core-columns-is-layout-9d6595d7 wp-block-columns-is-layout-flex\">\n<div class=\"wp-block-column is-layout-flow wp-block-column-is-layout-flow\" style=\"font-size:15px\">\n<p style=\"font-size:15px\"><strong><mark style=\"background-color:#F5F5F5;color:#964749\" class=\"has-inline-color\">Prof. Dr. Alamir Aquino Corr\u00eaa<\/mark><\/strong><br>Professor s\u00eanior do PPG em Letras da Universidade Estadual de Londrina<br><br><strong><mark style=\"background-color:#F5F5F5;color:#964749\" class=\"has-inline-color\">Prof\u00aa Dr\u00aa Barbara Cristina Marques<\/mark><\/strong><br>Docente do Departamento de Letras Vern\u00e1culas e Cl\u00e1ssicas e do PPG em Letras da Universidade Estadual de Londrina<br><br><strong><mark style=\"background-color:#F5F5F5;color:#964749\" class=\"has-inline-color\">Prof. Dr. Diego Gim\u00e9nez<\/mark><\/strong><br>P\u00f3s-doutorando do Centro de Literatura Portuguesa da Universidade de Coimbra<\/p>\n<\/div>\n\n\n\n<div class=\"wp-block-column is-layout-flow wp-block-column-is-layout-flow\" style=\"font-size:15px\">\n<p style=\"font-size:15px\"><strong><mark style=\"background-color:#F5F5F5;color:#964749\" class=\"has-inline-color\">Prof. Dr. Gustavo Ramos de Souza<\/mark><\/strong><br>Docente do Departamento de Letras Vern\u00e1culas e Cl\u00e1ssicas e P\u00f3s-doutorando do PPG em Letras da Universidade Estadual de Londrina\/CAPES<br><br><mark style=\"background-color:#F5F5F5;color:#964749\" class=\"has-inline-color\"><strong>Prof. Dr. Hern\u00e1n Ulm<\/strong><\/mark><br>Professor da Universidad Nacional de las Artes\/Argentina<br><br><strong><mark style=\"background-color:#F5F5F5;color:#964749\" class=\"has-inline-color\">Prof\u00aa Dr\u00aa Laysa Louise Silva Beretta<\/mark><\/strong><br>P\u00f3s-doutoranda do PPG em Letras da Universidade Estadual de Londrina\/CAPES <\/p>\n<\/div>\n<\/div>\n\n\n\n<div class=\"wp-block-columns is-layout-flex wp-container-core-columns-is-layout-9d6595d7 wp-block-columns-is-layout-flex\">\n<div class=\"wp-block-column is-layout-flow wp-block-column-is-layout-flow\">\n<blockquote class=\"wp-block-quote is-layout-flow wp-block-quote-is-layout-flow\">\n<p><strong>COMIT\u00ca CIENT\u00cdFICO<\/strong><\/p>\n<\/blockquote>\n<\/div>\n<\/div>\n\n\n\n<p>Prof. Dr. Alamir Aquino Corr\u00eaa (UEL)<br>Prof. Dr. Alberto Carlos Augusto Klein (UEL\/PPGCOM)<br>Prof\u00aa Dr\u00aa Barbara Cristina Marques (UEL)<br>Prof. Dr. Diego Gim\u00e9nez (UC\/Portugal)<br>Prof. Dr. Fernando P\u00e9rez Villal\u00f3n (UAH\/Chile)<br>prof. Dr. Gustavo Ramos de Souza (UEL)<br>Prof. Dr. Hern\u00e1n Ulm (UNA\/Argentina)<br>Prof\u00aa Dr\u00aa Laysa Louise Silva Beretta (UEL)<br>Prof\u00aa Dr\u00aa Regina C\u00e9lia dos Santos Alves (UEL)<br>Prof\u00aa Dr\u00aa Marta Dantas da Silva (UEL)<br>Prof. Dr. Miguel Heitor Braga Vieira (UEL)<br>Prof\u00aa Dr\u00aa Miriam Paiva Vieira (UFSJ)<br>Prof\u00aa Dr\u00aa Telma Maciel da Siva (UEL)<\/p>\n<\/div>\n<\/div>\n<\/div>\n<\/div>\n","protected":false},"excerpt":{"rendered":"<p>COMISS\u00c3O ORGANIZADORA Prof. Dr. Alamir Aquino Corr\u00eaaProfessor s\u00eanior do PPG em Letras da Universidade Estadual de Londrina Prof\u00aa Dr\u00aa Barbara Cristina MarquesDocente do Departamento de Letras Vern\u00e1culas e Cl\u00e1ssicas e do PPG em Letras da Universidade Estadual de Londrina Prof. Dr. Diego Gim\u00e9nezP\u00f3s-doutorando do Centro de Literatura Portuguesa da Universidade de Coimbra Prof. Dr. Gustavo [&hellip;]<\/p>\n","protected":false},"author":9,"featured_media":0,"parent":0,"menu_order":0,"comment_status":"closed","ping_status":"closed","template":"page-templates\/template-without-title.php","meta":{"_acf_changed":false,"footnotes":""},"class_list":["post-5970","page","type-page","status-publish","hentry"],"acf":[],"_links":{"self":[{"href":"https:\/\/pos.uel.br\/letras\/wp-json\/wp\/v2\/pages\/5970","targetHints":{"allow":["GET"]}}],"collection":[{"href":"https:\/\/pos.uel.br\/letras\/wp-json\/wp\/v2\/pages"}],"about":[{"href":"https:\/\/pos.uel.br\/letras\/wp-json\/wp\/v2\/types\/page"}],"author":[{"embeddable":true,"href":"https:\/\/pos.uel.br\/letras\/wp-json\/wp\/v2\/users\/9"}],"replies":[{"embeddable":true,"href":"https:\/\/pos.uel.br\/letras\/wp-json\/wp\/v2\/comments?post=5970"}],"version-history":[{"count":39,"href":"https:\/\/pos.uel.br\/letras\/wp-json\/wp\/v2\/pages\/5970\/revisions"}],"predecessor-version":[{"id":6418,"href":"https:\/\/pos.uel.br\/letras\/wp-json\/wp\/v2\/pages\/5970\/revisions\/6418"}],"wp:attachment":[{"href":"https:\/\/pos.uel.br\/letras\/wp-json\/wp\/v2\/media?parent=5970"}],"curies":[{"name":"wp","href":"https:\/\/api.w.org\/{rel}","templated":true}]}}