{"id":5920,"date":"2024-10-15T11:56:49","date_gmt":"2024-10-15T14:56:49","guid":{"rendered":"https:\/\/pos.uel.br\/letras\/?page_id=5920"},"modified":"2024-11-26T10:01:51","modified_gmt":"2024-11-26T13:01:51","slug":"programacao","status":"publish","type":"page","link":"https:\/\/pos.uel.br\/letras\/programacao\/","title":{"rendered":"Programacao"},"content":{"rendered":"\n<div class=\"wp-block-columns is-layout-flex wp-container-core-columns-is-layout-9d6595d7 wp-block-columns-is-layout-flex\">\n<div class=\"wp-block-column is-layout-flow wp-block-column-is-layout-flow\">\n<blockquote class=\"wp-block-quote is-layout-flow wp-block-quote-is-layout-flow\">\n<p class=\"has-text-color has-link-color has-medium-font-size wp-elements-428adb39176ba951dd91769cb1902acc\" style=\"color:#964749\"><strong>PROGRAMA\u00c7\u00c3O<\/strong><\/p>\n<\/blockquote>\n<\/div>\n<\/div>\n\n\n\n<p><strong>* O I COL\u00d3QUIO INTERNACIONAL INTERMIDIALIDADE, LITERATURA E OUTRAS M\u00cdDIAS SER\u00c1 PRESENCIAL<\/strong><\/p>\n\n\n\n<div class=\"wp-block-columns is-layout-flex wp-container-core-columns-is-layout-9d6595d7 wp-block-columns-is-layout-flex\">\n<div class=\"wp-block-column is-layout-flow wp-block-column-is-layout-flow\">\n<div class=\"wp-block-buttons is-layout-flex wp-block-buttons-is-layout-flex\">\n<div class=\"wp-block-button\"><a class=\"wp-block-button__link has-text-color has-background has-link-color wp-element-button\" href=\"https:\/\/pos.uel.br\/letras\/wp-content\/uploads\/2024\/11\/ENSALAMENTO_Versaofinal.pdf\" style=\"border-radius:7px;color:#964749;background-color:#e3e3e3\" target=\"_blank\" rel=\"noreferrer noopener\"><strong>PROGRAMA\u00c7\u00c3O DAS APRESENTA\u00c7\u00d5ES DE TRABALHO<\/strong><br>ACESSE AQUI<\/a><\/div>\n<\/div>\n<\/div>\n\n\n\n<div class=\"wp-block-column is-layout-flow wp-block-column-is-layout-flow\"><\/div>\n<\/div>\n\n\n\n<div class=\"wp-block-columns is-layout-flex wp-container-core-columns-is-layout-9d6595d7 wp-block-columns-is-layout-flex\">\n<div class=\"wp-block-column is-layout-flow wp-block-column-is-layout-flow\">\n<div class=\"wp-block-columns alignwide is-layout-flex wp-container-core-columns-is-layout-829b1d53 wp-block-columns-is-layout-flex\" style=\"margin-bottom:0\">\n<div class=\"wp-block-column has-text-color has-background has-link-color wp-elements-d5462f16865cf252be7feadea0bdff75 is-layout-flow wp-block-column-is-layout-flow\" style=\"color:#000000;background-color:#e3e3e3;padding-top:2em;padding-right:2em;padding-bottom:2em;padding-left:2em\">\n<h2 class=\"wp-block-heading has-text-align-center\" id=\"single\" style=\"font-size:20px\"><strong>27 DE NOVEMBRO<\/strong><\/h2>\n\n\n\n<p class=\"has-text-align-center has-medium-font-size\">Quarta-feira<\/p>\n\n\n\n<hr class=\"wp-block-separator has-text-color has-css-opacity has-background is-style-wide\" style=\"background-color:#000000;color:#000000\" \/>\n\n\n\n<p style=\"font-size:16px\"><strong>18h30<\/strong> \u2013 Credenciais\/Entrega de material<br><br><strong>19h00<\/strong> \u2013 Palestra com a Prof\u00aa Dr\u00aa Miriam de Paiva Vieira (UFSJ)<br><br><strong><mark style=\"background-color:#e3e3e3;color:#964749\" class=\"has-inline-color\">TRAJET\u00d3RIAS E(M) REDES: INTERMIDIALIDADE NO BRASIL<\/mark><\/strong><br>Media\u00e7\u00e3o: Prof\u00aa Dr\u00aa Barbara Cristina Marques (UEL)<br>Local: Anfiteatro do CLCH\/UEL<\/p>\n<\/div>\n<\/div>\n<\/div>\n<\/div>\n\n\n\n<div class=\"wp-block-columns is-layout-flex wp-container-core-columns-is-layout-9d6595d7 wp-block-columns-is-layout-flex\">\n<div class=\"wp-block-column has-text-color has-background has-link-color wp-elements-d2cf1773bd1fdca2534c0fa2b7e1e909 is-layout-flow wp-block-column-is-layout-flow\" style=\"color:#000000;background-color:#e3e3e3;padding-top:2em;padding-right:2em;padding-bottom:2em;padding-left:2em\">\n<h2 class=\"wp-block-heading has-text-align-center\" id=\"single\" style=\"font-size:20px\"><strong>28 DE NOVEMBRO<\/strong><\/h2>\n\n\n\n<p class=\"has-text-align-center has-medium-font-size\">Quinta-feira<\/p>\n\n\n\n<hr class=\"wp-block-separator has-text-color has-css-opacity has-background is-style-wide\" style=\"background-color:#000000;color:#000000\" \/>\n\n\n\n<p style=\"font-size:16px\"><strong>10h00<\/strong> \u2013 Palestra com o Prof. Dr. Osvaldo Manuel Silvestre (Universidade de Coimbra)<br><br><strong><mark style=\"background-color:#e3e3e3;color:#964749\" class=\"has-inline-color\">REGIMES DE INSCRI\u00c7\u00c3O MAQU\u00cdNICA NA LITERATURA E ARTES BRASILEIRAS DE 1970. OS CASOS DE MIRA SCHENDEL, H\u00c9LIO OITICICA E PAULO LEMINSKI<\/mark><\/strong><br>Media\u00e7\u00e3o: Prof. Dr. Gustavo Ramos de Souza (UEL)<br>Local: Anfiteatro do CLCH\/UEL (transmiss\u00e3o online)<br><br><strong>14h00<\/strong> \u2013 Comunica\u00e7\u00f5es<br>Local: Salas do CLCH\/UEL <br><br><strong>15h30<\/strong> \u2013 Coffee Break<br><br><strong>16h00<\/strong> \u2013 Comunica\u00e7\u00f5es<br><br><strong>19h00<\/strong> \u2013 Palestra com o Prof. Dr. Alex Sandro Martoni (PUC-Minas)<br><br><mark style=\"background-color:#e3e3e3;color:#964749\" class=\"has-inline-color\"><strong>PR\u00c1TICAS EXPANDIDAS DE ESCRITA NA LITERATURA LATINOAMERICANA CONTEMPOR\u00c2NEA: T\u00c9CNICA, EST\u00c9TICA E POL\u00cdTICA<\/strong><\/mark><br>Media\u00e7\u00e3o: Prof\u00aa Dr\u00aa Barbara Cristina Marques (UEL)<br>Local: Anfiteatro do CLCH\/UEL <br><br><\/p>\n<\/div>\n<\/div>\n\n\n\n<div class=\"wp-block-columns is-layout-flex wp-container-core-columns-is-layout-9d6595d7 wp-block-columns-is-layout-flex\">\n<div class=\"wp-block-column has-text-color has-background has-link-color wp-elements-4bd6babdadb76a3ed9f07c2cdc48a451 is-layout-flow wp-block-column-is-layout-flow\" style=\"color:#000000;background-color:#e3e3e3;padding-top:2em;padding-right:2em;padding-bottom:2em;padding-left:2em\">\n<h2 class=\"wp-block-heading has-text-align-center\" id=\"single\" style=\"font-size:20px\"><strong>29 DE NOVEMBRO<\/strong><\/h2>\n\n\n\n<p class=\"has-text-align-center has-medium-font-size\">Sexta-feira<\/p>\n\n\n\n<hr class=\"wp-block-separator has-text-color has-css-opacity has-background is-style-wide\" style=\"background-color:#000000;color:#000000\" \/>\n\n\n\n<p style=\"font-size:16px\"><strong>10h00<\/strong> \u2013 Palestra com o Prof. Dr. Fernando P\u00e9rez Villal\u00f3n (Universidade Alberto Hurtado\/Chile)<br><br><mark style=\"background-color:#e3e3e3;color:#964749\" class=\"has-inline-color\"><strong>POESIA EM EXPANS\u00c3O RECENTE NO CHILE: PRESEN\u00c7AS DE UM POVO POSS\u00cdVEL<\/strong><\/mark><br><br><strong>11h00<\/strong> \u2013 Palestra com o Prof. Dr. Alamir Aquino Corr\u00eaa (UEL)<br><br><mark style=\"background-color:#e3e3e3;color:#964749\" class=\"has-inline-color\"><strong>FAZERES DA MATERIALIDADE EM MANIFESTOS DE FILIPPO MARINETTI E EDUARDO KAC<\/strong><\/mark><br>Media\u00e7\u00e3o: Prof. Dr. Gustavo Ramos de Souza (UEL)<br>Local: Anfiteatro do CLCH\/UEL (presencial e transmiss\u00e3o online)<br><br><strong>14h00<\/strong> \u2013 Comunica\u00e7\u00f5es<br>Local: Salas do CLCH\/UEL<br><br><strong>15h30<\/strong> \u2013 Coffee Break<br><br><strong>16h00<\/strong> \u2013 Comunica\u00e7\u00f5es<br><br><strong>19h00<\/strong> \u2013 Palestra de encerramento com a escritora Ver\u00f4nica Stigger<br><br><strong><mark style=\"background-color:#e3e3e3;color:#964749\" class=\"has-inline-color\">KRAKATOA, STROMBOLI, ETNA E OUTROS VULC\u00d5ES<\/mark> <\/strong><mark style=\"background-color:#e3e3e3;color:#964749\" class=\"has-inline-color\"><strong><br><\/strong><\/mark>Media\u00e7\u00e3o: Prof. Dr. Miguel Heitor Braga Vieira (UEL)<br>Local: Anfiteatro do CLCH\/UEL<\/p>\n<\/div>\n<\/div>\n","protected":false},"excerpt":{"rendered":"<p>PROGRAMA\u00c7\u00c3O * O I COL\u00d3QUIO INTERNACIONAL INTERMIDIALIDADE, LITERATURA E OUTRAS M\u00cdDIAS SER\u00c1 PRESENCIAL 27 DE NOVEMBRO Quarta-feira 18h30 \u2013 Credenciais\/Entrega de material 19h00 \u2013 Palestra com a Prof\u00aa Dr\u00aa Miriam de Paiva Vieira (UFSJ) TRAJET\u00d3RIAS E(M) REDES: INTERMIDIALIDADE NO BRASILMedia\u00e7\u00e3o: Prof\u00aa Dr\u00aa Barbara Cristina Marques (UEL)Local: Anfiteatro do CLCH\/UEL 28 DE NOVEMBRO Quinta-feira 10h00 \u2013 [&hellip;]<\/p>\n","protected":false},"author":9,"featured_media":0,"parent":0,"menu_order":0,"comment_status":"closed","ping_status":"closed","template":"page-templates\/template-without-title.php","meta":{"_acf_changed":false,"footnotes":""},"class_list":["post-5920","page","type-page","status-publish","hentry"],"acf":[],"_links":{"self":[{"href":"https:\/\/pos.uel.br\/letras\/wp-json\/wp\/v2\/pages\/5920","targetHints":{"allow":["GET"]}}],"collection":[{"href":"https:\/\/pos.uel.br\/letras\/wp-json\/wp\/v2\/pages"}],"about":[{"href":"https:\/\/pos.uel.br\/letras\/wp-json\/wp\/v2\/types\/page"}],"author":[{"embeddable":true,"href":"https:\/\/pos.uel.br\/letras\/wp-json\/wp\/v2\/users\/9"}],"replies":[{"embeddable":true,"href":"https:\/\/pos.uel.br\/letras\/wp-json\/wp\/v2\/comments?post=5920"}],"version-history":[{"count":43,"href":"https:\/\/pos.uel.br\/letras\/wp-json\/wp\/v2\/pages\/5920\/revisions"}],"predecessor-version":[{"id":6479,"href":"https:\/\/pos.uel.br\/letras\/wp-json\/wp\/v2\/pages\/5920\/revisions\/6479"}],"wp:attachment":[{"href":"https:\/\/pos.uel.br\/letras\/wp-json\/wp\/v2\/media?parent=5920"}],"curies":[{"name":"wp","href":"https:\/\/api.w.org\/{rel}","templated":true}]}}