{"id":5912,"date":"2024-10-15T11:54:01","date_gmt":"2024-10-15T14:54:01","guid":{"rendered":"https:\/\/pos.uel.br\/letras\/?page_id=5912"},"modified":"2024-10-25T09:18:00","modified_gmt":"2024-10-25T12:18:00","slug":"coloquio_intermidialidade","status":"publish","type":"page","link":"https:\/\/pos.uel.br\/letras\/coloquio_intermidialidade\/","title":{"rendered":"Coloquio"},"content":{"rendered":"\n<div class=\"wp-block-columns is-layout-flex wp-container-core-columns-is-layout-9d6595d7 wp-block-columns-is-layout-flex\">\n<div class=\"wp-block-column is-layout-flow wp-block-column-is-layout-flow\">\n<div class=\"wp-block-columns is-layout-flex wp-container-core-columns-is-layout-9d6595d7 wp-block-columns-is-layout-flex\">\n<div class=\"wp-block-column is-layout-flow wp-block-column-is-layout-flow\">\n<blockquote class=\"wp-block-quote is-layout-flow wp-block-quote-is-layout-flow\">\n<p class=\"has-text-color has-link-color wp-elements-bfca80ae56bac0764dce76de8b34f748\" style=\"color:#964749\"><strong><a href=\"https:\/\/pos.uel.br\/letras\/o_coloquio\/\" data-type=\"page\" data-id=\"5970\" target=\"_blank\" rel=\"noreferrer noopener\">O COL\u00d3QUIO<\/a><\/strong><\/p>\n<\/blockquote>\n<\/div>\n\n\n\n<div class=\"wp-block-column is-layout-flow wp-block-column-is-layout-flow\">\n<blockquote class=\"wp-block-quote is-layout-flow wp-block-quote-is-layout-flow\">\n<p class=\"has-text-color has-link-color wp-elements-034e50b31a1e8f5d4d2b7b708047ffd4\" style=\"color:#964749\"><strong><a href=\"https:\/\/pos.uel.br\/letras\/programacao\/\" target=\"_blank\" rel=\"noreferrer noopener\">PROGRAMA\u00c7\u00c3O<\/a><\/strong><\/p>\n<\/blockquote>\n<\/div>\n\n\n\n<div class=\"wp-block-column is-layout-flow wp-block-column-is-layout-flow\">\n<blockquote class=\"wp-block-quote is-layout-flow wp-block-quote-is-layout-flow\">\n<p class=\"has-text-color has-link-color wp-elements-4cde936f5aef378156cf748310b2bcf6\" style=\"color:#964749\"><strong><a href=\"https:\/\/pos.uel.br\/letras\/conferencistas-2\/\" target=\"_blank\" rel=\"noreferrer noopener\">CONFERENCISTAS<\/a><\/strong><\/p>\n<\/blockquote>\n<\/div>\n\n\n\n<div class=\"wp-block-column is-layout-flow wp-block-column-is-layout-flow\">\n<blockquote class=\"wp-block-quote is-layout-flow wp-block-quote-is-layout-flow\">\n<p class=\"has-text-color has-link-color wp-elements-b4707a9c46b9457f4056d2596d45d43e\" style=\"color:#964749\"><strong><a href=\"https:\/\/pos.uel.br\/letras\/inscricoes\/\" target=\"_blank\" rel=\"noreferrer noopener\">INSCRI\u00c7\u00d5ES<\/a><\/strong><\/p>\n<\/blockquote>\n<\/div>\n\n\n\n<div class=\"wp-block-column is-layout-flow wp-block-column-is-layout-flow\">\n<blockquote class=\"wp-block-quote is-layout-flow wp-block-quote-is-layout-flow\">\n<p class=\"has-text-color has-link-color wp-elements-45bf970afe3c98c9a444fe1c8bdccf06\" style=\"color:#964749\"><strong><a href=\"https:\/\/pos.uel.br\/letras\/resumo\/\" target=\"_blank\" rel=\"noreferrer noopener\">RESUMOS<\/a><\/strong><\/p>\n<\/blockquote>\n<\/div>\n<\/div>\n\n\n\n<div class=\"wp-block-columns is-layout-flex wp-container-core-columns-is-layout-9d6595d7 wp-block-columns-is-layout-flex\">\n<div class=\"wp-block-column is-layout-flow wp-block-column-is-layout-flow\"><div class=\"wp-block-image\">\n<figure class=\"aligncenter size-large is-resized\"><img loading=\"lazy\" decoding=\"async\" width=\"1024\" height=\"512\" src=\"https:\/\/pos.uel.br\/letras\/wp-content\/uploads\/2024\/10\/Banner_entrada2-1024x512.png\" alt=\"\" class=\"wp-image-6097\" style=\"width:976px;height:auto\" srcset=\"https:\/\/pos.uel.br\/letras\/wp-content\/uploads\/2024\/10\/Banner_entrada2-1024x512.png 1024w, https:\/\/pos.uel.br\/letras\/wp-content\/uploads\/2024\/10\/Banner_entrada2-300x150.png 300w, https:\/\/pos.uel.br\/letras\/wp-content\/uploads\/2024\/10\/Banner_entrada2-768x384.png 768w, https:\/\/pos.uel.br\/letras\/wp-content\/uploads\/2024\/10\/Banner_entrada2-1536x768.png 1536w, https:\/\/pos.uel.br\/letras\/wp-content\/uploads\/2024\/10\/Banner_entrada2-1000x500.png 1000w, https:\/\/pos.uel.br\/letras\/wp-content\/uploads\/2024\/10\/Banner_entrada2-620x310.png 620w, https:\/\/pos.uel.br\/letras\/wp-content\/uploads\/2024\/10\/Banner_entrada2-400x200.png 400w\" sizes=\"auto, (max-width: 1024px) 100vw, 1024px\" \/><\/figure>\n<\/div>\n\n\n<div class=\"wp-block-columns is-layout-flex wp-container-core-columns-is-layout-9d6595d7 wp-block-columns-is-layout-flex\">\n<div class=\"wp-block-column is-layout-flow wp-block-column-is-layout-flow\"><\/div>\n<\/div>\n\n\n\n<div class=\"wp-block-columns is-layout-flex wp-container-core-columns-is-layout-9d6595d7 wp-block-columns-is-layout-flex\">\n<div class=\"wp-block-column is-layout-flow wp-block-column-is-layout-flow\">\n<div class=\"wp-block-columns is-layout-flex wp-container-core-columns-is-layout-9d6595d7 wp-block-columns-is-layout-flex\">\n<div class=\"wp-block-column is-layout-flow wp-block-column-is-layout-flow\">\n<p><strong>APOIO INSTITUCIONAL:<\/strong><\/p>\n\n\n\n<div class=\"wp-block-columns is-layout-flex wp-container-core-columns-is-layout-9d6595d7 wp-block-columns-is-layout-flex\">\n<div class=\"wp-block-column is-layout-flow wp-block-column-is-layout-flow\">\n<figure class=\"wp-block-image size-large\"><img loading=\"lazy\" decoding=\"async\" width=\"1024\" height=\"308\" src=\"https:\/\/pos.uel.br\/letras\/wp-content\/uploads\/2024\/10\/Logo_Color_Horizontal-1024x308.jpg\" alt=\"\" class=\"wp-image-6101\" srcset=\"https:\/\/pos.uel.br\/letras\/wp-content\/uploads\/2024\/10\/Logo_Color_Horizontal-1024x308.jpg 1024w, https:\/\/pos.uel.br\/letras\/wp-content\/uploads\/2024\/10\/Logo_Color_Horizontal-300x90.jpg 300w, https:\/\/pos.uel.br\/letras\/wp-content\/uploads\/2024\/10\/Logo_Color_Horizontal-768x231.jpg 768w, https:\/\/pos.uel.br\/letras\/wp-content\/uploads\/2024\/10\/Logo_Color_Horizontal-1536x461.jpg 1536w, https:\/\/pos.uel.br\/letras\/wp-content\/uploads\/2024\/10\/Logo_Color_Horizontal-2048x615.jpg 2048w\" sizes=\"auto, (max-width: 1024px) 100vw, 1024px\" \/><\/figure>\n<\/div>\n\n\n\n<div class=\"wp-block-column is-layout-flow wp-block-column-is-layout-flow\">\n<figure class=\"wp-block-image size-full is-resized\"><img loading=\"lazy\" decoding=\"async\" width=\"600\" height=\"600\" src=\"https:\/\/pos.uel.br\/letras\/wp-content\/uploads\/2024\/10\/CCH.jpg\" alt=\"\" class=\"wp-image-6100\" style=\"aspect-ratio:1.7777777777777777;object-fit:cover;width:258px;height:auto\" srcset=\"https:\/\/pos.uel.br\/letras\/wp-content\/uploads\/2024\/10\/CCH.jpg 600w, https:\/\/pos.uel.br\/letras\/wp-content\/uploads\/2024\/10\/CCH-300x300.jpg 300w, https:\/\/pos.uel.br\/letras\/wp-content\/uploads\/2024\/10\/CCH-150x150.jpg 150w\" sizes=\"auto, (max-width: 600px) 100vw, 600px\" \/><\/figure>\n<\/div>\n<\/div>\n<\/div>\n\n\n\n<div class=\"wp-block-column is-layout-flow wp-block-column-is-layout-flow\">\n<div class=\"wp-block-buttons has-custom-font-size has-medium-font-size is-content-justification-left is-layout-flex wp-container-core-buttons-is-layout-fdcfc74e wp-block-buttons-is-layout-flex\">\n<div class=\"wp-block-button has-custom-width wp-block-button__width-75 is-style-outline is-style-outline--1\" style=\"font-style:normal;font-weight:500\"><a class=\"wp-block-button__link has-primary-text-color has-site-background-background-color has-text-color has-background has-link-color wp-element-button\" href=\"https:\/\/pos.uel.br\/letras\/inscricoes\/\" style=\"border-radius:0px\" target=\"_blank\" rel=\"noreferrer noopener\">Inscreva-se<\/a><\/div>\n<\/div>\n<\/div>\n<\/div>\n\n\n\n<div class=\"wp-block-columns is-layout-flex wp-container-core-columns-is-layout-9d6595d7 wp-block-columns-is-layout-flex\">\n<div class=\"wp-block-column is-layout-flow wp-block-column-is-layout-flow\">\n<div class=\"wp-block-cover is-light\" style=\"min-height:651px;aspect-ratio:unset;\"><span aria-hidden=\"true\" class=\"wp-block-cover__background has-background-dim-90 has-background-dim\" style=\"background-color:#e0e2e3\"><\/span><img loading=\"lazy\" decoding=\"async\" width=\"1080\" height=\"720\" class=\"wp-block-cover__image-background wp-image-4919\" alt=\"\" src=\"https:\/\/pos.uel.br\/letras\/wp-content\/uploads\/2024\/07\/luca-bravo-198062-unsplash-1.jpg\" style=\"object-position:0% 100%\" data-object-fit=\"cover\" data-object-position=\"0% 100%\" srcset=\"https:\/\/pos.uel.br\/letras\/wp-content\/uploads\/2024\/07\/luca-bravo-198062-unsplash-1.jpg 1080w, https:\/\/pos.uel.br\/letras\/wp-content\/uploads\/2024\/07\/luca-bravo-198062-unsplash-1-300x200.jpg 300w, https:\/\/pos.uel.br\/letras\/wp-content\/uploads\/2024\/07\/luca-bravo-198062-unsplash-1-1024x683.jpg 1024w, https:\/\/pos.uel.br\/letras\/wp-content\/uploads\/2024\/07\/luca-bravo-198062-unsplash-1-768x512.jpg 768w\" sizes=\"auto, (max-width: 1080px) 100vw, 1080px\" \/><div class=\"wp-block-cover__inner-container is-layout-constrained wp-block-cover-is-layout-constrained\">\n<p><br><\/p>\n\n\n\n<div class=\"wp-block-columns is-layout-flex wp-container-core-columns-is-layout-9d6595d7 wp-block-columns-is-layout-flex\">\n<div class=\"wp-block-column is-layout-flow wp-block-column-is-layout-flow\">\n<h2 class=\"wp-block-heading has-medium-font-size\"><strong>UNIVERSIDADE ESTADUAL DE LONDRINA<\/strong><br><\/h2>\n\n\n\n<p><strong>LOCAL: SALA DE EVENTOS<\/strong><br>Centro de Letras e Ci\u00eancias Humanas<br>Rodovia Celso Garcia Cid <br>PR 445 Km 380 | Campus Universit\u00e1rio<\/p>\n\n\n\n<div class=\"wp-block-columns is-layout-flex wp-container-core-columns-is-layout-9d6595d7 wp-block-columns-is-layout-flex\">\n<div class=\"wp-block-column is-layout-flow wp-block-column-is-layout-flow\">\n<h2 class=\"wp-block-heading has-text-color has-link-color has-medium-font-size wp-elements-51284bfa6d96f3910fbcdf94c191dc30\" style=\"color:#964749\">CONTATO:<\/h2>\n\n\n\n<p>coloquiointermidialidadeuel@gmail.com<\/p>\n\n\n\n<div class=\"wp-block-columns is-layout-flex wp-container-core-columns-is-layout-9d6595d7 wp-block-columns-is-layout-flex\">\n<div class=\"wp-block-column is-layout-flow wp-block-column-is-layout-flow\"><\/div>\n<\/div>\n<\/div>\n<\/div>\n\n\n\n<div class=\"wp-block-columns is-layout-flex wp-container-core-columns-is-layout-9d6595d7 wp-block-columns-is-layout-flex\">\n<div class=\"wp-block-column is-layout-flow wp-block-column-is-layout-flow\">\n<div class=\"wp-block-columns is-layout-flex wp-container-core-columns-is-layout-9d6595d7 wp-block-columns-is-layout-flex\">\n<div class=\"wp-block-column is-layout-flow wp-block-column-is-layout-flow\">\n<figure class=\"wp-block-image size-full\"><a href=\"https:\/\/maps.app.goo.gl\/xb7XkntC9bNgFWub6\" target=\"_blank\" rel=\"noreferrer noopener\"><img loading=\"lazy\" decoding=\"async\" width=\"746\" height=\"515\" src=\"https:\/\/pos.uel.br\/letras\/wp-content\/uploads\/2024\/10\/Captura-de-Tela-2024-10-23-a\u0300s-09.45.56.png\" alt=\"\" class=\"wp-image-6373\" srcset=\"https:\/\/pos.uel.br\/letras\/wp-content\/uploads\/2024\/10\/Captura-de-Tela-2024-10-23-a\u0300s-09.45.56.png 746w, https:\/\/pos.uel.br\/letras\/wp-content\/uploads\/2024\/10\/Captura-de-Tela-2024-10-23-a\u0300s-09.45.56-300x207.png 300w\" sizes=\"auto, (max-width: 746px) 100vw, 746px\" \/><\/a><\/figure>\n<\/div>\n<\/div>\n<\/div>\n<\/div>\n<\/div>\n\n\n\n<div class=\"wp-block-column is-layout-flow wp-block-column-is-layout-flow\">\n<div class=\"wp-block-columns is-layout-flex wp-container-core-columns-is-layout-9d6595d7 wp-block-columns-is-layout-flex\">\n<div class=\"wp-block-column is-layout-flow wp-block-column-is-layout-flow\">\n<figure class=\"wp-block-gallery has-nested-images columns-default is-cropped wp-block-gallery-2 is-layout-flex wp-block-gallery-is-layout-flex\">\n<figure class=\"wp-block-image size-full\"><img loading=\"lazy\" decoding=\"async\" width=\"567\" height=\"684\" data-id=\"6133\" src=\"https:\/\/pos.uel.br\/letras\/wp-content\/uploads\/2024\/10\/Captura-de-Tela-2024-10-17-a\u0300s-00.45.30.png\" alt=\"\" class=\"wp-image-6133\" srcset=\"https:\/\/pos.uel.br\/letras\/wp-content\/uploads\/2024\/10\/Captura-de-Tela-2024-10-17-a\u0300s-00.45.30.png 567w, https:\/\/pos.uel.br\/letras\/wp-content\/uploads\/2024\/10\/Captura-de-Tela-2024-10-17-a\u0300s-00.45.30-249x300.png 249w\" sizes=\"auto, (max-width: 567px) 100vw, 567px\" \/><\/figure>\n\n\n\n<figure class=\"wp-block-image size-large\"><img loading=\"lazy\" decoding=\"async\" width=\"723\" height=\"508\" data-id=\"5963\" src=\"https:\/\/pos.uel.br\/letras\/wp-content\/uploads\/2024\/10\/CLCH-capa-1.jpg\" alt=\"\" class=\"wp-image-5963\" srcset=\"https:\/\/pos.uel.br\/letras\/wp-content\/uploads\/2024\/10\/CLCH-capa-1.jpg 723w, https:\/\/pos.uel.br\/letras\/wp-content\/uploads\/2024\/10\/CLCH-capa-1-300x211.jpg 300w\" sizes=\"auto, (max-width: 723px) 100vw, 723px\" \/><\/figure>\n\n\n\n<figure class=\"wp-block-image size-full\"><img loading=\"lazy\" decoding=\"async\" width=\"556\" height=\"693\" data-id=\"5966\" src=\"https:\/\/pos.uel.br\/letras\/wp-content\/uploads\/2024\/10\/Captura-de-Tela-2024-10-16-a\u0300s-01.04.00.png\" alt=\"\" class=\"wp-image-5966\" srcset=\"https:\/\/pos.uel.br\/letras\/wp-content\/uploads\/2024\/10\/Captura-de-Tela-2024-10-16-a\u0300s-01.04.00.png 556w, https:\/\/pos.uel.br\/letras\/wp-content\/uploads\/2024\/10\/Captura-de-Tela-2024-10-16-a\u0300s-01.04.00-241x300.png 241w\" sizes=\"auto, (max-width: 556px) 100vw, 556px\" \/><\/figure>\n<\/figure>\n\n\n\n<figure class=\"wp-block-gallery has-nested-images columns-default is-cropped wp-block-gallery-3 is-layout-flex wp-block-gallery-is-layout-flex\">\n<figure class=\"wp-block-image size-large\"><img loading=\"lazy\" decoding=\"async\" width=\"696\" height=\"465\" data-id=\"6134\" src=\"https:\/\/pos.uel.br\/letras\/wp-content\/uploads\/2024\/10\/Captura-de-Tela-2024-10-17-a\u0300s-00.45.51.png\" alt=\"\" class=\"wp-image-6134\" srcset=\"https:\/\/pos.uel.br\/letras\/wp-content\/uploads\/2024\/10\/Captura-de-Tela-2024-10-17-a\u0300s-00.45.51.png 696w, https:\/\/pos.uel.br\/letras\/wp-content\/uploads\/2024\/10\/Captura-de-Tela-2024-10-17-a\u0300s-00.45.51-300x200.png 300w\" sizes=\"auto, (max-width: 696px) 100vw, 696px\" \/><\/figure>\n\n\n\n<figure class=\"wp-block-image size-full\"><img loading=\"lazy\" decoding=\"async\" width=\"686\" height=\"699\" data-id=\"6132\" src=\"https:\/\/pos.uel.br\/letras\/wp-content\/uploads\/2024\/10\/Captura-de-Tela-2024-10-17-a\u0300s-00.45.18.png\" alt=\"\" class=\"wp-image-6132\" srcset=\"https:\/\/pos.uel.br\/letras\/wp-content\/uploads\/2024\/10\/Captura-de-Tela-2024-10-17-a\u0300s-00.45.18.png 686w, https:\/\/pos.uel.br\/letras\/wp-content\/uploads\/2024\/10\/Captura-de-Tela-2024-10-17-a\u0300s-00.45.18-294x300.png 294w\" sizes=\"auto, (max-width: 686px) 100vw, 686px\" \/><\/figure>\n\n\n\n<figure class=\"wp-block-image size-full\"><img loading=\"lazy\" decoding=\"async\" width=\"449\" height=\"555\" data-id=\"5965\" src=\"https:\/\/pos.uel.br\/letras\/wp-content\/uploads\/2024\/10\/Captura-de-Tela-2024-10-16-a\u0300s-00.58.06.png\" alt=\"\" class=\"wp-image-5965\" srcset=\"https:\/\/pos.uel.br\/letras\/wp-content\/uploads\/2024\/10\/Captura-de-Tela-2024-10-16-a\u0300s-00.58.06.png 449w, https:\/\/pos.uel.br\/letras\/wp-content\/uploads\/2024\/10\/Captura-de-Tela-2024-10-16-a\u0300s-00.58.06-243x300.png 243w\" sizes=\"auto, (max-width: 449px) 100vw, 449px\" \/><\/figure>\n<\/figure>\n\n\n\n<figure class=\"wp-block-gallery has-nested-images columns-default is-cropped wp-block-gallery-4 is-layout-flex wp-block-gallery-is-layout-flex\">\n<figure class=\"wp-block-image size-full\"><img loading=\"lazy\" decoding=\"async\" width=\"600\" height=\"338\" data-id=\"5964\" src=\"https:\/\/pos.uel.br\/letras\/wp-content\/uploads\/2024\/10\/TESTE-768x432-1-e1617303321483.jpeg\" alt=\"\" class=\"wp-image-5964\" srcset=\"https:\/\/pos.uel.br\/letras\/wp-content\/uploads\/2024\/10\/TESTE-768x432-1-e1617303321483.jpeg 600w, https:\/\/pos.uel.br\/letras\/wp-content\/uploads\/2024\/10\/TESTE-768x432-1-e1617303321483-300x169.jpeg 300w\" sizes=\"auto, (max-width: 600px) 100vw, 600px\" \/><\/figure>\n<\/figure>\n<\/div>\n<\/div>\n<\/div>\n<\/div>\n<\/div><\/div>\n<\/div>\n<\/div>\n<\/div>\n<\/div>\n<\/div>\n<\/div>\n<\/div>\n<\/div>\n","protected":false},"excerpt":{"rendered":"<p>O COL\u00d3QUIO PROGRAMA\u00c7\u00c3O CONFERENCISTAS INSCRI\u00c7\u00d5ES RESUMOS APOIO INSTITUCIONAL:<\/p>\n","protected":false},"author":9,"featured_media":0,"parent":0,"menu_order":0,"comment_status":"closed","ping_status":"closed","template":"page-templates\/template-without-title.php","meta":{"_acf_changed":false,"footnotes":""},"class_list":["post-5912","page","type-page","status-publish","hentry"],"acf":[],"_links":{"self":[{"href":"https:\/\/pos.uel.br\/letras\/wp-json\/wp\/v2\/pages\/5912","targetHints":{"allow":["GET"]}}],"collection":[{"href":"https:\/\/pos.uel.br\/letras\/wp-json\/wp\/v2\/pages"}],"about":[{"href":"https:\/\/pos.uel.br\/letras\/wp-json\/wp\/v2\/types\/page"}],"author":[{"embeddable":true,"href":"https:\/\/pos.uel.br\/letras\/wp-json\/wp\/v2\/users\/9"}],"replies":[{"embeddable":true,"href":"https:\/\/pos.uel.br\/letras\/wp-json\/wp\/v2\/comments?post=5912"}],"version-history":[{"count":73,"href":"https:\/\/pos.uel.br\/letras\/wp-json\/wp\/v2\/pages\/5912\/revisions"}],"predecessor-version":[{"id":6376,"href":"https:\/\/pos.uel.br\/letras\/wp-json\/wp\/v2\/pages\/5912\/revisions\/6376"}],"wp:attachment":[{"href":"https:\/\/pos.uel.br\/letras\/wp-json\/wp\/v2\/media?parent=5912"}],"curies":[{"name":"wp","href":"https:\/\/api.w.org\/{rel}","templated":true}]}}