{"id":4412,"date":"2024-03-27T16:55:17","date_gmt":"2024-03-27T19:55:17","guid":{"rendered":"https:\/\/pos.uel.br\/letras\/?page_id=4412"},"modified":"2025-03-19T23:30:07","modified_gmt":"2025-03-20T02:30:07","slug":"2024-2","status":"publish","type":"page","link":"https:\/\/pos.uel.br\/letras\/2024-2\/","title":{"rendered":"Sele\u00e7\u00e3o 2024\/2"},"content":{"rendered":"\n<p style=\"font-size:15px\"><a href=\"https:\/\/pos.uel.br\/letras\/wp-content\/uploads\/2024\/03\/Edital-14-2024.pdf\" target=\"_blank\" rel=\"noreferrer noopener\">EDITAL N\u00ba 14\/2024<\/a> \u2013 Sele\u00e7\u00e3o Mestrado e Doutorado <br><a href=\"https:\/\/pos.uel.br\/letras\/wp-content\/uploads\/2024\/03\/Modelo-de-pre\u0301-projeto-de-pesquisa.docx\" target=\"_blank\" rel=\"noreferrer noopener\">FORMUL\u00c1RIO PROJETO DE PESQUISA<\/a> \u2013 Modelo * <strong>(conf. observa\u00e7\u00e3o)<\/strong><br><a href=\"https:\/\/www.sistemasweb.uel.br\/index.php?contents=system\/insc\/index.php&amp;pagina=view\/inscricoes\/seleciona_evento.php&amp;cod_evento=8977\" target=\"_blank\" rel=\"noreferrer noopener\">REQUERIMENTO DE ISEN\u00c7\u00c3O CAD\u00daNICO<\/a> \u2013 De 02\/04\/2024 a 12\/04\/2024<br><a href=\"https:\/\/pos.uel.br\/letras\/wp-content\/uploads\/2024\/04\/Edital-16-2024-resultado-pedidos-de-isenc\u0327a\u0303o.pdf\" target=\"_blank\" rel=\"noreferrer noopener\">EDITAL N\u00ba 16\/2024<\/a> \u2013 Resultado CAD\u00daNICO<br><a href=\"https:\/\/pos.uel.br\/letras\/wp-content\/uploads\/2024\/05\/Edital-19-2024_Homologacao_das_inscricoes_assinado.pdf\" target=\"_blank\" rel=\"noreferrer noopener\">EDITAL N\u00ba 19\/2024<\/a> \u2013 Inscri\u00e7\u00f5es homologadas<br><a href=\"https:\/\/pos.uel.br\/letras\/wp-content\/uploads\/2024\/06\/Edital20_2024_Resultado_FaseI_assinado.pdf\" target=\"_blank\" rel=\"noreferrer noopener\">EDITAL N\u00ba 20\/2024<\/a> \u2013 Resultado da Fase I<br><a href=\"https:\/\/pos.uel.br\/letras\/wp-content\/uploads\/2024\/06\/RESULTADO_ACOES_AFIRMATIVAS_COTAS-2024-2.pdf\" target=\"_blank\" rel=\"noreferrer noopener\">RESULTADO DAS A\u00c7\u00d5ES AFIRMATIVAS<\/a> \u2013 Cotas<br><a href=\"https:\/\/pos.uel.br\/letras\/wp-content\/uploads\/2024\/06\/Prova_literatura_2024_2.pdf\" target=\"_blank\" rel=\"noreferrer noopener\">PROVA DE LITERATURA<\/a><br><a href=\"https:\/\/pos.uel.br\/letras\/wp-content\/uploads\/2024\/06\/Prova_ingles_2024_2.pdf\" target=\"_blank\" rel=\"noreferrer noopener\">PROVA DE INGL\u00caS<\/a><br><a href=\"https:\/\/pos.uel.br\/letras\/wp-content\/uploads\/2024\/06\/Prova_frances_2024_2.pdf\" target=\"_blank\" rel=\"noreferrer noopener\">PROVA DE FRANC\u00caS<\/a><br><a href=\"https:\/\/pos.uel.br\/letras\/wp-content\/uploads\/2024\/06\/Edital21_2024_Resultado_Revisao_de_nota_assinado.pdf\">EDITAL N\u00ba 21\/2024<\/a> \u2013 Resultado dos pedidos de revis\u00e3o de nota<br><a href=\"https:\/\/pos.uel.br\/letras\/wp-content\/uploads\/2024\/06\/Edital22_2024_Resultado_FaseII_assinado.pdf\">EDITAL N\u00ba 22\/2024<\/a> \u2013 Resultado da Fase II<br><a href=\"https:\/\/pos.uel.br\/letras\/wp-content\/uploads\/2024\/06\/Edital-23-2024-resultado-recurso-fase-II.pdf\" target=\"_blank\" rel=\"noreferrer noopener\">EDITAL N\u00ba 23\/2024<\/a> \u2013 Resultado dos pedidos de revis\u00e3o da Fase II<br><a href=\"https:\/\/pos.uel.br\/letras\/wp-content\/uploads\/2024\/06\/Edital-24-2024-cronograma-entrevistas-1.pdf\">EDITAL N\u00ba 24\/2024<\/a> \u2013 Cronograma das entrevistas<br><a href=\"https:\/\/pos.uel.br\/letras\/wp-content\/uploads\/2024\/06\/Edital-25-2024-resultado-fase-III.pdf\">EDITAL N\u00ba 25\/2024<\/a> \u2013 Resultado da Fase III<br><a href=\"https:\/\/pos.uel.br\/letras\/wp-content\/uploads\/2024\/06\/Edital-26-2024-Resultado-final-e-matri\u0301cula-mestrado.pdf\" target=\"_blank\" rel=\"noreferrer noopener\">EDITAL N\u00ba 26\/2024<\/a> \u2013 Resultado final e Convoca\u00e7\u00e3o para matr\u00edcula MESTRADO<br><a href=\"https:\/\/pos.uel.br\/letras\/wp-content\/uploads\/2024\/06\/Edital-27-2024-resultado-final-e-matri\u0301cula-doutorado-assinado.pdf\" target=\"_blank\" rel=\"noreferrer noopener\">EDITAL N\u00ba 27\/2024<\/a> \u2013 Resultado final e Convoca\u00e7\u00e3o para matr\u00edcula DOUTORADO<\/p>\n\n\n\n<p style=\"font-size:15px\"><strong>OBS: O campo &#8220;C\u00f3digo de inscri\u00e7\u00e3o do(a) candidato(a) &#8211; 6 \u00faltimos d\u00edgitos&#8221; \u00e9 para uso da Comiss\u00e3o de Sele\u00e7\u00e3o. N\u00e3o preencher.<\/strong><\/p>\n\n\n\n<p style=\"font-size:15px\"><br><strong>EDITAIS PARA ESTUDANTE ESPECIAL<\/strong><\/p>\n\n\n\n<p style=\"font-size:15px\"><a href=\"https:\/\/pos.uel.br\/letras\/wp-content\/uploads\/2024\/07\/Edital-28-2024-estudantes-especiais-assinado.pdf\" target=\"_blank\" rel=\"noreferrer noopener\">EDITAL N\u00ba 28\/2024<\/a> \u2013 Sele\u00e7\u00e3o Estudante Especial<br><a href=\"https:\/\/pos.uel.br\/letras\/wp-content\/uploads\/2024\/08\/Edital-32-2024-resultado-estudantes-especiais.pdf\">EDITAL N\u00ba 32\/2024<\/a> \u2013 Resultado<br><br><\/p>\n","protected":false},"excerpt":{"rendered":"<p>EDITAL N\u00ba 14\/2024 \u2013 Sele\u00e7\u00e3o Mestrado e Doutorado FORMUL\u00c1RIO PROJETO DE PESQUISA \u2013 Modelo * (conf. observa\u00e7\u00e3o)REQUERIMENTO DE ISEN\u00c7\u00c3O CAD\u00daNICO \u2013 De 02\/04\/2024 a 12\/04\/2024EDITAL N\u00ba 16\/2024 \u2013 Resultado CAD\u00daNICOEDITAL N\u00ba 19\/2024 \u2013 Inscri\u00e7\u00f5es homologadasEDITAL N\u00ba 20\/2024 \u2013 Resultado da Fase IRESULTADO DAS A\u00c7\u00d5ES AFIRMATIVAS \u2013 CotasPROVA DE LITERATURAPROVA DE INGL\u00caSPROVA DE FRANC\u00caSEDITAL N\u00ba 21\/2024 [&hellip;]<\/p>\n","protected":false},"author":9,"featured_media":0,"parent":0,"menu_order":0,"comment_status":"closed","ping_status":"closed","template":"","meta":{"_acf_changed":false,"footnotes":""},"class_list":["post-4412","page","type-page","status-publish","hentry"],"acf":[],"_links":{"self":[{"href":"https:\/\/pos.uel.br\/letras\/wp-json\/wp\/v2\/pages\/4412","targetHints":{"allow":["GET"]}}],"collection":[{"href":"https:\/\/pos.uel.br\/letras\/wp-json\/wp\/v2\/pages"}],"about":[{"href":"https:\/\/pos.uel.br\/letras\/wp-json\/wp\/v2\/types\/page"}],"author":[{"embeddable":true,"href":"https:\/\/pos.uel.br\/letras\/wp-json\/wp\/v2\/users\/9"}],"replies":[{"embeddable":true,"href":"https:\/\/pos.uel.br\/letras\/wp-json\/wp\/v2\/comments?post=4412"}],"version-history":[{"count":26,"href":"https:\/\/pos.uel.br\/letras\/wp-json\/wp\/v2\/pages\/4412\/revisions"}],"predecessor-version":[{"id":9954,"href":"https:\/\/pos.uel.br\/letras\/wp-json\/wp\/v2\/pages\/4412\/revisions\/9954"}],"wp:attachment":[{"href":"https:\/\/pos.uel.br\/letras\/wp-json\/wp\/v2\/media?parent=4412"}],"curies":[{"name":"wp","href":"https:\/\/api.w.org\/{rel}","templated":true}]}}