{"id":160,"date":"2021-07-07T10:15:42","date_gmt":"2021-07-07T13:15:42","guid":{"rendered":"https:\/\/pos.uel.br\/letras\/?page_id=160"},"modified":"2026-01-07T11:08:38","modified_gmt":"2026-01-07T14:08:38","slug":"bolsas","status":"publish","type":"page","link":"https:\/\/pos.uel.br\/letras\/bolsas\/","title":{"rendered":"Bolsas do PPGL"},"content":{"rendered":"\n<p><\/p>\n\n\n\n<p style=\"font-size:15px\">O PPG em Letras da UEL possui bolsas da CAPES (Programa de Demanda Social) e do CNPq.&nbsp;A cada semestre, \u00e9 feita uma chamada para bolsas, em fun\u00e7\u00e3o da disponibilidade das mesmas (reconfirma\u00e7\u00e3o das quotas pelas ag\u00eancias de fomento e\/ou defesas) e do novo ingresso de alunos.&nbsp;Os alunos s\u00e3o comunicados via&nbsp;e-mail e devem manifestar seu interesse&nbsp;em concorrer \u00e0s bolsas, mediante assinatura de declara\u00e7\u00e3o de interesse. A Comiss\u00e3o de bolsas \u00e9 respons\u00e1vel pela avalia\u00e7\u00e3o e deferimento das bolsas.<br><br>Atualmente, o PPG em Letras conta com 11 bolsas de Mestrado e 13 bolsas de Doutorado.<br><\/p>\n\n\n\n<blockquote class=\"wp-block-quote is-layout-flow wp-block-quote-is-layout-flow\">\n<p style=\"font-size:15px\"><strong>COMISS\u00c3O DE BOLSAS<\/strong><\/p>\n<\/blockquote>\n\n\n\n<p style=\"font-size:15px\"><strong>Mandato de junho de 2025 a maio de 2027:<\/strong><\/p>\n\n\n\n<p style=\"font-size:15px\">Prof\u00aa Dr\u00aa Barbara Cristina Marques (coordenadora do PPGL)<br>Prof. Dr. Luiz Carlos Migliozzi Ferreira de Mello (vice-coordenador do PPGL)<br>Prof. Dr. Miguel Heitor Braga Vieira (docente do PPGL)<br>Prof\u00aa Dr\u00aa Telma Maciel da Silva (docente do PPGL)<\/p>\n\n\n\n<p style=\"font-size:15px\">Carolina Montagnini do Nascimento (representante discente \u2013 carolina.montagnini@uel.br)<br>Giulia Armagno Liuti (suplente \u2013 giulia.armagno@uel.br)<\/p>\n\n\n\n<div class=\"wp-block-columns is-layout-flex wp-container-core-columns-is-layout-9d6595d7 wp-block-columns-is-layout-flex\">\n<div class=\"wp-block-column is-layout-flow wp-block-column-is-layout-flow\">\n<p><\/p>\n<\/div>\n<\/div>\n\n\n\n<blockquote class=\"wp-block-quote is-layout-flow wp-block-quote-is-layout-flow\">\n<p style=\"font-size:15px\"><strong>DIRETRIZES E INFORMA\u00c7\u00d5ES<\/strong> <\/p>\n<\/blockquote>\n\n\n\n<p style=\"font-size:15px\"><a href=\"https:\/\/pos.uel.br\/letras\/wp-content\/uploads\/2026\/01\/RESOLUCAO_Concessao_BolsasPPGL.pdf\" target=\"_blank\" rel=\"noreferrer noopener\">RESOLU\u00c7\u00c3O PPG\/UEL N\u00ba 01\/2025<\/a> \u2013 Disp\u00f5e sobre as normas e os procedimentos de concess\u00e3o de bolsas de estudo em n\u00edvel de Mestrado e Doutorado no \u00e2mbito do Programa de P\u00f3s-Gradua\u00e7\u00e3o em Letras da Universidade Estadual de Londrina.<br><a href=\"https:\/\/pos.uel.br\/letras\/wp-content\/uploads\/2026\/01\/SEI_2538198_Oficio_Circular_1-Novas-regras-em-caso-de-licenca-maternidade-1.pdf\" target=\"_blank\" rel=\"noreferrer noopener\">OF\u00cdCIO CIRCULAR N\u00ba 1\/2025-CFEP\/CGFIP\/DPB\/CAPES <\/a>\u2013 Novas Regras para Prorroga\u00e7\u00e3o de Bolsas de Estudo em Caso de Licen\u00e7a Maternidade.<br><a href=\"https:\/\/pos.uel.br\/letras\/wp-content\/uploads\/2023\/10\/Portaria-Capes-no-133-de-10-de-Julho-de-2023.pdf\" target=\"_blank\" rel=\"noreferrer noopener\">PORTARIA CAPES N\u00ba 133\/2023<\/a> \u2013 Regulamenta o ac\u00famulo de bolsas de mestrado, doutorado e p\u00f3s-doutorado concedidas pela CAPES no pa\u00eds com atividade remunerada ou outros rendimentos<br><a href=\"https:\/\/pos.uel.br\/letras\/wp-content\/uploads\/2021\/09\/RegulamentocapesDS.pdf\" target=\"_blank\" rel=\"noreferrer noopener\">PORTARIA CAPES N\u00ba 76\/2010<\/a> \u2013 Aprova o novo Regulamento para bolsistas do Programa de Demanda Social <br><a href=\"https:\/\/pos.uel.br\/letras\/wp-content\/uploads\/2022\/07\/Portaria-no-107-de-13-de-Junho-de-2022-revoga-portarias-prorrogacao-bolsa-CAPES.pdf\" target=\"_blank\" rel=\"noreferrer noopener\">PORTARIA CAPES N\u00ba 107\/2022<\/a> \u2013 Revoga as PORTARIAS N\u00ba 55 e N\u00ba 121\/2020 que permitiam a prorroga\u00e7\u00e3o de bolsas devido \u00e0 pandemia<br><a href=\"https:\/\/pos.uel.br\/letras\/wp-content\/uploads\/2022\/07\/Portaria-no-121-de-19-de-Agosto-de-2020-prorrogacao-bolsa-CAPES-revogada.pdf\" target=\"_blank\" rel=\"noreferrer noopener\">PORTARIA CAPES N\u00ba 121\/2020<\/a> \u2013 Altera a PORTARIA CAPES N\u00ba 55 para dispor sobre a prorroga\u00e7\u00e3o excepcional dos prazos de vig\u00eancia de bolsas de mestrado e doutorado no pa\u00eds<br><a href=\"https:\/\/pos.uel.br\/letras\/wp-content\/uploads\/2022\/07\/Portaria-no-55-de-29-de-Abril-de-2020-prorrogacao-bolsa-CAPES-revogada.pdf\" target=\"_blank\" rel=\"noreferrer noopener\">PORTARIA CAPES N\u00ba 55\/2020<\/a> \u2013 Disp\u00f5e sobre a prorroga\u00e7\u00e3o excepcional dos prazos de vig\u00eancia de bolsas de mestrado e doutorado no pa\u00eds<\/p>\n\n\n\n<p style=\"font-size:15px\"><\/p>\n\n\n\n<p style=\"font-size:15px\"><\/p>\n\n\n\n<p><\/p>\n","protected":false},"excerpt":{"rendered":"<p>O PPG em Letras da UEL possui bolsas da CAPES (Programa de Demanda Social) e do CNPq.&nbsp;A cada semestre, \u00e9 feita uma chamada para bolsas, em fun\u00e7\u00e3o da disponibilidade das mesmas (reconfirma\u00e7\u00e3o das quotas pelas ag\u00eancias de fomento e\/ou defesas) e do novo ingresso de alunos.&nbsp;Os alunos s\u00e3o comunicados via&nbsp;e-mail e devem manifestar seu interesse&nbsp;em [&hellip;]<\/p>\n","protected":false},"author":8,"featured_media":0,"parent":0,"menu_order":0,"comment_status":"closed","ping_status":"closed","template":"","meta":{"_acf_changed":false,"footnotes":""},"class_list":["post-160","page","type-page","status-publish","hentry"],"acf":[],"_links":{"self":[{"href":"https:\/\/pos.uel.br\/letras\/wp-json\/wp\/v2\/pages\/160","targetHints":{"allow":["GET"]}}],"collection":[{"href":"https:\/\/pos.uel.br\/letras\/wp-json\/wp\/v2\/pages"}],"about":[{"href":"https:\/\/pos.uel.br\/letras\/wp-json\/wp\/v2\/types\/page"}],"author":[{"embeddable":true,"href":"https:\/\/pos.uel.br\/letras\/wp-json\/wp\/v2\/users\/8"}],"replies":[{"embeddable":true,"href":"https:\/\/pos.uel.br\/letras\/wp-json\/wp\/v2\/comments?post=160"}],"version-history":[{"count":69,"href":"https:\/\/pos.uel.br\/letras\/wp-json\/wp\/v2\/pages\/160\/revisions"}],"predecessor-version":[{"id":10698,"href":"https:\/\/pos.uel.br\/letras\/wp-json\/wp\/v2\/pages\/160\/revisions\/10698"}],"wp:attachment":[{"href":"https:\/\/pos.uel.br\/letras\/wp-json\/wp\/v2\/media?parent=160"}],"curies":[{"name":"wp","href":"https:\/\/api.w.org\/{rel}","templated":true}]}}

<p></p>



<p style="font-size:15px">O PPG em Letras da UEL possui bolsas da CAPES (Programa de Demanda Social) e do CNPq.&nbsp;A cada semestre, é feita uma chamada para bolsas, em função da disponibilidade das mesmas (reconfirmação das quotas pelas agências de fomento e/ou defesas) e do novo ingresso de alunos.&nbsp;Os alunos são comunicados via&nbsp;e-mail e devem manifestar seu interesse&nbsp;em concorrer às bolsas, mediante assinatura de declaração de interesse. A Comissão de bolsas é responsável pela avaliação e deferimento das bolsas.<br><br>Atualmente, o PPG em Letras conta com 11 bolsas de Mestrado e 13 bolsas de Doutorado.<br></p>



<blockquote class="wp-block-quote is-layout-flow wp-block-quote-is-layout-flow">
<p style="font-size:15px"><strong>COMISSÃO DE BOLSAS</strong></p>
</blockquote>



<p style="font-size:15px"><strong>Mandato de junho de 2025 a maio de 2027:</strong></p>



<p style="font-size:15px">Profª Drª Barbara Cristina Marques (coordenadora do PPGL)<br>Prof. Dr. Luiz Carlos Migliozzi Ferreira de Mello (vice-coordenador do PPGL)<br>Prof. Dr. Miguel Heitor Braga Vieira (docente do PPGL)<br>Profª Drª Telma Maciel da Silva (docente do PPGL)</p>



<p style="font-size:15px">Carolina Montagnini do Nascimento (representante discente – carolina.montagnini@uel.br)<br>Giulia Armagno Liuti (suplente – giulia.armagno@uel.br)</p>



<div class="wp-block-columns is-layout-flex wp-container-core-columns-is-layout-9d6595d7 wp-block-columns-is-layout-flex">
<div class="wp-block-column is-layout-flow wp-block-column-is-layout-flow">
<p></p>
</div>
</div>



<blockquote class="wp-block-quote is-layout-flow wp-block-quote-is-layout-flow">
<p style="font-size:15px"><strong>DIRETRIZES E INFORMAÇÕES</strong> </p>
</blockquote>



<p style="font-size:15px"><a href="https://pos.uel.br/letras/wp-content/uploads/2026/01/RESOLUCAO_Concessao_BolsasPPGL.pdf" target="_blank" rel="noreferrer noopener">RESOLUÇÃO PPG/UEL Nº 01/2025</a> – Dispõe sobre as normas e os procedimentos de concessão de bolsas de estudo em nível de Mestrado e Doutorado no âmbito do Programa de Pós-Graduação em Letras da Universidade Estadual de Londrina.<br><a href="https://pos.uel.br/letras/wp-content/uploads/2026/01/SEI_2538198_Oficio_Circular_1-Novas-regras-em-caso-de-licenca-maternidade-1.pdf" target="_blank" rel="noreferrer noopener">OFÍCIO CIRCULAR Nº 1/2025-CFEP/CGFIP/DPB/CAPES </a>– Novas Regras para Prorrogação de Bolsas de Estudo em Caso de Licença Maternidade.<br><a href="https://pos.uel.br/letras/wp-content/uploads/2023/10/Portaria-Capes-no-133-de-10-de-Julho-de-2023.pdf" target="_blank" rel="noreferrer noopener">PORTARIA CAPES Nº 133/2023</a> – Regulamenta o acúmulo de bolsas de mestrado, doutorado e pós-doutorado concedidas pela CAPES no país com atividade remunerada ou outros rendimentos<br><a href="https://pos.uel.br/letras/wp-content/uploads/2021/09/RegulamentocapesDS.pdf" target="_blank" rel="noreferrer noopener">PORTARIA CAPES Nº 76/2010</a> – Aprova o novo Regulamento para bolsistas do Programa de Demanda Social <br><a href="https://pos.uel.br/letras/wp-content/uploads/2022/07/Portaria-no-107-de-13-de-Junho-de-2022-revoga-portarias-prorrogacao-bolsa-CAPES.pdf" target="_blank" rel="noreferrer noopener">PORTARIA CAPES Nº 107/2022</a> – Revoga as PORTARIAS Nº 55 e Nº 121/2020 que permitiam a prorrogação de bolsas devido à pandemia<br><a href="https://pos.uel.br/letras/wp-content/uploads/2022/07/Portaria-no-121-de-19-de-Agosto-de-2020-prorrogacao-bolsa-CAPES-revogada.pdf" target="_blank" rel="noreferrer noopener">PORTARIA CAPES Nº 121/2020</a> – Altera a PORTARIA CAPES Nº 55 para dispor sobre a prorrogação excepcional dos prazos de vigência de bolsas de mestrado e doutorado no país<br><a href="https://pos.uel.br/letras/wp-content/uploads/2022/07/Portaria-no-55-de-29-de-Abril-de-2020-prorrogacao-bolsa-CAPES-revogada.pdf" target="_blank" rel="noreferrer noopener">PORTARIA CAPES Nº 55/2020</a> – Dispõe sobre a prorrogação excepcional dos prazos de vigência de bolsas de mestrado e doutorado no país</p>



<p style="font-size:15px"></p>



<p style="font-size:15px"></p>



<p></p>

<p>O PPG em Letras da UEL possui bolsas da CAPES (Programa de Demanda Social) e do CNPq.&nbsp;A cada semestre, é feita uma chamada para bolsas, em função da disponibilidade das mesmas (reconfirmação das quotas pelas agências de fomento e/ou defesas) e do novo ingresso de alunos.&nbsp;Os alunos são comunicados via&nbsp;e-mail e devem manifestar seu interesse&nbsp;em [&hellip;]</p>
