{"id":1537,"date":"2021-10-02T00:13:25","date_gmt":"2021-10-02T03:13:25","guid":{"rendered":"https:\/\/pos.uel.br\/letras\/?page_id=1537"},"modified":"2025-08-13T19:00:16","modified_gmt":"2025-08-13T22:00:16","slug":"estudos-avancados","status":"publish","type":"page","link":"https:\/\/pos.uel.br\/letras\/estudos-avancados\/","title":{"rendered":"Estudos Avan\u00e7ados"},"content":{"rendered":"\n<p><\/p>\n\n\n\n<p style=\"font-size:15px\">Os Estudos Avan\u00e7ados constituem-se em disciplina de 1 cr\u00e9dito, ministrada por professor convidado, abordando um determinado tema. O aluno de Mestrado deve cursar dois Estudos Avan\u00e7ados e o de Doutorado deve cursar quatro, ao longo do curso. Excepcionalmente, quando h\u00e1 professores visitantes por um semestre ou mais, \u00e9 ofertado Estudo Avan\u00e7ado com tr\u00eas cr\u00e9ditos, permitindo maior intera\u00e7\u00e3o dos alunos com o professor visitante. Os Estudos Avan\u00e7ados permitem aos alunos o contato com um leque ainda mais amplo de possibilidades tem\u00e1ticas e de pesquisa, enriquecendo sua forma\u00e7\u00e3o. Anualmente, o PPGL oferta no m\u00ednimo 4 Estudos Avan\u00e7ados.<br><\/p>\n\n\n\n<div class=\"wp-block-columns is-layout-flex wp-container-core-columns-is-layout-9d6595d7 wp-block-columns-is-layout-flex\">\n<div class=\"wp-block-column is-layout-flow wp-block-column-is-layout-flow\">\n<div class=\"wp-block-uel-card\">\n<blockquote class=\"wp-block-quote is-layout-flow wp-block-quote-is-layout-flow\">\n<p class=\"has-primary-accent-color has-text-color has-link-color wp-elements-388671053e71b4b69d0127af94bbd9f9\"><strong>OFERTA 2025<\/strong><\/p>\n<\/blockquote>\n\n\n\n<div class=\"wp-block-uel-card\">\n<p style=\"font-size:15px\"><strong>SETEMBRO<\/strong><\/p>\n\n\n\n<div class=\"wp-block-columns is-layout-flex wp-container-core-columns-is-layout-9d6595d7 wp-block-columns-is-layout-flex\">\n<div class=\"wp-block-column is-layout-flow wp-block-column-is-layout-flow\">\n<div class=\"wp-block-uel-card\">\n<p style=\"font-size:15px\"><strong>T\u00edtulo:<\/strong> Cartografias liter\u00e1rias insulares: Macaron\u00e9sia, \u00c1frica e \u00c1sia em perspectiva<br><strong>Ementa: <\/strong>Pretende-se oferecer uma introdu\u00e7\u00e3o cr\u00edtica e comparativa \u00e0s literaturas insulares da Macaron\u00e9sia, \u00c1frica e \u00c1sia, explorando como a insularidade, a mem\u00f3ria colonial, as din\u00e2micas de perten\u00e7a e deslocamento, e as pr\u00e1ticas culturais locais s\u00e3o representadas e reinventadas por escritores e escritoras desses territ\u00f3rios. O curso visa estimular reflex\u00f5es sobre identidades m\u00faltiplas, oralidades, ecocr\u00edtica, geopo\u00e9tica e interse\u00e7\u00f5es p\u00f3s-coloniais, promovendo o di\u00e1logo entre textos liter\u00e1rios, contextos hist\u00f3ricos e experi\u00eancias contempor\u00e2neas.<br><strong>Professora convidada: <\/strong>Prof\u00aa Dr\u00aa&nbsp;Susana L. M. Antunes (Universidade de Wisconsin-Milwaukee)<br><strong>Linha de pesquisa:<\/strong> Representa\u00e7\u00f5es e Textualidades<br><br><strong>Datas:<\/strong> 02\/09\/2025 a 04\/09\/2025<br><strong>Hor\u00e1rios: <\/strong>ter\u00e7a, quarta e quinta-feira (8h \u00e0s 12h)<br><strong>Inscri\u00e7\u00f5es:<\/strong> at\u00e9 19 de agosto de 2025<br><strong>N\u00ba de vagas:<\/strong> 20<br><strong>Formato: <\/strong>presencial<br><strong>Local:<\/strong> a definir<\/p>\n<\/div>\n\n\n\n<div class=\"wp-block-uel-card\">\n<p style=\"font-size:15px\"><strong>T\u00edtulo:<\/strong> Perspectivas da Literatura Portuguesa e Horizontes Interculturais<br><strong>Ementa: <\/strong>Este curso prop\u00f5e uma abordagem cr\u00edtica, comparada e interdisciplinar da literatura portuguesa contempor\u00e2nea, orientada pelas epistemologias do Sul e pelos estudos p\u00f3s-coloniais, com \u00eanfase na reconfigura\u00e7\u00e3o est\u00e9tica, pol\u00edtica e cultural das letras lus\u00f3fonas no s\u00e9culo XXI. A partir de referenciais como Boaventura de Sousa Santos, Ana Paula Ferreira, Helena Carvalh\u00e3o Buescu e Benjamin Abdala Jr., examina-se a desestabiliza\u00e7\u00e3o do c\u00e2none, a emerg\u00eancia de vozes perif\u00e9ricas e a contesta\u00e7\u00e3o das narrativas euroc\u00eantricas, articulando essas perspectivas \u00e0 cr\u00edtica liter\u00e1ria de autores como Jos\u00e9 Saramago, L\u00eddia Jorge, Maria Teresa Horta, Valter Hugo M\u00e3e, Isabela Figueiredo e Djaimilia Pereira de Almeida. O curso ainda explora as mobilidades interculturais no espa\u00e7o liter\u00e1rio lus\u00f3fono, considerando as contribui\u00e7\u00f5es de Rita Chaves, H\u00e9lder Garmes e Margarida Calafate Ribeiro sobre deslocamentos, insularidades e margens do macrossistema liter\u00e1rio de l\u00edngua portuguesa. Por fim, ser\u00e3o analisadas as tend\u00eancias contempor\u00e2neas da fic\u00e7\u00e3o portuguesa \u00e0 luz de suas tens\u00f5es entre mem\u00f3ria e inven\u00e7\u00e3o, est\u00e9tica e pol\u00edtica, linguagem e subjetividade, refletindo criticamente sobre os novos paradigmas que configuram o estado da arte dos estudos liter\u00e1rios portugueses hoje.<br><strong>Professor convidado: <\/strong>Prof. Dr. Maged Talaat Mohamed Ahmed Elgebaly (Universidade de Aswan\/Egito)<br><strong>Linha de pesquisa:<\/strong> Constru\u00e7\u00f5es e Processos Identit\u00e1rios<br><br><strong>Datas:<\/strong> 01\/09\/25 a 03\/09\/2025<br><strong>Hor\u00e1rios: <\/strong>segunda, ter\u00e7a\u00a0e quarta-feira (13h30 \u00e0s 18h30)<br><strong>Inscri\u00e7\u00f5es:<\/strong> at\u00e9 15 de agosto de 2025<br><strong>N\u00ba de vagas:<\/strong> 30<br><strong>Formato: <\/strong>presencial<br><strong>Local:<\/strong> a definir<\/p>\n<\/div>\n<\/div>\n<\/div>\n<\/div>\n\n\n\n<div class=\"wp-block-uel-card\">\n<p style=\"font-size:15px\"><strong>AGOSTO<\/strong><\/p>\n\n\n\n<p style=\"font-size:15px\"><strong>T\u00edtulo:<\/strong> A cr\u00edtica liter\u00e1ria psicanal\u00edtica<br><strong>Ementa: <\/strong>Descri\u00e7\u00e3o dos diferentes tipos de abordagem de cr\u00edtica liter\u00e1ria psicanal\u00edtica: patografia, psicobiografia, psicocr\u00edtica e psican\u00e1lise textual. An\u00e1lise panor\u00e2mica da intertextualidade entre as obras liter\u00e1rias e as forma\u00e7\u00f5es do inconsciente. Observa\u00e7\u00f5es sobre os percursos de cria\u00e7\u00e3o liter\u00e1ria adotado pelo autor em uma obra.<br><strong>Professor convidado: <\/strong>Prof. Dr. Gustavo Javier Figliolo (Universidade Estadual de Londrina)<br><strong>Linha de pesquisa:<\/strong> Representa\u00e7\u00f5es e Textualidades<br><br><strong>Datas:<\/strong> 22\/08\/2025 e 23\/08\/2025<br><strong>Hor\u00e1rios: <\/strong>sexta-feira (19h15 \u00e0s 22h30); s\u00e1bado (8h \u00e0s 12h \/ 13h30 \u00e0s 17h30)<br><strong>Inscri\u00e7\u00f5es:<\/strong> at\u00e9 05 de agosto de 2025<br><strong>N\u00ba de vagas:<\/strong> 20<br><strong>Formato: <\/strong>presencial<br><strong>Local:<\/strong> a definir<\/p>\n<\/div>\n\n\n\n<div class=\"wp-block-uel-card\">\n<p style=\"font-size:15px\"><strong>JUNHO<\/strong><\/p>\n\n\n\n<p style=\"font-size:15px\"><strong>T\u00edtulo:<\/strong> Africanidades lus\u00f3fonas: discutindo conceitos essenciais<br><strong>Professora convidada: <\/strong>Prof\u00aa Dr\u00aa Regilane Barbosa Maceno (Universidade Estadual do Maranh\u00e3o)<br><strong>Linha de pesquisa:<\/strong> Constru\u00e7\u00f5es e processos identit\u00e1rios<br><br><strong>Datas:<\/strong> 13\/06\/2025 e 14\/06\/2025 <br><strong>Hor\u00e1rios: <\/strong>sexta-feira (19h15 \u00e0s 22h30); s\u00e1bado (8h \u00e0s 12h \/ 13h30 \u00e0s 17h30)<br><strong>Local:<\/strong> Sala 129 \u2013 CLCH\/UEL<br><strong>Inscri\u00e7\u00f5es:<\/strong> at\u00e9 10 de maio de 2025<br><strong>Formato: <\/strong>presencial<\/p>\n<\/div>\n<\/div>\n<\/div>\n<\/div>\n\n\n\n<div class=\"wp-block-columns is-layout-flex wp-container-core-columns-is-layout-9d6595d7 wp-block-columns-is-layout-flex\">\n<div class=\"wp-block-column is-layout-flow wp-block-column-is-layout-flow\">\n<blockquote class=\"wp-block-quote is-layout-flow wp-block-quote-is-layout-flow\">\n<p style=\"font-size:15px\"><strong>Estudos Avan\u00e7ados no quadri\u00eanio 2021-2024<\/strong><\/p>\n<\/blockquote>\n\n\n\n<div class=\"wp-block-columns is-layout-flex wp-container-core-columns-is-layout-9d6595d7 wp-block-columns-is-layout-flex\">\n<div class=\"wp-block-column is-layout-flow wp-block-column-is-layout-flow\">\n<p style=\"font-size:15px\"><strong>2024<\/strong><\/p>\n\n\n\n<p style=\"font-size:15px\"><strong>T\u00edtulo: <\/strong>Materialidades da literatura: uma breve introdu\u00e7\u00e3o<br><strong>Professor convidado:<\/strong> Prof. Dr. Gustavo Ramos de Souza (Professor colaborador do LET\/UEL e P\u00f3s-doutorando do PPGL)<br><strong>Linha de pesquisa:<\/strong> Intermedialidades e novas formas art\u00edsticas<br><br><strong>T\u00edtulo<\/strong>: A poesia como forma de resist\u00eancia: uma breve hist\u00f3ria da literatura ucraniana<br><strong>Professora convidada:<\/strong> Prof\u00aa Dr\u00aa Kateryna Hodik (Professora visitante do PPGL)<br><strong><strong>Linha de pesquisa:<\/strong><\/strong> Representa\u00e7\u00f5es e textualidades<br><br><strong>T\u00edtulo<\/strong>: <strong>Romances brasileiros e hist\u00f3rias liter\u00e1rias&nbsp;<\/strong><br><strong>Professor do PPGL:<\/strong> Prof. Dr. Luiz Carlos Santos Simon<br><strong><strong>Linha de pesquisa:<\/strong><\/strong> Constru\u00e7\u00f5es e processos identit\u00e1rios<br><br><strong>2023<\/strong><br><br><strong>T\u00edtulo<\/strong>: Coletivos Po\u00e9ticos: performance, afeto e leitura<br><strong>Professora convidada:<\/strong> Prof\u00aa Dr\u00aa Gisele Gemmi Chiari (Secretaria do Estado de Educa\u00e7\u00e3o de Bras\u00edlia\/P\u00f3s-doutoranda do PPGL)<br><strong>Professor do PPGL: <\/strong>Prof. Dr. Frederico Augusto Garcia Fernandes<br><strong><strong>Linha de pesquisa:<\/strong><\/strong> Intermedialidade e novas formas art\u00edsticas<br><br><strong>T\u00edtulo<\/strong>: Oralidade e Literatura<br><strong>Professora convidada:<\/strong> Prof\u00aa Dr\u00aa Gisele Gemmi Chiari (Secretaria do Estado de Educa\u00e7\u00e3o de Bras\u00edlia\/P\u00f3s-doutoranda do PPGL)<br><strong>Professor do PPGL: <\/strong>Prof. Dr. Frederico Augusto Garcia Fernandes<br><strong><strong>Linha de pesquisa:<\/strong><\/strong> Intermedialidade e novas formas art\u00edsticas<\/p>\n\n\n\n<p style=\"font-size:15px\"><strong>T\u00edtulo<\/strong>: A imagem da utopia e as suas apari\u00e7\u00f5es na contemporaneidade<br><strong>Professora convidada:<\/strong> Prof\u00aa Dr\u00aa Laysa Louise Silva Beretta (P\u00f3s-doutoranda do PPGL)<br><strong><strong>Linha de pesquisa:<\/strong><\/strong> Intermedialidade e novas formas art\u00edsticas<\/p>\n\n\n\n<p style=\"font-size:15px\"><strong>T\u00edtulo<\/strong>: Poetry as resistance: a brief history of ukrainian literature<br><strong>Professora convidada:<\/strong> Prof\u00aa Dr\u00aa Kateryna Hodik (Professora visitante do PPGL)<br><strong><strong>Linha de pesquisa:<\/strong><\/strong> Representa\u00e7\u00f5es e textualidades<\/p>\n\n\n\n<p style=\"font-size:15px\"><strong>2022<\/strong><\/p>\n\n\n\n<p style=\"font-size:15px\"><strong>T\u00edtulo<\/strong>: Jornalismo e Literatura: a conversa do dia de Marques Rebelo<br><strong>Professora convidada:<\/strong> Prof\u00aa Dr\u00aa Cla\u00fadia Vanessa Bergamini (UFAC\/P\u00f3s-doutoranda PPGL)<br><strong><strong>Linha de pesquisa:<\/strong><\/strong> Representa\u00e7\u00f5es e textualidades<\/p>\n\n\n\n<p style=\"font-size:15px\"><strong>T\u00edtulo<\/strong>: A po\u00e9tica quilombola de Carolina Maria de Jesus: processo formativo, tem\u00e1ticas e recep\u00e7\u00e3o<br><strong>Professora convidada:<\/strong> Prof\u00aa Dr\u00aa Amanda Crispim Ferreira (UNOPAR\/UTFPR\/P\u00f3s-doutoranda do PPGL)<br><strong><strong>Linha de pesquisa:<\/strong><\/strong> Constru\u00e7\u00f5es e processos identit\u00e1rios<\/p>\n\n\n\n<p style=\"font-size:15px\"><strong>T\u00edtulo<\/strong>: O drama hist\u00f3rico no primeiro Romantismo<br><strong>Professora convidada:<\/strong> Prof\u00aa Dr\u00aa Gisele Gemmi Chiari (Secretaria do Estado de Educa\u00e7\u00e3o de Bras\u00edlia\/P\u00f3s-doutoranda do PPGL)<br><strong><strong>Linha de pesquisa:<\/strong><\/strong> Representa\u00e7\u00f5es e textualidades<\/p>\n\n\n\n<p id=\"block-fb3cc2db-9517-49f7-a9e1-f2021b4c64f4\" style=\"font-size:15px\"><strong>T\u00edtulo<\/strong>: Introdu\u00e7\u00e3o \u00e0 literatura ind\u00edgena em l\u00edngua portuguesa e inglesa, com \u00eanfase na autobiografia e na escrita feminina<br><strong>Professora convidada:<\/strong> Prof\u00aa Dr\u00aa Alba Krishna Topan (UEM)<br><strong>Linha de pesquisa:<\/strong> Constru\u00e7\u00f5es e processos identit\u00e1rios<\/p>\n\n\n\n<p style=\"font-size:15px\"><strong>T\u00edtulo<\/strong>: Epistolografia e literatura: processo criativo, acervo e mercado <br><strong>Professor convidado:<\/strong> Prof. Dr. Jose Ignacio Monteagudo Robledo (UNILA)<br><strong>Professora do PPGL: <\/strong>Prof\u00aa Dr\u00aa Telma Maciel da Silva<br><strong>Linha de pesquisa:<\/strong> Constru\u00e7\u00f5es e processos identit\u00e1rios<\/p>\n\n\n\n<p style=\"font-size:15px\"><strong>2021<\/strong><\/p>\n\n\n\n<p style=\"font-size:15px\"><strong>T\u00edtulo<\/strong>: A est\u00e9tica rom\u00e2ntica no teatro de Gon\u00e7alves Dias: Leonor de Mendon\u00e7a<br><strong>Professora convidada:<\/strong> Prof\u00aa Dr\u00aa Gisele Gemmi Chiari (Secretaria do Estado de Educa\u00e7\u00e3o de Bras\u00edlia\/P\u00f3s-doutoranda do PPGL)<br><strong>Linha de pesquisa:<\/strong> Representa\u00e7\u00f5es e processos identit\u00e1rios<\/p>\n\n\n\n<p style=\"font-size:15px\"><strong>T\u00edtulo<\/strong>: Aspectos religiosos nas literaturas africanas<br><strong>Professor convidado:<\/strong> Prof. Dr. S\u00edlvio Ruiz Paradiso (UFRB)<br><strong>Linha de pesquisa:<\/strong> Constru\u00e7\u00f5es e processos identit\u00e1rios<\/p>\n<\/div>\n<\/div>\n<\/div>\n<\/div>\n","protected":false},"excerpt":{"rendered":"<p>Os Estudos Avan\u00e7ados constituem-se em disciplina de 1 cr\u00e9dito, ministrada por professor convidado, abordando um determinado tema. O aluno de Mestrado deve cursar dois Estudos Avan\u00e7ados e o de Doutorado deve cursar quatro, ao longo do curso. Excepcionalmente, quando h\u00e1 professores visitantes por um semestre ou mais, \u00e9 ofertado Estudo Avan\u00e7ado com tr\u00eas cr\u00e9ditos, permitindo [&hellip;]<\/p>\n","protected":false},"author":9,"featured_media":0,"parent":0,"menu_order":0,"comment_status":"closed","ping_status":"closed","template":"","meta":{"_acf_changed":false,"footnotes":""},"class_list":["post-1537","page","type-page","status-publish","hentry"],"acf":[],"_links":{"self":[{"href":"https:\/\/pos.uel.br\/letras\/wp-json\/wp\/v2\/pages\/1537","targetHints":{"allow":["GET"]}}],"collection":[{"href":"https:\/\/pos.uel.br\/letras\/wp-json\/wp\/v2\/pages"}],"about":[{"href":"https:\/\/pos.uel.br\/letras\/wp-json\/wp\/v2\/types\/page"}],"author":[{"embeddable":true,"href":"https:\/\/pos.uel.br\/letras\/wp-json\/wp\/v2\/users\/9"}],"replies":[{"embeddable":true,"href":"https:\/\/pos.uel.br\/letras\/wp-json\/wp\/v2\/comments?post=1537"}],"version-history":[{"count":81,"href":"https:\/\/pos.uel.br\/letras\/wp-json\/wp\/v2\/pages\/1537\/revisions"}],"predecessor-version":[{"id":10457,"href":"https:\/\/pos.uel.br\/letras\/wp-json\/wp\/v2\/pages\/1537\/revisions\/10457"}],"wp:attachment":[{"href":"https:\/\/pos.uel.br\/letras\/wp-json\/wp\/v2\/media?parent=1537"}],"curies":[{"name":"wp","href":"https:\/\/api.w.org\/{rel}","templated":true}]}}