{"id":1447,"date":"2021-10-01T10:03:29","date_gmt":"2021-10-01T13:03:29","guid":{"rendered":"https:\/\/pos.uel.br\/letras\/?page_id=1447"},"modified":"2025-12-05T16:11:00","modified_gmt":"2025-12-05T19:11:00","slug":"legislacao","status":"publish","type":"page","link":"https:\/\/pos.uel.br\/letras\/legislacao\/","title":{"rendered":"Legisla\u00e7\u00e3o"},"content":{"rendered":"\n<div class=\"wp-block-columns is-layout-flex wp-container-core-columns-is-layout-9d6595d7 wp-block-columns-is-layout-flex\">\n<div class=\"wp-block-column is-layout-flow wp-block-column-is-layout-flow\"><\/div>\n<\/div>\n\n\n\n<div class=\"wp-block-columns is-layout-flex wp-container-core-columns-is-layout-9d6595d7 wp-block-columns-is-layout-flex\">\n<div class=\"wp-block-column is-layout-flow wp-block-column-is-layout-flow\">\n<div class=\"wp-block-uel-card\">\n<p style=\"font-size:15px\"><strong>Documentos internos PPGL<\/strong><br><br>1. Regimento PPGL 2025 \u2013 <a href=\"https:\/\/pos.uel.br\/letras\/wp-content\/uploads\/2025\/02\/Regimento-PPG-Letras-Resoluc\u0327a\u0303o-CEPE-75-2024.pdf\" target=\"_blank\" rel=\"noreferrer noopener\">Resolu\u00e7\u00e3o CEPE N\u00ba 075\/2024<\/a><br>2. Regimento PPGL 2018 \u2013 <a href=\"https:\/\/pos.uel.br\/letras\/wp-content\/uploads\/2021\/09\/Regimento-2018.pdf\" target=\"_blank\" rel=\"noreferrer noopener\">Resolu\u00e7\u00e3o CEPE N\u00ba 142\/2018<\/a><br>3. Regimento PPGL anterior a 11\/2018 \u2013 <a href=\"https:\/\/pos.uel.br\/letras\/wp-content\/uploads\/2021\/09\/Regimento-anterior-a-2018.pdf\" target=\"_blank\" rel=\"noreferrer noopener\">Resolu\u00e7\u00e3o CEPE N\u00ba 079\/2014<\/a><br>4. Inclus\u00e3o de novas disciplinas no PPGL 2025 \u2013 <a href=\"https:\/\/pos.uel.br\/letras\/wp-content\/uploads\/2025\/12\/Deliberac\u0327a\u0303o-21-2025-Inclui-discip-PPG-Letras.pdf\" target=\"_blank\" rel=\"noreferrer noopener\">Delibera\u00e7\u00e3o Colegiado PPG <em>Stricto sensu<\/em> N\u00ba 021\/2025<\/a><br>5. Organiza\u00e7\u00e3o curricular PPGL 2\u00ba Semestre 2025 \u2013 <a href=\"https:\/\/pos.uel.br\/letras\/wp-content\/uploads\/2025\/02\/Organizac%CC%A7a%CC%83o-curricular-PPG-Letras-Delib-33-2024.pdf\" target=\"_blank\" rel=\"noreferrer noopener\">Delibera\u00e7\u00e3o Colegiado PPG <em>Stricto sensu<\/em> N\u00ba 033\/2024<\/a><br>6. Organiza\u00e7\u00e3o curricular PPGL 1\u00ba Semestre 2019 \u2013 <a href=\"https:\/\/pos.uel.br\/letras\/wp-content\/uploads\/2025\/11\/Organizacao_curricular_2018.pdf\" target=\"_blank\" rel=\"noreferrer noopener\">Delibera\u00e7\u00e3o Colegiado PPG <em>Stricto sensu<\/em> N\u00ba 032\/2018<\/a><br>7. Mudan\u00e7a de n\u00edvel \u2013 Mestrado para Doutorado \u2013 <a href=\"https:\/\/pos.uel.br\/letras\/wp-content\/uploads\/2025\/11\/Delib-019-2025-Normas-para-mudanc\u0327a-de-ni\u0301vel-Stricto-sensu.pdf\" target=\"_blank\" rel=\"noreferrer noopener\">Delibera\u00e7\u00e3o Colegiado PPG <em>Stricto sensu<\/em> N\u00ba 019\/2025<\/a><\/p>\n<\/div>\n<\/div>\n\n\n\n<div class=\"wp-block-column is-layout-flow wp-block-column-is-layout-flow\">\n<div class=\"wp-block-uel-card\">\n<p><strong>Regulamento geral da UEL<\/strong><\/p>\n\n\n\n<p style=\"font-size:15px\">1. Regulamento dos Programas de P\u00f3s-gradua\u00e7\u00e3o&nbsp;<em>Stricto sensu<\/em>&nbsp;da UEL \u2013 <a href=\"https:\/\/pos.uel.br\/letras\/wp-content\/uploads\/2021\/10\/RegulamentoCEPE_037.pdf\" data-type=\"URL\" data-id=\"https:\/\/pos.uel.br\/letras\/wp-content\/uploads\/2021\/10\/RegulamentoCEPE_037.pdf\" target=\"_blank\" rel=\"noreferrer noopener\">Resolu\u00e7\u00e3o CEPE N\u00ba 037\/2016<\/a> <br>2. Reserva de vagas para processos seletivos da P\u00f3s-Gradua\u00e7\u00e3o <em>Stricto sensu<\/em> da UEL \u2013 <a href=\"https:\/\/pos.uel.br\/letras\/wp-content\/uploads\/2025\/03\/Resoluc\u0327a\u0303o-CEPE-034-2021-cotas-po\u0301s.pdf\" target=\"_blank\" rel=\"noreferrer noopener\">Resolu\u00e7\u00e3o CEPE N\u00ba 034\/2021<\/a><\/p>\n<\/div>\n<\/div>\n<\/div>\n\n\n\n<div class=\"wp-block-columns is-layout-flex wp-container-core-columns-is-layout-9d6595d7 wp-block-columns-is-layout-flex\">\n<div class=\"wp-block-column is-layout-flow wp-block-column-is-layout-flow\">\n<div class=\"wp-block-uel-card\">\n<p style=\"font-size:15px\"><strong>Regulamento do PROAP\/CAPES<\/strong><\/p>\n\n\n\n<p style=\"font-size:15px\">Normas de uso do Programa de Apoio \u00e0 P\u00f3s-gradua\u00e7\u00e3o (PROAP) \u2013 <a href=\"https:\/\/pos.uel.br\/letras\/wp-content\/uploads\/2021\/09\/Portaria64_240310.pdf\" target=\"_blank\" rel=\"noreferrer noopener\">Portaria N\u00ba 64, de 24 de mar\u00e7o de 2010<\/a><br>Normas de uso do&nbsp;Programa de Apoio \u00e0 P\u00f3s-gradua\u00e7\u00e3o (PROAP) \u2013&nbsp;<a href=\"https:\/\/pos.uel.br\/letras\/wp-content\/uploads\/2021\/07\/PROAP-PORTARIA-CAPES-156-de-28-novembro-2014.pdf\" target=\"_blank\" rel=\"noreferrer noopener\">Portaria N\u00ba 156, de 28 de novembro de 2014<\/a><\/p>\n<\/div>\n<\/div>\n\n\n\n<div class=\"wp-block-column is-layout-flow wp-block-column-is-layout-flow\">\n<div class=\"wp-block-uel-card\">\n<p><strong>Documentos da \u00c1rea 41\/CAPES<\/strong><\/p>\n\n\n\n<p><a href=\"https:\/\/pos.uel.br\/letras\/wp-content\/uploads\/2025\/07\/LINGUIST_LITERATURA_DOCAREA_2025_2028.pdf\" target=\"_blank\" rel=\"noreferrer noopener\">Documento de \u00c1rea 2025-2028<\/a><br><a href=\"https:\/\/pos.uel.br\/letras\/wp-content\/uploads\/2025\/07\/LINGUIST_LITERATURA_FICHA_2025_2028.pdf\" target=\"_blank\" rel=\"noreferrer noopener\">Ficha de avalia\u00e7\u00e3o<\/a><br><\/p>\n<\/div>\n<\/div>\n<\/div>\n\n\n\n<p><\/p>\n","protected":false},"excerpt":{"rendered":"","protected":false},"author":9,"featured_media":0,"parent":0,"menu_order":0,"comment_status":"closed","ping_status":"closed","template":"","meta":{"_acf_changed":false,"footnotes":""},"class_list":["post-1447","page","type-page","status-publish","hentry"],"acf":[],"_links":{"self":[{"href":"https:\/\/pos.uel.br\/letras\/wp-json\/wp\/v2\/pages\/1447","targetHints":{"allow":["GET"]}}],"collection":[{"href":"https:\/\/pos.uel.br\/letras\/wp-json\/wp\/v2\/pages"}],"about":[{"href":"https:\/\/pos.uel.br\/letras\/wp-json\/wp\/v2\/types\/page"}],"author":[{"embeddable":true,"href":"https:\/\/pos.uel.br\/letras\/wp-json\/wp\/v2\/users\/9"}],"replies":[{"embeddable":true,"href":"https:\/\/pos.uel.br\/letras\/wp-json\/wp\/v2\/comments?post=1447"}],"version-history":[{"count":29,"href":"https:\/\/pos.uel.br\/letras\/wp-json\/wp\/v2\/pages\/1447\/revisions"}],"predecessor-version":[{"id":10667,"href":"https:\/\/pos.uel.br\/letras\/wp-json\/wp\/v2\/pages\/1447\/revisions\/10667"}],"wp:attachment":[{"href":"https:\/\/pos.uel.br\/letras\/wp-json\/wp\/v2\/media?parent=1447"}],"curies":[{"name":"wp","href":"https:\/\/api.w.org\/{rel}","templated":true}]}}

Legislação

<div class="wp-block-columns is-layout-flex wp-container-core-columns-is-layout-9d6595d7 wp-block-columns-is-layout-flex">
<div class="wp-block-column is-layout-flow wp-block-column-is-layout-flow"></div>
</div>



<div class="wp-block-columns is-layout-flex wp-container-core-columns-is-layout-9d6595d7 wp-block-columns-is-layout-flex">
<div class="wp-block-column is-layout-flow wp-block-column-is-layout-flow">
<div class="wp-block-uel-card">
<p style="font-size:15px"><strong>Documentos internos PPGL</strong><br><br>1. Regimento PPGL 2025 – <a href="https://pos.uel.br/letras/wp-content/uploads/2025/02/Regimento-PPG-Letras-Resolução-CEPE-75-2024.pdf" target="_blank" rel="noreferrer noopener">Resolução CEPE Nº 075/2024</a><br>2. Regimento PPGL 2018 – <a href="https://pos.uel.br/letras/wp-content/uploads/2021/09/Regimento-2018.pdf" target="_blank" rel="noreferrer noopener">Resolução CEPE Nº 142/2018</a><br>3. Regimento PPGL anterior a 11/2018 – <a href="https://pos.uel.br/letras/wp-content/uploads/2021/09/Regimento-anterior-a-2018.pdf" target="_blank" rel="noreferrer noopener">Resolução CEPE Nº 079/2014</a><br>4. Inclusão de novas disciplinas no PPGL 2025 – <a href="https://pos.uel.br/letras/wp-content/uploads/2025/12/Deliberação-21-2025-Inclui-discip-PPG-Letras.pdf" target="_blank" rel="noreferrer noopener">Deliberação Colegiado PPG <em>Stricto sensu</em> Nº 021/2025</a><br>5. Organização curricular PPGL 2º Semestre 2025 – <a href="https://pos.uel.br/letras/wp-content/uploads/2025/02/Organizac%CC%A7a%CC%83o-curricular-PPG-Letras-Delib-33-2024.pdf" target="_blank" rel="noreferrer noopener">Deliberação Colegiado PPG <em>Stricto sensu</em> Nº 033/2024</a><br>6. Organização curricular PPGL 1º Semestre 2019 – <a href="https://pos.uel.br/letras/wp-content/uploads/2025/11/Organizacao_curricular_2018.pdf" target="_blank" rel="noreferrer noopener">Deliberação Colegiado PPG <em>Stricto sensu</em> Nº 032/2018</a><br>7. Mudança de nível – Mestrado para Doutorado – <a href="https://pos.uel.br/letras/wp-content/uploads/2025/11/Delib-019-2025-Normas-para-mudança-de-nível-Stricto-sensu.pdf" target="_blank" rel="noreferrer noopener">Deliberação Colegiado PPG <em>Stricto sensu</em> Nº 019/2025</a></p>
</div>
</div>



<div class="wp-block-column is-layout-flow wp-block-column-is-layout-flow">
<div class="wp-block-uel-card">
<p><strong>Regulamento geral da UEL</strong></p>



<p style="font-size:15px">1. Regulamento dos Programas de Pós-graduação&nbsp;<em>Stricto sensu</em>&nbsp;da UEL – <a href="https://pos.uel.br/letras/wp-content/uploads/2021/10/RegulamentoCEPE_037.pdf" data-type="URL" data-id="https://pos.uel.br/letras/wp-content/uploads/2021/10/RegulamentoCEPE_037.pdf" target="_blank" rel="noreferrer noopener">Resolução CEPE Nº 037/2016</a> <br>2. Reserva de vagas para processos seletivos da Pós-Graduação <em>Stricto sensu</em> da UEL – <a href="https://pos.uel.br/letras/wp-content/uploads/2025/03/Resolução-CEPE-034-2021-cotas-pós.pdf" target="_blank" rel="noreferrer noopener">Resolução CEPE Nº 034/2021</a></p>
</div>
</div>
</div>



<div class="wp-block-columns is-layout-flex wp-container-core-columns-is-layout-9d6595d7 wp-block-columns-is-layout-flex">
<div class="wp-block-column is-layout-flow wp-block-column-is-layout-flow">
<div class="wp-block-uel-card">
<p style="font-size:15px"><strong>Regulamento do PROAP/CAPES</strong></p>



<p style="font-size:15px">Normas de uso do Programa de Apoio à Pós-graduação (PROAP) – <a href="https://pos.uel.br/letras/wp-content/uploads/2021/09/Portaria64_240310.pdf" target="_blank" rel="noreferrer noopener">Portaria Nº 64, de 24 de março de 2010</a><br>Normas de uso do&nbsp;Programa de Apoio à Pós-graduação (PROAP) –&nbsp;<a href="https://pos.uel.br/letras/wp-content/uploads/2021/07/PROAP-PORTARIA-CAPES-156-de-28-novembro-2014.pdf" target="_blank" rel="noreferrer noopener">Portaria Nº 156, de 28 de novembro de 2014</a></p>
</div>
</div>



<div class="wp-block-column is-layout-flow wp-block-column-is-layout-flow">
<div class="wp-block-uel-card">
<p><strong>Documentos da Área 41/CAPES</strong></p>



<p><a href="https://pos.uel.br/letras/wp-content/uploads/2025/07/LINGUIST_LITERATURA_DOCAREA_2025_2028.pdf" target="_blank" rel="noreferrer noopener">Documento de Área 2025-2028</a><br><a href="https://pos.uel.br/letras/wp-content/uploads/2025/07/LINGUIST_LITERATURA_FICHA_2025_2028.pdf" target="_blank" rel="noreferrer noopener">Ficha de avaliação</a><br></p>
</div>
</div>
</div>



<p></p>
