{"id":1421,"date":"2021-09-30T14:58:52","date_gmt":"2021-09-30T17:58:52","guid":{"rendered":"https:\/\/pos.uel.br\/letras\/?page_id=1421"},"modified":"2025-03-08T09:16:36","modified_gmt":"2025-03-08T12:16:36","slug":"acoes-afirmativas","status":"publish","type":"page","link":"https:\/\/pos.uel.br\/letras\/acoes-afirmativas\/","title":{"rendered":"A\u00e7\u00f5es afirmativas"},"content":{"rendered":"\n<p><\/p>\n\n\n\n<p style=\"font-size:15px\">O PPGL, comprometido com as a\u00e7\u00f5es afirmativas no processo de inclus\u00e3o educacional e em conformidade com a <a href=\"https:\/\/pos.uel.br\/letras\/wp-content\/uploads\/2021\/09\/Resoluc\u0327a\u0303o-CEPE-034-2021-cotas-po\u0301s.pdf\" data-type=\"URL\" data-id=\"https:\/\/pos.uel.br\/letras\/wp-content\/uploads\/2021\/09\/Resoluc\u0327a\u0303o-CEPE-034-2021-cotas-po\u0301s.pdf\" target=\"_blank\" rel=\"noreferrer noopener\">Resolu\u00e7\u00e3o CEPE N\u00ba 034\/2021<\/a>, da Universidade Estadual de Londrina, reserva vagas para pessoas autodeclaradas negras, ind\u00edgenas e com defici\u00eancia. Com o apoio do <a href=\"https:\/\/www.uel.br\/nac\/\" target=\"_blank\" rel=\"noreferrer noopener\">N\u00facleo de Acessibilidade (NAC)<\/a> da Universidade Estadual de Londrina, o PPGL, desde o processo seletivo 2021\/2, destina vagas para os grupos:<br><br>I \u2013 30% (trinta por cento) para pessoas autodeclaradas negras (pretas e pardas);<br>II \u2013 5% (cinco por cento) para pessoas autodeclaradas ind\u00edgenas;<br>Ill \u2013 5% (cinco por cento) para pessoas autodeclaradas com defici\u00eancia.<\/p>\n\n\n\n<p style=\"font-size:15px\">A Lei Brasileira de Inclus\u00e3o da Pessoa com Defici\u00eancia (Lei n\u00ba 13.146\/2015), em seus artigos 28, incisos I, II e III, e 30, com destaque aos incisos V e VI, assegura que a pessoa com defici\u00eancia deve ter condi\u00e7\u00f5es de igualdade de oportunidades e deve ser garantida a adapta\u00e7\u00e3o de provas e exames seletivos, incluindo o tempo adicional necess\u00e1rio para que a prova seja realizada de forma justa. O PPGL oferece tempo adicional em seus em<br>processos seletivos para candidatos com defici\u00eancia (30 minutos a mais), al\u00e9m das provid\u00eancias que se fizerem necess\u00e1rias quanto a outras adaptabilidades, a fim de garantir que todas as pessoas tenham as mesmas condi\u00e7\u00f5es de realiza\u00e7\u00e3o da prova.<br><br>No quadri\u00eanio de 2021-2024, o PPGL teve um (1) mestrando com defici\u00eancia visual com participa\u00e7\u00e3o ativa nas atividades do programa. No processo seletivo 2021\/2, com ingresso para o primeiro semestre de 2022, o PPGL teve inscri\u00e7\u00f5es de 12 candidatos (mestrado e doutorado) cotistas, contando, atualmente, com um mestrando e um doutorando ativos que ingressaram no programa por meio do sistema de cotas.<\/p>\n\n\n\n<p style=\"font-size:15px\"><\/p>\n","protected":false},"excerpt":{"rendered":"<p>O PPGL, comprometido com as a\u00e7\u00f5es afirmativas no processo de inclus\u00e3o educacional e em conformidade com a Resolu\u00e7\u00e3o CEPE N\u00ba 034\/2021, da Universidade Estadual de Londrina, reserva vagas para pessoas autodeclaradas negras, ind\u00edgenas e com defici\u00eancia. Com o apoio do N\u00facleo de Acessibilidade (NAC) da Universidade Estadual de Londrina, o PPGL, desde o processo seletivo [&hellip;]<\/p>\n","protected":false},"author":9,"featured_media":0,"parent":0,"menu_order":0,"comment_status":"closed","ping_status":"closed","template":"","meta":{"_acf_changed":false,"footnotes":""},"class_list":["post-1421","page","type-page","status-publish","hentry"],"acf":[],"_links":{"self":[{"href":"https:\/\/pos.uel.br\/letras\/wp-json\/wp\/v2\/pages\/1421","targetHints":{"allow":["GET"]}}],"collection":[{"href":"https:\/\/pos.uel.br\/letras\/wp-json\/wp\/v2\/pages"}],"about":[{"href":"https:\/\/pos.uel.br\/letras\/wp-json\/wp\/v2\/types\/page"}],"author":[{"embeddable":true,"href":"https:\/\/pos.uel.br\/letras\/wp-json\/wp\/v2\/users\/9"}],"replies":[{"embeddable":true,"href":"https:\/\/pos.uel.br\/letras\/wp-json\/wp\/v2\/comments?post=1421"}],"version-history":[{"count":13,"href":"https:\/\/pos.uel.br\/letras\/wp-json\/wp\/v2\/pages\/1421\/revisions"}],"predecessor-version":[{"id":9015,"href":"https:\/\/pos.uel.br\/letras\/wp-json\/wp\/v2\/pages\/1421\/revisions\/9015"}],"wp:attachment":[{"href":"https:\/\/pos.uel.br\/letras\/wp-json\/wp\/v2\/media?parent=1421"}],"curies":[{"name":"wp","href":"https:\/\/api.w.org\/{rel}","templated":true}]}}

Ações afirmativas

<p></p>



<p style="font-size:15px">O PPGL, comprometido com as ações afirmativas no processo de inclusão educacional e em conformidade com a <a href="https://pos.uel.br/letras/wp-content/uploads/2021/09/Resolução-CEPE-034-2021-cotas-pós.pdf" data-type="URL" data-id="https://pos.uel.br/letras/wp-content/uploads/2021/09/Resolução-CEPE-034-2021-cotas-pós.pdf" target="_blank" rel="noreferrer noopener">Resolução CEPE Nº 034/2021</a>, da Universidade Estadual de Londrina, reserva vagas para pessoas autodeclaradas negras, indígenas e com deficiência. Com o apoio do <a href="https://www.uel.br/nac/" target="_blank" rel="noreferrer noopener">Núcleo de Acessibilidade (NAC)</a> da Universidade Estadual de Londrina, o PPGL, desde o processo seletivo 2021/2, destina vagas para os grupos:<br><br>I – 30% (trinta por cento) para pessoas autodeclaradas negras (pretas e pardas);<br>II – 5% (cinco por cento) para pessoas autodeclaradas indígenas;<br>Ill – 5% (cinco por cento) para pessoas autodeclaradas com deficiência.</p>



<p style="font-size:15px">A Lei Brasileira de Inclusão da Pessoa com Deficiência (Lei nº 13.146/2015), em seus artigos 28, incisos I, II e III, e 30, com destaque aos incisos V e VI, assegura que a pessoa com deficiência deve ter condições de igualdade de oportunidades e deve ser garantida a adaptação de provas e exames seletivos, incluindo o tempo adicional necessário para que a prova seja realizada de forma justa. O PPGL oferece tempo adicional em seus em<br>processos seletivos para candidatos com deficiência (30 minutos a mais), além das providências que se fizerem necessárias quanto a outras adaptabilidades, a fim de garantir que todas as pessoas tenham as mesmas condições de realização da prova.<br><br>No quadriênio de 2021-2024, o PPGL teve um (1) mestrando com deficiência visual com participação ativa nas atividades do programa. No processo seletivo 2021/2, com ingresso para o primeiro semestre de 2022, o PPGL teve inscrições de 12 candidatos (mestrado e doutorado) cotistas, contando, atualmente, com um mestrando e um doutorando ativos que ingressaram no programa por meio do sistema de cotas.</p>



<p style="font-size:15px"></p>

<p>O PPGL, comprometido com as ações afirmativas no processo de inclusão educacional e em conformidade com a Resolução CEPE Nº 034/2021, da Universidade Estadual de Londrina, reserva vagas para pessoas autodeclaradas negras, indígenas e com deficiência. Com o apoio do Núcleo de Acessibilidade (NAC) da Universidade Estadual de Londrina, o PPGL, desde o processo seletivo [&hellip;]</p>
