{"id":10532,"date":"2025-09-17T09:06:15","date_gmt":"2025-09-17T12:06:15","guid":{"rendered":"https:\/\/pos.uel.br\/letras\/?page_id=10532"},"modified":"2026-01-08T11:56:07","modified_gmt":"2026-01-08T14:56:07","slug":"titulados-em-2025","status":"publish","type":"page","link":"https:\/\/pos.uel.br\/letras\/titulados-em-2025\/","title":{"rendered":"Titulados em 2025"},"content":{"rendered":"\n<p><\/p>\n\n\n\n<p><\/p>\n\n\n\n<figure class=\"wp-block-table has-small-font-size\"><table><tbody><tr><td><strong>DOUTORADO<\/strong><\/td><\/tr><tr><td>ANA CARLA DA SILVA LIMA \u2013 <a href=\"http:\/\/lattes.cnpq.br\/5091189882978274\" target=\"_blank\" rel=\"noreferrer noopener\">Lattes<\/a><br>Orientadora: Prof\u00aa Dr\u00aa Barbara Cristina Marques<br>Data da defesa: 28\/08\/2025<br>\u00c1rea de atua\u00e7\u00e3o\/Institui\u00e7\u00e3o atual:<\/td><\/tr><tr><td>\u00c9RIKA ALESSANDRA PAIVA ROSA \u2013 <a href=\"http:\/\/lattes.cnpq.br\/9827315482789926\" target=\"_blank\" rel=\"noreferrer noopener\">Lattes<\/a><br>Orientadora: Prof\u00aa Dr\u00aa Suely Leite<br>Data da defesa: 30\/07\/2025<br>\u00c1rea de atua\u00e7\u00e3o\/Institui\u00e7\u00e3o atual: <\/td><\/tr><tr><td>BRUNO ALEXANDRE MATSUSHITA \u2013 Lattes<br>Orientador: Prof. Dr. Alamir Aquino Corr\u00eaa<br>Data da defesa: 25\/07\/2025<br>\u00c1rea de atua\u00e7\u00e3o\/Institui\u00e7\u00e3o atual: <\/td><\/tr><tr><td>JAMES RIOS DE OLIVEIRA SANTOS \u2013 Lattes<br>Orientadora: Prof\u00aa Dr\u00aa Regina C\u00e9lia dos Santos Alves<br>Data da defesa: 06\/06\/2025<br>\u00c1rea de atua\u00e7\u00e3o\/Institui\u00e7\u00e3o atual:<\/td><\/tr><tr><td>PRISCILA APARECIDA BORGES FERREIRA \u2013 Lattes<br>Orientadora: Prof\u00aa Dr\u00aa Suely Leite<br>Data da defesa: 11\/12\/2025<br>\u00c1rea de atua\u00e7\u00e3o\/Institui\u00e7\u00e3o atual:<\/td><\/tr><tr><td>MARIA LET\u00cdCIA SELLI \u2013 Lattes<br>Orientadora: Prof. Dr. Alamir Aquino Corr\u00eaa<br>Data da defesa: 25\/11\/2025<br>\u00c1rea de atua\u00e7\u00e3o\/Institui\u00e7\u00e3o atual:<\/td><\/tr><\/tbody><\/table><\/figure>\n\n\n\n<div class=\"wp-block-columns is-layout-flex wp-container-core-columns-is-layout-9d6595d7 wp-block-columns-is-layout-flex\">\n<div class=\"wp-block-column is-layout-flow wp-block-column-is-layout-flow\"><\/div>\n<\/div>\n\n\n\n<figure class=\"wp-block-table has-small-font-size\"><table><tbody><tr><td><strong>MESTRADO<\/strong><\/td><\/tr><tr><td>ANA LAURA LEMES MONTE \u2013 Lattes<br>Orientadora: Prof\u00aa Dr\u00aa Ellen Mariany da Silva Dias<br>Data da defesa: 24\/01\/2025<br>\u00c1rea de atua\u00e7\u00e3o\/Institui\u00e7\u00e3o atual:<\/td><\/tr><tr><td>ANT\u00d4NIO MARTINS DA SILVA J\u00daNIOR \u2013 Lattes<br>Orientadora: Prof\u00aa Dr\u00aa Ellen Mariany da Silva Dias<br>Data da defesa: 27\/02\/2025<br>\u00c1rea de atua\u00e7\u00e3o\/Institui\u00e7\u00e3o atual:<\/td><\/tr><tr><td>JULIA DAURIA ANTUNIASSI \u2013 Lattes<br>Orientadora: Prof\u00aa Dr\u00aa Cl\u00e1udia Cristina Ferreira<br>Data da defesa: 28\/05\/2025<br>\u00c1rea de atua\u00e7\u00e3o\/Institui\u00e7\u00e3o atual:<\/td><\/tr><tr><td>MAIARA CAROLINE GASPAROTTO ZABINI \u2013 Lattes<br>Orientador: Prof. Dr. Miguel Heitor Braga Vieira<br>Data da defesa: 24\/02\/2025<br>\u00c1rea de atua\u00e7\u00e3o\/Institui\u00e7\u00e3o atual:<\/td><\/tr><tr><td>MARIA LUIZA NAVARRO MARTINS \u2013 Lattes<br>Orientador: Prof. Dr. Miguel Heitor Braga Vieira<br>Data da defesa: 25\/06\/2025<br>\u00c1rea de atua\u00e7\u00e3o\/Institui\u00e7\u00e3o atual: <\/td><\/tr><tr><td>RA\u00cd GARCIA MIHI BARBALHO VIANA \u2013 Lattes<br>Orientadora: Prof\u00aa Dr\u00aa Maria Carolina de Godoy<br>Data da defesa: 15\/01\/2025<br>\u00c1rea de atua\u00e7\u00e3o\/Institui\u00e7\u00e3o atual: <\/td><\/tr><tr><td>MARIA ISADORA ROSOLEN CAMARGO \u2013 Lattes<br>Orientadora: Prof\u00aa Dr\u00aa Suely Leite<br>Data da defesa: 16\/12\/2025<br>\u00c1rea de atua\u00e7\u00e3o\/Institui\u00e7\u00e3o atual: <\/td><\/tr><tr><td>LET\u00cdCIA PALAZZIO \u2013 Lattes<br>Orientadora: Prof\u00aa Dr\u00aa Ellen Mariany da Silva Dias<br>Data da defesa: 24\/10\/2025<br>\u00c1rea de atua\u00e7\u00e3o\/Institui\u00e7\u00e3o atual: <\/td><\/tr><tr><td>KAWANE ISABELY PEREIRA \u2013 Lattes<br>Orientadora: Prof\u00aa Dr\u00aa Telma Maciel da Silva<br>Data da defesa: 31\/10\/2025<br>\u00c1rea de atua\u00e7\u00e3o\/Institui\u00e7\u00e3o atual: <\/td><\/tr><tr><td>FERNANDA APARECIDA DE FREITAS \u2013 Lattes<br>Orientador: Prof. Dr. Alamir Aquino Corr\u00eaa<br>Data da defesa: 29\/10\/2025<br>\u00c1rea de atua\u00e7\u00e3o\/Institui\u00e7\u00e3o atual: <\/td><\/tr><tr><td>CAIO JOS\u00c9 FONTEQUE GASPAR \u2013 Lattes<br>Orientadora: Prof\u00aa Dr\u00aa Regina C\u00e9lia dos Santos Alves<br>Data da defesa: 26\/09\/2025<br>\u00c1rea de atua\u00e7\u00e3o\/Institui\u00e7\u00e3o atual: <\/td><\/tr><\/tbody><\/table><\/figure>\n","protected":false},"excerpt":{"rendered":"<p>DOUTORADO ANA CARLA DA SILVA LIMA \u2013 LattesOrientadora: Prof\u00aa Dr\u00aa Barbara Cristina MarquesData da defesa: 28\/08\/2025\u00c1rea de atua\u00e7\u00e3o\/Institui\u00e7\u00e3o atual: \u00c9RIKA ALESSANDRA PAIVA ROSA \u2013 LattesOrientadora: Prof\u00aa Dr\u00aa Suely LeiteData da defesa: 30\/07\/2025\u00c1rea de atua\u00e7\u00e3o\/Institui\u00e7\u00e3o atual: BRUNO ALEXANDRE MATSUSHITA \u2013 LattesOrientador: Prof. Dr. Alamir Aquino Corr\u00eaaData da defesa: 25\/07\/2025\u00c1rea de atua\u00e7\u00e3o\/Institui\u00e7\u00e3o atual: JAMES RIOS DE OLIVEIRA [&hellip;]<\/p>\n","protected":false},"author":9,"featured_media":0,"parent":0,"menu_order":0,"comment_status":"closed","ping_status":"closed","template":"","meta":{"_acf_changed":false,"footnotes":""},"class_list":["post-10532","page","type-page","status-publish","hentry"],"acf":[],"_links":{"self":[{"href":"https:\/\/pos.uel.br\/letras\/wp-json\/wp\/v2\/pages\/10532","targetHints":{"allow":["GET"]}}],"collection":[{"href":"https:\/\/pos.uel.br\/letras\/wp-json\/wp\/v2\/pages"}],"about":[{"href":"https:\/\/pos.uel.br\/letras\/wp-json\/wp\/v2\/types\/page"}],"author":[{"embeddable":true,"href":"https:\/\/pos.uel.br\/letras\/wp-json\/wp\/v2\/users\/9"}],"replies":[{"embeddable":true,"href":"https:\/\/pos.uel.br\/letras\/wp-json\/wp\/v2\/comments?post=10532"}],"version-history":[{"count":26,"href":"https:\/\/pos.uel.br\/letras\/wp-json\/wp\/v2\/pages\/10532\/revisions"}],"predecessor-version":[{"id":10716,"href":"https:\/\/pos.uel.br\/letras\/wp-json\/wp\/v2\/pages\/10532\/revisions\/10716"}],"wp:attachment":[{"href":"https:\/\/pos.uel.br\/letras\/wp-json\/wp\/v2\/media?parent=10532"}],"curies":[{"name":"wp","href":"https:\/\/api.w.org\/{rel}","templated":true}]}}