{"id":10516,"date":"2025-09-01T18:14:04","date_gmt":"2025-09-01T21:14:04","guid":{"rendered":"https:\/\/pos.uel.br\/letras\/?page_id=10516"},"modified":"2026-03-24T19:06:57","modified_gmt":"2026-03-24T22:06:57","slug":"selecao-2026-1","status":"publish","type":"page","link":"https:\/\/pos.uel.br\/letras\/selecao-2026-1\/","title":{"rendered":"Sele\u00e7\u00e3o 2026\/1"},"content":{"rendered":"\n<div class=\"wp-block-columns is-layout-flex wp-container-core-columns-is-layout-9d6595d7 wp-block-columns-is-layout-flex\">\n<div class=\"wp-block-column is-layout-flow wp-block-column-is-layout-flow\"><\/div>\n<\/div>\n\n\n\n<p><a href=\"https:\/\/pos.uel.br\/letras\/wp-content\/uploads\/2025\/09\/Edital14_Processo_seletivo_2025_2.pdf\" target=\"_blank\" rel=\"noreferrer noopener\">EDITAL N\u00ba 14\/2025<\/a> \u2013 Processo Seletivo \u2013 Mestrado e Doutorado<br><a href=\"https:\/\/pos.uel.br\/letras\/wp-content\/uploads\/2025\/09\/Formula\u0301rio_Pre\u0301-projetodepesquisa.docx\" target=\"_blank\" rel=\"noreferrer noopener\">FORMUL\u00c1RIO DE PR\u00c9-PROJETO DE PESQUISA<\/a><br><a href=\"https:\/\/pos.uel.br\/letras\/wp-content\/uploads\/2025\/09\/RETIFICACAO_DO_EDITAL_PPGL_assinado.pdf\" target=\"_blank\" rel=\"noreferrer noopener\">RETIFICA\u00c7\u00c3O DO EDITAL N\u00ba 14\/2025<\/a><br><a href=\"https:\/\/pos.uel.br\/letras\/wp-content\/uploads\/2025\/09\/Edital15_2025_Resultado_pedidos_isencaoL_assinado.pdf\" target=\"_blank\" rel=\"noreferrer noopener\">EDITAL N\u00ba 15\/2025<\/a> \u2013 Resultado dos pedidos de isen\u00e7\u00e3o<br><a href=\"https:\/\/pos.uel.br\/letras\/wp-content\/uploads\/2025\/09\/Edital16_2025_2_Resultado_Cadunico_assinado.pdf\" target=\"_blank\" rel=\"noreferrer noopener\">EDITAL N\u00ba 16\/2025<\/a> \u2013 Resultado dos pedidos de isen\u00e7\u00e3o CAD\u00daNICO<br><a href=\"https:\/\/pos.uel.br\/letras\/wp-content\/uploads\/2025\/10\/Edital18_2025_2_Inscricoes_homologadas_assinado.pdf\" target=\"_blank\" rel=\"noreferrer noopener\">EDITAL N\u00ba 18\/2025 <\/a>\u2013 Inscri\u00e7\u00f5es homologadas<br><a href=\"https:\/\/pos.uel.br\/letras\/wp-content\/uploads\/2025\/11\/Edital19_2025_Resultado_cotas_assinado.pdf\" target=\"_blank\" rel=\"noreferrer noopener\">EDITAL N\u00ba 19\/2025<\/a> \u2013 Resultado das an\u00e1lises das a\u00e7\u00f5es afirmativas<br><a href=\"https:\/\/pos.uel.br\/letras\/wp-content\/uploads\/2025\/11\/Edital20_2025_Resultado_das_provas_assinado.pdf\" target=\"_blank\" rel=\"noreferrer noopener\">EDITAL N\u00ba 20\/2025<\/a> \u2013 Resultado da FASE I \u2013 Provas de literatura e de profici\u00eancia em leitura de l\u00edngua estrangeira <br><a href=\"https:\/\/pos.uel.br\/letras\/wp-content\/uploads\/2025\/11\/Edital21_2025_Resultado_pedido_recurso_fase1_assinado.pdf\" target=\"_blank\" rel=\"noreferrer noopener\">EDITAL N\u00ba 21\/2025<\/a> \u2013 Resultado dos pedidos de interposi\u00e7\u00e3o de recurso da FASE I<br><a href=\"https:\/\/pos.uel.br\/letras\/wp-content\/uploads\/2025\/11\/Edital22_2025_Resultado_FaseII_assinado.pdf\" target=\"_blank\" rel=\"noreferrer noopener\">EDITAL N\u00ba 22\/2025<\/a> \u2013 Resultado da FASE II \u2013 An\u00e1lise de pr\u00e9-projeto de pesquisa<br><a href=\"https:\/\/pos.uel.br\/letras\/wp-content\/uploads\/2025\/12\/Edital23_2025_FaseIII_Cronograma_entrevistas_assinado.pdf\" target=\"_blank\" rel=\"noreferrer noopener\">EDITAL N\u00ba 23\/2025<\/a> \u2013 Cronograma das entrevistas<br><a href=\"https:\/\/pos.uel.br\/letras\/wp-content\/uploads\/2025\/12\/Edital24_2025_ResultadoFASEIII_Entrevistas_assinado.pdf\" target=\"_blank\" rel=\"noreferrer noopener\">EDITAL N\u00ba 24\/2025<\/a> \u2013 Resultado da FASE III \u2013 Entrevista e an\u00e1lise de curr\u00edculo<br><a href=\"https:\/\/pos.uel.br\/letras\/wp-content\/uploads\/2025\/12\/Edital25_2025_Resultado_final_convocacao_matricula_Mestrado_assinado.pdf\" target=\"_blank\" rel=\"noreferrer noopener\">EDITAL N\u00ba 25\/2025<\/a> \u2013 Resultado final e convoca\u00e7\u00e3o para matr\u00edcula \u2013 MESTRADO<br><a href=\"https:\/\/pos.uel.br\/letras\/wp-content\/uploads\/2025\/12\/Edital26_2025_Resultado_final_convocacao_matricula_Doutorado_assinado.pdf\" target=\"_blank\" rel=\"noreferrer noopener\">EDITAL N\u00ba 26\/2025<\/a> \u2013 Resultado final e convoca\u00e7\u00e3o para matr\u00edcula \u2013 DOUTORADO<br><a href=\"https:\/\/pos.uel.br\/letras\/wp-content\/uploads\/2026\/03\/EDITAL07_2026_Notas_FaseI_Mestrado_assinado.pdf\" target=\"_blank\" rel=\"noreferrer noopener\">EDITAL N\u00ba 07\/2026<\/a> \u2013 Notas da Fase I \u2013 Mestrado<br><a href=\"https:\/\/pos.uel.br\/letras\/wp-content\/uploads\/2026\/03\/EDITAL08_2026_Notas_FaseI_Doutorado_assinado.pdf\" target=\"_blank\" rel=\"noreferrer noopener\">EDITAL N\u00ba 08\/2026<\/a> \u2013 Notas da Fase I \u2013 Doutorado<\/p>\n","protected":false},"excerpt":{"rendered":"<p>EDITAL N\u00ba 14\/2025 \u2013 Processo Seletivo \u2013 Mestrado e DoutoradoFORMUL\u00c1RIO DE PR\u00c9-PROJETO DE PESQUISARETIFICA\u00c7\u00c3O DO EDITAL N\u00ba 14\/2025EDITAL N\u00ba 15\/2025 \u2013 Resultado dos pedidos de isen\u00e7\u00e3oEDITAL N\u00ba 16\/2025 \u2013 Resultado dos pedidos de isen\u00e7\u00e3o CAD\u00daNICOEDITAL N\u00ba 18\/2025 \u2013 Inscri\u00e7\u00f5es homologadasEDITAL N\u00ba 19\/2025 \u2013 Resultado das an\u00e1lises das a\u00e7\u00f5es afirmativasEDITAL N\u00ba 20\/2025 \u2013 Resultado da FASE [&hellip;]<\/p>\n","protected":false},"author":9,"featured_media":0,"parent":0,"menu_order":0,"comment_status":"closed","ping_status":"closed","template":"","meta":{"_acf_changed":false,"footnotes":""},"class_list":["post-10516","page","type-page","status-publish","hentry"],"acf":[],"_links":{"self":[{"href":"https:\/\/pos.uel.br\/letras\/wp-json\/wp\/v2\/pages\/10516","targetHints":{"allow":["GET"]}}],"collection":[{"href":"https:\/\/pos.uel.br\/letras\/wp-json\/wp\/v2\/pages"}],"about":[{"href":"https:\/\/pos.uel.br\/letras\/wp-json\/wp\/v2\/types\/page"}],"author":[{"embeddable":true,"href":"https:\/\/pos.uel.br\/letras\/wp-json\/wp\/v2\/users\/9"}],"replies":[{"embeddable":true,"href":"https:\/\/pos.uel.br\/letras\/wp-json\/wp\/v2\/comments?post=10516"}],"version-history":[{"count":16,"href":"https:\/\/pos.uel.br\/letras\/wp-json\/wp\/v2\/pages\/10516\/revisions"}],"predecessor-version":[{"id":10825,"href":"https:\/\/pos.uel.br\/letras\/wp-json\/wp\/v2\/pages\/10516\/revisions\/10825"}],"wp:attachment":[{"href":"https:\/\/pos.uel.br\/letras\/wp-json\/wp\/v2\/media?parent=10516"}],"curies":[{"name":"wp","href":"https:\/\/api.w.org\/{rel}","templated":true}]}}