{"id":642,"date":"2025-07-10T10:39:40","date_gmt":"2025-07-10T13:39:40","guid":{"rendered":"https:\/\/pos.uel.br\/industrial\/?page_id=642"},"modified":"2025-07-10T10:49:12","modified_gmt":"2025-07-10T13:49:12","slug":"corpo-docente","status":"publish","type":"page","link":"https:\/\/pos.uel.br\/industrial\/corpo-docente\/","title":{"rendered":"Corpo Docente"},"content":{"rendered":"\n<figure class=\"wp-block-table is-style-stripes has-small-font-size\"><table class=\"has-fixed-layout\"><tbody><tr><td><strong>Professor<\/strong><\/td><td><strong>Titula\u00e7\u00e3o<\/strong><\/td><td><strong>Institui\u00e7\u00e3o<\/strong><\/td><\/tr><tr><td>Adriana Martello Valero<\/td><td>Mestre<\/td><td>UEL<\/td><\/tr><tr><td>C\u00e1ssio Chia Jang Tsay<\/td><td>Mestre<\/td><td>UEL<\/td><\/tr><tr><td>Hewerton&nbsp;Fernandes da Silva<\/td><td>Mestre<\/td><td>UEL<\/td><\/tr><tr><td>Jo\u00e3o Antonio de Freitas Coelho<\/td><td>Mestre<\/td><td>UNOPAR<\/td><\/tr><tr><td>Leandro Key Higuchi Yanaze<\/td><td>Doutor<\/td><td>USP<\/td><\/tr><tr><td>Luciano Munck<\/td><td>Doutor<\/td><td>UEL<\/td><\/tr><tr><td>Luis Miguel Luzio dos Santos<\/td><td>Doutor<\/td><td>UEL<\/td><\/tr><tr><td>Marcio Elder Klein<\/td><td>Especialista<\/td><td>FGV<\/td><\/tr><tr><td>Mitsuru Higuchi Yanaze<\/td><td>Doutor<\/td><td>USP<\/td><\/tr><tr><td>Nelson Luis Vidotto<\/td><td>Mestre<\/td><td>UEL<\/td><\/tr><tr><td>Paulo Roberto Rocha Kr\u00fcger<\/td><td>Especialista<\/td><td>UFPR<\/td><\/tr><tr><td>Pedro Jos\u00e9 Steiner Neto<\/td><td>Doutor<\/td><td>UFPR<\/td><\/tr><tr><td>Saulo Fabiano Am\u00e2ncio Vieira<\/td><td>Doutor<\/td><td>UEL<\/td><\/tr><tr><td>Valdete de Oliveira Mrtvi&nbsp;<\/td><td>Doutora<\/td><td>UEL<\/td><\/tr><\/tbody><\/table><\/figure>\n\n\n\n<p><\/p>\n","protected":false},"excerpt":{"rendered":"<p>Professor Titula\u00e7\u00e3o Institui\u00e7\u00e3o Adriana Martello Valero Mestre UEL C\u00e1ssio Chia Jang Tsay Mestre UEL Hewerton&nbsp;Fernandes da Silva Mestre UEL Jo\u00e3o Antonio de Freitas Coelho Mestre UNOPAR Leandro Key Higuchi Yanaze Doutor USP Luciano Munck Doutor UEL Luis Miguel Luzio dos Santos Doutor UEL Marcio Elder Klein Especialista FGV Mitsuru Higuchi Yanaze Doutor USP Nelson Luis [&hellip;]<\/p>\n","protected":false},"author":9,"featured_media":0,"parent":0,"menu_order":0,"comment_status":"closed","ping_status":"closed","template":"","meta":{"_acf_changed":false,"_themeisle_gutenberg_block_has_review":false,"footnotes":""},"class_list":["post-642","page","type-page","status-publish","hentry"],"acf":[],"_links":{"self":[{"href":"https:\/\/pos.uel.br\/industrial\/wp-json\/wp\/v2\/pages\/642","targetHints":{"allow":["GET"]}}],"collection":[{"href":"https:\/\/pos.uel.br\/industrial\/wp-json\/wp\/v2\/pages"}],"about":[{"href":"https:\/\/pos.uel.br\/industrial\/wp-json\/wp\/v2\/types\/page"}],"author":[{"embeddable":true,"href":"https:\/\/pos.uel.br\/industrial\/wp-json\/wp\/v2\/users\/9"}],"replies":[{"embeddable":true,"href":"https:\/\/pos.uel.br\/industrial\/wp-json\/wp\/v2\/comments?post=642"}],"version-history":[{"count":2,"href":"https:\/\/pos.uel.br\/industrial\/wp-json\/wp\/v2\/pages\/642\/revisions"}],"predecessor-version":[{"id":648,"href":"https:\/\/pos.uel.br\/industrial\/wp-json\/wp\/v2\/pages\/642\/revisions\/648"}],"wp:attachment":[{"href":"https:\/\/pos.uel.br\/industrial\/wp-json\/wp\/v2\/media?parent=642"}],"curies":[{"name":"wp","href":"https:\/\/api.w.org\/{rel}","templated":true}]}}