{"id":640,"date":"2025-07-10T10:39:23","date_gmt":"2025-07-10T13:39:23","guid":{"rendered":"https:\/\/pos.uel.br\/industrial\/?page_id=640"},"modified":"2025-10-09T08:21:20","modified_gmt":"2025-10-09T11:21:20","slug":"estrutura-curricular","status":"publish","type":"page","link":"https:\/\/pos.uel.br\/industrial\/estrutura-curricular\/","title":{"rendered":"Estrutura Curricular"},"content":{"rendered":"\n<p>O Curso ter\u00e1 a dura\u00e7\u00e3o de 360 (trezentas e sessenta) horas, correspondentes a 24 (vinte e quatro) cr\u00e9ditos, a serem desenvolvidos em 2 (dois) per\u00edodos letivos. O desenvolvimento do Curso obedecer\u00e1 a seguinte organiza\u00e7\u00e3o curricular.&nbsp;&nbsp;<\/p>\n\n\n\n<figure class=\"wp-block-table is-style-stripes has-small-font-size\"><table class=\"has-fixed-layout\"><tbody><tr><td><strong>C\u00f3digo<\/strong><\/td><td><strong>Disciplina<\/strong><\/td><td><strong>Cr\u00e9ditos<\/strong><\/td><td><strong>C.H.<\/strong><\/td><\/tr><tr><td>2ADM394<\/td><td>Planejamento Estrat\u00e9gico Empresarial<\/td><td>02<\/td><td>30<\/td><\/tr><tr><td>2ADM395<\/td><td>Fundamentos de Economia e Tend\u00eancias na Administra\u00e7\u00e3o<\/td><td>02<\/td><td>30<\/td><\/tr><tr><td>2ADM399<\/td><td>Gest\u00e3o da Produ\u00e7\u00e3o<\/td><td>02<\/td><td>30<\/td><\/tr><tr><td>2ADM400<\/td><td>Gest\u00e3o de Marketing&nbsp; Industrial<\/td><td>02<\/td><td>30<\/td><\/tr><tr><td>2ADM401<\/td><td>Gest\u00e3o de Recursos Humanos<\/td><td>02<\/td><td>30<\/td><\/tr><tr><td>2ADM396<\/td><td>Gest\u00e3o da Cadeia de Suprimentos e Log\u00edstica<\/td><td>02<\/td><td>30<\/td><\/tr><tr><td>2ADM402<\/td><td>Gest\u00e3o Financeira<\/td><td>02<\/td><td>30<\/td><\/tr><tr><td>2ADM403<\/td><td>Custos Industriais<\/td><td>02<\/td><td>30<\/td><\/tr><tr><td>2ADM404<\/td><td>Est\u00e1gio em Elabora\u00e7\u00e3o de Projeto de Sistema de Gest\u00e3o Industrial<\/td><td>02<\/td><td>30<\/td><\/tr><tr><td>2ADM405<\/td><td>Jogo de Empresas<\/td><td>02<\/td><td>30<\/td><\/tr><tr><td>2ADM397<\/td><td>Sistema de Apoio \u00e0 Decis\u00e3o e Projetos Industriais<\/td><td>02<\/td><td>30<\/td><\/tr><tr><td>2ADM398<\/td><td>Teoria e Desenvolvimento Organizacional<\/td><td>02<\/td><td>30<\/td><\/tr><tr><td>2ADM152<\/td><td>Trabalho de Conclus\u00e3o de Curso de P\u00f3s-Gradua\u00e7\u00e3o<\/td><td>&nbsp;<\/td><td>&nbsp;<\/td><\/tr><\/tbody><\/table><\/figure>\n\n\n\n<p><\/p>\n","protected":false},"excerpt":{"rendered":"<p>O Curso ter\u00e1 a dura\u00e7\u00e3o de 360 (trezentas e sessenta) horas, correspondentes a 24 (vinte e quatro) cr\u00e9ditos, a serem desenvolvidos em 2 (dois) per\u00edodos letivos. O desenvolvimento do Curso obedecer\u00e1 a seguinte organiza\u00e7\u00e3o curricular.&nbsp;&nbsp; C\u00f3digo Disciplina Cr\u00e9ditos C.H. 2ADM394 Planejamento Estrat\u00e9gico Empresarial 02 30 2ADM395 Fundamentos de Economia e Tend\u00eancias na Administra\u00e7\u00e3o 02 30 [&hellip;]<\/p>\n","protected":false},"author":9,"featured_media":0,"parent":0,"menu_order":0,"comment_status":"closed","ping_status":"closed","template":"","meta":{"_acf_changed":false,"_themeisle_gutenberg_block_has_review":false,"footnotes":""},"class_list":["post-640","page","type-page","status-publish","hentry"],"acf":[],"_links":{"self":[{"href":"https:\/\/pos.uel.br\/industrial\/wp-json\/wp\/v2\/pages\/640","targetHints":{"allow":["GET"]}}],"collection":[{"href":"https:\/\/pos.uel.br\/industrial\/wp-json\/wp\/v2\/pages"}],"about":[{"href":"https:\/\/pos.uel.br\/industrial\/wp-json\/wp\/v2\/types\/page"}],"author":[{"embeddable":true,"href":"https:\/\/pos.uel.br\/industrial\/wp-json\/wp\/v2\/users\/9"}],"replies":[{"embeddable":true,"href":"https:\/\/pos.uel.br\/industrial\/wp-json\/wp\/v2\/comments?post=640"}],"version-history":[{"count":3,"href":"https:\/\/pos.uel.br\/industrial\/wp-json\/wp\/v2\/pages\/640\/revisions"}],"predecessor-version":[{"id":711,"href":"https:\/\/pos.uel.br\/industrial\/wp-json\/wp\/v2\/pages\/640\/revisions\/711"}],"wp:attachment":[{"href":"https:\/\/pos.uel.br\/industrial\/wp-json\/wp\/v2\/media?parent=640"}],"curies":[{"name":"wp","href":"https:\/\/api.w.org\/{rel}","templated":true}]}}