{"id":8,"date":"2021-04-29T12:28:13","date_gmt":"2021-04-29T15:28:13","guid":{"rendered":"https:\/\/pos.uel.br\/historiasocial\/?page_id=8"},"modified":"2021-07-14T17:45:10","modified_gmt":"2021-07-14T20:45:10","slug":"sobre-o-programa","status":"publish","type":"page","link":"https:\/\/pos.uel.br\/historiasocial\/sobre-o-programa\/","title":{"rendered":"Sobre o programa"},"content":{"rendered":"\n<figure class=\"wp-block-image size-large\"><img loading=\"lazy\" decoding=\"async\" width=\"1024\" height=\"376\" src=\"https:\/\/pos.uel.br\/historiasocial\/wp-content\/uploads\/2021\/06\/ponte7alb3-1-1024x376.jpg\" alt=\"\" class=\"wp-image-79\" srcset=\"https:\/\/pos.uel.br\/historiasocial\/wp-content\/uploads\/2021\/06\/ponte7alb3-1-1024x376.jpg 1024w, https:\/\/pos.uel.br\/historiasocial\/wp-content\/uploads\/2021\/06\/ponte7alb3-1-300x110.jpg 300w, https:\/\/pos.uel.br\/historiasocial\/wp-content\/uploads\/2021\/06\/ponte7alb3-1-768x282.jpg 768w, https:\/\/pos.uel.br\/historiasocial\/wp-content\/uploads\/2021\/06\/ponte7alb3-1.jpg 1483w\" sizes=\"auto, (max-width: 1024px) 100vw, 1024px\" \/><figcaption>Acervo do Museu Hist\u00f3rico de Londrina.<br><\/figcaption><\/figure>\n\n\n\n<p class=\"has-normal-font-size\">\u201cN\u00e3o est\u00e1 escrito que os mestres vidreiros devem continuar construindo janelas e os ourives, relic\u00e1rios, se os mestres do passado souberam produzi-los t\u00e3o bem e destinados a durar nos s\u00e9culos. De outro modo, a terra ficaria cheia de relic\u00e1rios, numa \u00e9poca em que os santos de quem tirar rel\u00edquias s\u00e3o t\u00e3o raros\u201d. <\/p>\n\n\n\n<p class=\"has-normal-font-size\">(Guilherme de Baskerville, em ECO, U. O Nome da Rosa)&nbsp;&nbsp;<\/p>\n\n\n\n<p>_____________________________________________<\/p>\n\n\n\n<p>O Programa de P\u00f3s-Gradua\u00e7\u00e3o em Hist\u00f3ria Social da Universidade Estadual de Londrina (PPGHS) foi credenciado pela CAPES em julho de 2006 e iniciou suas atividades no primeiro semestre de 2007. Sua \u00c1rea de Concentra\u00e7\u00e3o \u00e9 Hist\u00f3ria Social, atraindo predominantemente candidatos dos estados do Paran\u00e1, al\u00e9m de S\u00e3o Paulo, Santa Catarina, Mato Grosso e Minas Gerais.<\/p>\n\n\n\n<p>Tem como objetivo a forma\u00e7\u00e3o de docentes e pesquisadores que atuem no ensino, pesquisa, constru\u00e7\u00e3o e dissemina\u00e7\u00e3o do conhecimento em Hist\u00f3ria, capacitando-os para atuar em IES e em institui\u00e7\u00f5es voltadas \u00e0 pesquisa.<\/p>\n\n\n\n<p><\/p>\n","protected":false},"excerpt":{"rendered":"<p>\u201cN\u00e3o est\u00e1 escrito que os mestres vidreiros devem continuar construindo janelas e os ourives, relic\u00e1rios, se os mestres do passado souberam produzi-los t\u00e3o bem e destinados a durar nos s\u00e9culos. De outro modo, a terra ficaria cheia de relic\u00e1rios, numa \u00e9poca em que os santos de quem tirar rel\u00edquias s\u00e3o t\u00e3o raros\u201d. (Guilherme de Baskerville, [&hellip;]<\/p>\n","protected":false},"author":7,"featured_media":0,"parent":0,"menu_order":0,"comment_status":"closed","ping_status":"closed","template":"","meta":{"footnotes":""},"class_list":["post-8","page","type-page","status-publish","hentry"],"_links":{"self":[{"href":"https:\/\/pos.uel.br\/historiasocial\/wp-json\/wp\/v2\/pages\/8","targetHints":{"allow":["GET"]}}],"collection":[{"href":"https:\/\/pos.uel.br\/historiasocial\/wp-json\/wp\/v2\/pages"}],"about":[{"href":"https:\/\/pos.uel.br\/historiasocial\/wp-json\/wp\/v2\/types\/page"}],"author":[{"embeddable":true,"href":"https:\/\/pos.uel.br\/historiasocial\/wp-json\/wp\/v2\/users\/7"}],"replies":[{"embeddable":true,"href":"https:\/\/pos.uel.br\/historiasocial\/wp-json\/wp\/v2\/comments?post=8"}],"version-history":[{"count":7,"href":"https:\/\/pos.uel.br\/historiasocial\/wp-json\/wp\/v2\/pages\/8\/revisions"}],"predecessor-version":[{"id":325,"href":"https:\/\/pos.uel.br\/historiasocial\/wp-json\/wp\/v2\/pages\/8\/revisions\/325"}],"wp:attachment":[{"href":"https:\/\/pos.uel.br\/historiasocial\/wp-json\/wp\/v2\/media?parent=8"}],"curies":[{"name":"wp","href":"https:\/\/api.w.org\/{rel}","templated":true}]}}