{"id":57,"date":"2021-05-16T12:21:04","date_gmt":"2021-05-16T15:21:04","guid":{"rendered":"https:\/\/pos.uel.br\/historiasocial\/?page_id=57"},"modified":"2021-06-23T08:09:17","modified_gmt":"2021-06-23T11:09:17","slug":"extensao","status":"publish","type":"page","link":"https:\/\/pos.uel.br\/historiasocial\/extensao\/","title":{"rendered":"Extens\u00e3o"},"content":{"rendered":"\n<p>A REFLEX\u00c3O E PRODU\u00c7\u00c3O DE CONHECIMENTO ACERCA DA IMAGEM NA HIST\u00d3RIA E A INTERLOCU\u00c7\u00c3O COM HISTORIADORES,<br>PROFESSORES, ALUNOS E COMUNIDADE.<\/p>\n\n\n\n<p>(Docentes do PPGHis envolvidos: Angelita Visalli; Richard Gon\u00e7alves Andre)<\/p>\n\n\n\n<div class=\"wp-block-file\"><a href=\"https:\/\/pos.uel.br\/historiasocial\/wp-content\/uploads\/2021\/06\/pex_projetoscadastrados_2021-06-23_08-03-07.pdf\">pex_projetoscadastrados_2021-06-23_08-03-07<\/a><a href=\"https:\/\/pos.uel.br\/historiasocial\/wp-content\/uploads\/2021\/06\/pex_projetoscadastrados_2021-06-23_08-03-07.pdf\" class=\"wp-block-file__button\" download>Baixar<\/a><\/div>\n\n\n\n<p>LABORAT\u00d3RIO DE PESQUISA SOBRE CULTURAS ORIENTAIS (LAPECO)<\/p>\n\n\n\n<p>(Docente do PPGHis envolvido: Richard Gon\u00e7alves Andre)<\/p>\n\n\n\n<div class=\"wp-block-file\"><a href=\"https:\/\/pos.uel.br\/historiasocial\/wp-content\/uploads\/2021\/06\/pex_projetoscadastrados_2021-06-23_08-05-48.pdf\">pex_projetoscadastrados_2021-06-23_08-05-48<\/a><a href=\"https:\/\/pos.uel.br\/historiasocial\/wp-content\/uploads\/2021\/06\/pex_projetoscadastrados_2021-06-23_08-05-48.pdf\" class=\"wp-block-file__button\" download>Baixar<\/a><\/div>\n\n\n\n<p>A PEROBA<\/p>\n\n\n\n<p>(Docentes do PPGHis envolvidos: LUKAS GABRIEL GRZYBOWSKI; MARIA RENATA DA CRUZ DURAN)<\/p>\n\n\n\n<div class=\"wp-block-file\"><a href=\"https:\/\/pos.uel.br\/historiasocial\/wp-content\/uploads\/2021\/06\/pex_projetoscadastrados_2021-06-23_08-07-41.pdf\">pex_projetoscadastrados_2021-06-23_08-07-41<\/a><a href=\"https:\/\/pos.uel.br\/historiasocial\/wp-content\/uploads\/2021\/06\/pex_projetoscadastrados_2021-06-23_08-07-41.pdf\" class=\"wp-block-file__button\" download>Baixar<\/a><\/div>\n","protected":false},"excerpt":{"rendered":"<p>A REFLEX\u00c3O E PRODU\u00c7\u00c3O DE CONHECIMENTO ACERCA DA IMAGEM NA HIST\u00d3RIA E A INTERLOCU\u00c7\u00c3O COM HISTORIADORES,PROFESSORES, ALUNOS E COMUNIDADE. (Docentes do PPGHis envolvidos: Angelita Visalli; Richard Gon\u00e7alves Andre) LABORAT\u00d3RIO DE PESQUISA SOBRE CULTURAS ORIENTAIS (LAPECO) (Docente do PPGHis envolvido: Richard Gon\u00e7alves Andre) A PEROBA (Docentes do PPGHis envolvidos: LUKAS GABRIEL GRZYBOWSKI; MARIA RENATA DA CRUZ [&hellip;]<\/p>\n","protected":false},"author":7,"featured_media":0,"parent":0,"menu_order":0,"comment_status":"closed","ping_status":"closed","template":"","meta":{"footnotes":""},"class_list":["post-57","page","type-page","status-publish","hentry"],"_links":{"self":[{"href":"https:\/\/pos.uel.br\/historiasocial\/wp-json\/wp\/v2\/pages\/57","targetHints":{"allow":["GET"]}}],"collection":[{"href":"https:\/\/pos.uel.br\/historiasocial\/wp-json\/wp\/v2\/pages"}],"about":[{"href":"https:\/\/pos.uel.br\/historiasocial\/wp-json\/wp\/v2\/types\/page"}],"author":[{"embeddable":true,"href":"https:\/\/pos.uel.br\/historiasocial\/wp-json\/wp\/v2\/users\/7"}],"replies":[{"embeddable":true,"href":"https:\/\/pos.uel.br\/historiasocial\/wp-json\/wp\/v2\/comments?post=57"}],"version-history":[{"count":2,"href":"https:\/\/pos.uel.br\/historiasocial\/wp-json\/wp\/v2\/pages\/57\/revisions"}],"predecessor-version":[{"id":137,"href":"https:\/\/pos.uel.br\/historiasocial\/wp-json\/wp\/v2\/pages\/57\/revisions\/137"}],"wp:attachment":[{"href":"https:\/\/pos.uel.br\/historiasocial\/wp-json\/wp\/v2\/media?parent=57"}],"curies":[{"name":"wp","href":"https:\/\/api.w.org\/{rel}","templated":true}]}}