{"id":34,"date":"2021-04-29T12:41:14","date_gmt":"2021-04-29T15:41:14","guid":{"rendered":"https:\/\/pos.uel.br\/historiasocial\/?page_id=34"},"modified":"2023-09-01T11:21:23","modified_gmt":"2023-09-01T14:21:23","slug":"formularios","status":"publish","type":"page","link":"https:\/\/pos.uel.br\/historiasocial\/formularios\/","title":{"rendered":"Formul\u00e1rios"},"content":{"rendered":"\n<p><\/p>\n\n\n\n<p><a href=\"https:\/\/docs.google.com\/forms\/d\/e\/1FAIpQLSc-rsAhauxKMSw-1WGZBOqNjkfpod3C7gS12nKHaLZ0udxyTQ\/viewform\" data-type=\"link\" data-id=\"https:\/\/docs.google.com\/forms\/d\/e\/1FAIpQLSc-rsAhauxKMSw-1WGZBOqNjkfpod3C7gS12nKHaLZ0udxyTQ\/viewform\">FORMUL\u00c1RIO DE INDICA\u00c7\u00c3O BANCA DE EXAME DE QUALIFICA\u00c7\u00c3O (para docentes)<\/a><\/p>\n\n\n\n<p><a href=\"https:\/\/docs.google.com\/forms\/d\/e\/1FAIpQLSeqlCiBjm6dSCNtPwvQVuilnx_E8BAgpYZ7opwZCqIwa5l57A\/viewform\" data-type=\"link\" data-id=\"https:\/\/docs.google.com\/forms\/d\/e\/1FAIpQLSeqlCiBjm6dSCNtPwvQVuilnx_E8BAgpYZ7opwZCqIwa5l57A\/viewform\">FORMUL\u00c1RIO P\/ INDICA\u00c7\u00c3O DE BANCAS DE DEFESAS<\/a> (para docentes)<\/p>\n\n\n\n<p><\/p>\n\n\n\n<p><strong>Apostila com Regras B\u00e1sicas para Elabora\u00e7\u00e3o de Trabalho (BICEN &#8211; UEL)<\/strong><\/p>\n\n\n\n<div class=\"wp-block-file\"><a id=\"wp-block-file--media-3a1a61cc-1189-4a26-8508-4fc141c21f1e\" href=\"https:\/\/pos.uel.br\/historiasocial\/wp-content\/uploads\/2021\/06\/apostila-normalizacao.pdf\">apostila-normalizacao<\/a><a href=\"https:\/\/pos.uel.br\/historiasocial\/wp-content\/uploads\/2021\/06\/apostila-normalizacao.pdf\" class=\"wp-block-file__button wp-element-button\" download aria-describedby=\"wp-block-file--media-3a1a61cc-1189-4a26-8508-4fc141c21f1e\">Baixar<\/a><\/div>\n\n\n\n<p><strong>Modelo Padr\u00e3o de CAPA\/UEL e P\u00e1ginas Prefaciais<\/strong><\/p>\n\n\n\n<div class=\"wp-block-file\"><a id=\"wp-block-file--media-8825ea95-bf63-4106-a9ea-a2916b8fef6e\" href=\"https:\/\/pos.uel.br\/historiasocial\/wp-content\/uploads\/2021\/06\/Prefaciais-alterado.doc\">Prefaciais-alterado<\/a><a href=\"https:\/\/pos.uel.br\/historiasocial\/wp-content\/uploads\/2021\/06\/Prefaciais-alterado.doc\" class=\"wp-block-file__button wp-element-button\" download aria-describedby=\"wp-block-file--media-8825ea95-bf63-4106-a9ea-a2916b8fef6e\">Baixar<\/a><\/div>\n\n\n\n<p><strong>Requerimento Geral<\/strong><\/p>\n\n\n\n<div class=\"wp-block-file\"><a id=\"wp-block-file--media-1cd12d6b-c8af-49f7-8d7b-0e08f99cb28b\" href=\"https:\/\/pos.uel.br\/historiasocial\/wp-content\/uploads\/2021\/06\/Requerimento-Geral.pdf\">Requerimento-Geral<\/a><a href=\"https:\/\/pos.uel.br\/historiasocial\/wp-content\/uploads\/2021\/06\/Requerimento-Geral.pdf\" class=\"wp-block-file__button wp-element-button\" download aria-describedby=\"wp-block-file--media-1cd12d6b-c8af-49f7-8d7b-0e08f99cb28b\">Baixar<\/a><\/div>\n","protected":false},"excerpt":{"rendered":"<p>FORMUL\u00c1RIO DE INDICA\u00c7\u00c3O BANCA DE EXAME DE QUALIFICA\u00c7\u00c3O (para docentes) FORMUL\u00c1RIO P\/ INDICA\u00c7\u00c3O DE BANCAS DE DEFESAS (para docentes) Apostila com Regras B\u00e1sicas para Elabora\u00e7\u00e3o de Trabalho (BICEN &#8211; UEL) Modelo Padr\u00e3o de CAPA\/UEL e P\u00e1ginas Prefaciais Requerimento Geral<\/p>\n","protected":false},"author":7,"featured_media":0,"parent":0,"menu_order":0,"comment_status":"closed","ping_status":"closed","template":"","meta":{"footnotes":""},"class_list":["post-34","page","type-page","status-publish","hentry"],"_links":{"self":[{"href":"https:\/\/pos.uel.br\/historiasocial\/wp-json\/wp\/v2\/pages\/34","targetHints":{"allow":["GET"]}}],"collection":[{"href":"https:\/\/pos.uel.br\/historiasocial\/wp-json\/wp\/v2\/pages"}],"about":[{"href":"https:\/\/pos.uel.br\/historiasocial\/wp-json\/wp\/v2\/types\/page"}],"author":[{"embeddable":true,"href":"https:\/\/pos.uel.br\/historiasocial\/wp-json\/wp\/v2\/users\/7"}],"replies":[{"embeddable":true,"href":"https:\/\/pos.uel.br\/historiasocial\/wp-json\/wp\/v2\/comments?post=34"}],"version-history":[{"count":5,"href":"https:\/\/pos.uel.br\/historiasocial\/wp-json\/wp\/v2\/pages\/34\/revisions"}],"predecessor-version":[{"id":965,"href":"https:\/\/pos.uel.br\/historiasocial\/wp-json\/wp\/v2\/pages\/34\/revisions\/965"}],"wp:attachment":[{"href":"https:\/\/pos.uel.br\/historiasocial\/wp-json\/wp\/v2\/media?parent=34"}],"curies":[{"name":"wp","href":"https:\/\/api.w.org\/{rel}","templated":true}]}}