{"id":4009,"date":"2025-05-21T21:19:52","date_gmt":"2025-05-22T00:19:52","guid":{"rendered":"https:\/\/pos.uel.br\/geografia\/?page_id=4009"},"modified":"2025-05-21T21:19:52","modified_gmt":"2025-05-22T00:19:52","slug":"eje-3-politicas-academicas","status":"publish","type":"page","link":"https:\/\/pos.uel.br\/geografia\/es\/eje-3-politicas-academicas\/","title":{"rendered":"EJE 3 &#8211; POL\u00cdTICAS ACAD\u00c9MICAS"},"content":{"rendered":"\n<p><\/p>\n\n\n\n<p>Incluye pol\u00edticas para la Ense\u00f1anza, la Investigaci\u00f3n y la Extensi\u00f3n, la implementaci\u00f3n de pol\u00edticas e iniciativas de acci\u00f3n afirmativa, internacionalizaci\u00f3n, comunicaci\u00f3n con la sociedad y pol\u00edticas de atenci\u00f3n y seguimiento a estudiantes y egresados.<\/p>\n\n\n\n<p><strong>Meta 3:<\/strong> Fortalecer los mecanismos del PPGEO para implementar acciones afirmativas tanto de permanencia y accesibilidad como de derechos humanos y diversidad.<br><strong>Acci\u00f3n 1:<\/strong> Garantizar acciones afirmativas para enfrentar el racismo, la xenofobia, las violencias sexuales y de g\u00e9nero, el capacitismo, el edadismo, la intolerancia pol\u00edtica, religiosa y la discriminaci\u00f3n social o cualquier otra acci\u00f3n que viole los derechos humanos.<br><strong>Acci\u00f3n 2:<\/strong> Implementar acciones afirmativas en el proceso selectivo, incluyendo cuotas raciales para aumentar la representatividad en el programa y mejorar la colaboraci\u00f3n en proyectos integrados de esta naturaleza.<br><strong>Acci\u00f3n 3:<\/strong> Intensificar el seguimiento de los estudiantes mediante informes semestrales, reuniones peri\u00f3dicas y otras estrategias para garantizar la permanencia de los estudiantes de maestr\u00eda y doctorado, con un acompa\u00f1amiento continuo.<\/p>\n\n\n\n<p><strong>Meta 4:<\/strong> Mejorar la comunicaci\u00f3n con la sociedad mediante el fortalecimiento de la Extensi\u00f3n.<br><strong>Acci\u00f3n 1:<\/strong> Fomentar la participaci\u00f3n de docentes y estudiantes en eventos para difundir el Curso de Geograf\u00eda y las actividades del Programa de Posgrado en la comunidad, ampliando el acceso de la comunidad externa a los resultados de las actividades que producimos, fortaleciendo as\u00ed la funci\u00f3n social y p\u00fablica de la universidad.<br><strong>Acci\u00f3n 2:<\/strong> Mejorar el apoyo a la producci\u00f3n t\u00e9cnica y brindar apoyo continuo a las actividades de extensi\u00f3n, promoviendo la participaci\u00f3n de estudiantes y docentes en proyectos de impacto social, as\u00ed como en actividades de divulgaci\u00f3n del conocimiento e innovaci\u00f3n.<\/p>\n\n\n\n<p><strong>Meta 5:<\/strong> Implementar iniciativas de internacionalizaci\u00f3n del programa.<br>El programa comprende la internacionalizaci\u00f3n como un eje estructurante de sus actividades acad\u00e9micas y cient\u00edficas, con las siguientes acciones:<br><strong>Acci\u00f3n 1:<\/strong> Traducir el sitio web del programa a los idiomas espa\u00f1ol e ingl\u00e9s, con el objetivo de hacer la informaci\u00f3n accesible a un p\u00fablico internacional y ampliar el alcance del programa.<br><strong>Acci\u00f3n 2:<\/strong> Ampliar la visibilidad nacional e internacional del programa, proporcionando mayor acceso a estudiantes extranjeros, especialmente latinoamericanos, adem\u00e1s de investigadores, profesionales y la sociedad en general.<br><strong>Acci\u00f3n 3:<\/strong> Actualizar y alimentar constantemente las redes sociales del programa, incluyendo el sitio web, Facebook, Instagram y YouTube, con contenidos relevantes y actualizados, detallando la informaci\u00f3n presentada, como recomendado por la comisi\u00f3n de evaluaci\u00f3n, para aumentar la visibilidad y el compromiso con el p\u00fablico objetivo, atrayendo estudiantes de otras regiones.<br><strong>Acci\u00f3n 4:<\/strong> Intensificar la participaci\u00f3n de estudiantes y docentes en grupos de investigaci\u00f3n externos al PPGEO, en proyectos en red y publicaciones en coautor\u00eda internacional.<br><strong>Acci\u00f3n 5:<\/strong> Fomentar la participaci\u00f3n en eventos internacionales con presentaci\u00f3n y publicaci\u00f3n de trabajos, y publicaci\u00f3n en revistas internacionales.<br><strong>Acci\u00f3n 6:<\/strong> Incentivar la participaci\u00f3n de maestrandos y doctorandos en cursos para el aprendizaje de otros idiomas, en especial ingl\u00e9s y espa\u00f1ol, con el objetivo de aumentar sus oportunidades en convocatorias de intercambio.<br><strong>Acci\u00f3n 7:<\/strong> Valorar la experiencia de doctorado-s\u00e1ndwich, con el fin de aprovechar el conocimiento adquirido por el becario en el exterior.<br><strong>Acci\u00f3n 8:<\/strong> Mejorar las condiciones y fomentar una mayor movilidad acad\u00e9mica.<\/p>\n","protected":false},"excerpt":{"rendered":"<p>Incluye pol\u00edticas para la Ense\u00f1anza, la Investigaci\u00f3n y la Extensi\u00f3n, la implementaci\u00f3n de pol\u00edticas e iniciativas de acci\u00f3n afirmativa, internacionalizaci\u00f3n, comunicaci\u00f3n con la sociedad y pol\u00edticas de atenci\u00f3n y seguimiento a estudiantes y egresados. Meta 3: Fortalecer los mecanismos del PPGEO para implementar acciones afirmativas tanto de permanencia y accesibilidad como de derechos humanos y [&hellip;]<\/p>\n","protected":false},"author":15,"featured_media":0,"parent":0,"menu_order":0,"comment_status":"closed","ping_status":"closed","template":"","meta":{"_acf_changed":false,"footnotes":""},"class_list":["post-4009","page","type-page","status-publish","hentry"],"acf":[],"_links":{"self":[{"href":"https:\/\/pos.uel.br\/geografia\/wp-json\/wp\/v2\/pages\/4009","targetHints":{"allow":["GET"]}}],"collection":[{"href":"https:\/\/pos.uel.br\/geografia\/wp-json\/wp\/v2\/pages"}],"about":[{"href":"https:\/\/pos.uel.br\/geografia\/wp-json\/wp\/v2\/types\/page"}],"author":[{"embeddable":true,"href":"https:\/\/pos.uel.br\/geografia\/wp-json\/wp\/v2\/users\/15"}],"replies":[{"embeddable":true,"href":"https:\/\/pos.uel.br\/geografia\/wp-json\/wp\/v2\/comments?post=4009"}],"version-history":[{"count":1,"href":"https:\/\/pos.uel.br\/geografia\/wp-json\/wp\/v2\/pages\/4009\/revisions"}],"predecessor-version":[{"id":4010,"href":"https:\/\/pos.uel.br\/geografia\/wp-json\/wp\/v2\/pages\/4009\/revisions\/4010"}],"wp:attachment":[{"href":"https:\/\/pos.uel.br\/geografia\/wp-json\/wp\/v2\/media?parent=4009"}],"curies":[{"name":"wp","href":"https:\/\/api.w.org\/{rel}","templated":true}]}}