{"id":91,"date":"2025-09-03T11:09:04","date_gmt":"2025-09-03T14:09:04","guid":{"rendered":"https:\/\/pos.uel.br\/geneticaaplicada\/?page_id=91"},"modified":"2025-09-03T11:10:20","modified_gmt":"2025-09-03T14:10:20","slug":"calendario-turma-2025","status":"publish","type":"page","link":"https:\/\/pos.uel.br\/geneticaaplicada\/calendario-turma-2025\/","title":{"rendered":"Calend\u00e1rio Turma 2025"},"content":{"rendered":"\n<p><strong>Observa\u00e7\u00e3o:<\/strong><\/p>\n\n\n\n<p>Modifica\u00e7\u00f5es eventuais nesse calend\u00e1rio, ocasionadas por imprevistos, ser\u00e3o comunicadas previamente aos estudantes.<\/p>\n\n\n\n<div data-wp-interactive=\"core\/file\" class=\"wp-block-file\"><object data-wp-bind--hidden=\"!state.hasPdfPreview\" hidden class=\"wp-block-file__embed\" data=\"https:\/\/pos.uel.br\/geneticaaplicada\/wp-content\/uploads\/2025\/09\/calendario_genap_2025.pdf\" type=\"application\/pdf\" style=\"width:100%;height:600px\" aria-label=\"Incorporado de calendario_genap_2025.\"><\/object><a id=\"wp-block-file--media-84900054-0c6a-4f4a-b0d9-77587c7f7280\" href=\"https:\/\/pos.uel.br\/geneticaaplicada\/wp-content\/uploads\/2025\/09\/calendario_genap_2025.pdf\">calendario_genap_2025<\/a><a href=\"https:\/\/pos.uel.br\/geneticaaplicada\/wp-content\/uploads\/2025\/09\/calendario_genap_2025.pdf\" class=\"wp-block-file__button wp-element-button\" download aria-describedby=\"wp-block-file--media-84900054-0c6a-4f4a-b0d9-77587c7f7280\">Baixar<\/a><\/div>\n","protected":false},"excerpt":{"rendered":"<p>Observa\u00e7\u00e3o: Modifica\u00e7\u00f5es eventuais nesse calend\u00e1rio, ocasionadas por imprevistos, ser\u00e3o comunicadas previamente aos estudantes.<\/p>\n","protected":false},"author":6,"featured_media":0,"parent":0,"menu_order":0,"comment_status":"closed","ping_status":"closed","template":"","meta":{"_acf_changed":false,"_themeisle_gutenberg_block_has_review":false,"footnotes":""},"class_list":["post-91","page","type-page","status-publish","hentry"],"acf":[],"_links":{"self":[{"href":"https:\/\/pos.uel.br\/geneticaaplicada\/wp-json\/wp\/v2\/pages\/91","targetHints":{"allow":["GET"]}}],"collection":[{"href":"https:\/\/pos.uel.br\/geneticaaplicada\/wp-json\/wp\/v2\/pages"}],"about":[{"href":"https:\/\/pos.uel.br\/geneticaaplicada\/wp-json\/wp\/v2\/types\/page"}],"author":[{"embeddable":true,"href":"https:\/\/pos.uel.br\/geneticaaplicada\/wp-json\/wp\/v2\/users\/6"}],"replies":[{"embeddable":true,"href":"https:\/\/pos.uel.br\/geneticaaplicada\/wp-json\/wp\/v2\/comments?post=91"}],"version-history":[{"count":4,"href":"https:\/\/pos.uel.br\/geneticaaplicada\/wp-json\/wp\/v2\/pages\/91\/revisions"}],"predecessor-version":[{"id":96,"href":"https:\/\/pos.uel.br\/geneticaaplicada\/wp-json\/wp\/v2\/pages\/91\/revisions\/96"}],"wp:attachment":[{"href":"https:\/\/pos.uel.br\/geneticaaplicada\/wp-json\/wp\/v2\/media?parent=91"}],"curies":[{"name":"wp","href":"https:\/\/api.w.org\/{rel}","templated":true}]}}