{"id":71,"date":"2025-09-03T10:42:41","date_gmt":"2025-09-03T13:42:41","guid":{"rendered":"https:\/\/pos.uel.br\/geneticaaplicada\/?page_id=71"},"modified":"2025-09-03T10:58:37","modified_gmt":"2025-09-03T13:58:37","slug":"informacoes-do-curso","status":"publish","type":"page","link":"https:\/\/pos.uel.br\/geneticaaplicada\/informacoes-do-curso\/","title":{"rendered":"Informa\u00e7\u00f5es do curso"},"content":{"rendered":"\n<p><strong>I &#8211; Documentos<\/strong><\/p>\n\n\n\n<p><a href=\"http:\/\/www.uel.br\/proppg\/portal\/pages\/regulamentos.php\"><\/a><strong>Cria\u00e7\u00e3o da Especializa\u00e7\u00e3o em Gen\u00e9tica Aplicada (Resolu\u00e7\u00e3o CEPE 022\/2011):<\/strong>&nbsp;<\/p>\n\n\n\n<div class=\"wp-block-file\"><a id=\"wp-block-file--media-66905597-da85-42f3-8855-101af6d1fa66\" href=\"https:\/\/pos.uel.br\/geneticaaplicada\/wp-content\/uploads\/2025\/09\/Res_CEPE_22_2011.pdf\">Res_CEPE_22_2011<\/a><a href=\"https:\/\/pos.uel.br\/geneticaaplicada\/wp-content\/uploads\/2025\/09\/Res_CEPE_22_2011.pdf\" class=\"wp-block-file__button wp-element-button\" download aria-describedby=\"wp-block-file--media-66905597-da85-42f3-8855-101af6d1fa66\">Baixar<\/a><\/div>\n\n\n\n<p><strong>Defini\u00e7\u00e3o do n\u00famero de vagas (Resolu\u00e7\u00e3o CEPE 023\/2011):<\/strong>&nbsp;<\/p>\n\n\n\n<div class=\"wp-block-file\"><a id=\"wp-block-file--media-89789ccf-1610-417c-92dc-d67ff2b48bef\" href=\"https:\/\/pos.uel.br\/geneticaaplicada\/wp-content\/uploads\/2025\/09\/Res_CEPE_23_2011.pdf\">Res_CEPE_23_2011<\/a><a href=\"https:\/\/pos.uel.br\/geneticaaplicada\/wp-content\/uploads\/2025\/09\/Res_CEPE_23_2011.pdf\" class=\"wp-block-file__button wp-element-button\" download aria-describedby=\"wp-block-file--media-89789ccf-1610-417c-92dc-d67ff2b48bef\">Baixar<\/a><\/div>\n\n\n\n<p><strong>Reestrutura\u00e7\u00e3o da Especializa\u00e7\u00e3o (Delibera\u00e7\u00e3o LSB 46\/2019):<\/strong>&nbsp;<\/p>\n\n\n\n<div class=\"wp-block-file\"><a id=\"wp-block-file--media-d633d45e-7034-4e12-8138-85a09d295aa4\" href=\"https:\/\/pos.uel.br\/geneticaaplicada\/wp-content\/uploads\/2025\/09\/Deliberacao-46-2019-Reestrutura-Esp-Genetica-Aplicada-para-2020-1.pdf\">Deliberacao 46 2019 &#8211; Reestrutura Esp Genetica Aplicada para 2020 1<\/a><a href=\"https:\/\/pos.uel.br\/geneticaaplicada\/wp-content\/uploads\/2025\/09\/Deliberacao-46-2019-Reestrutura-Esp-Genetica-Aplicada-para-2020-1.pdf\" class=\"wp-block-file__button wp-element-button\" download aria-describedby=\"wp-block-file--media-d633d45e-7034-4e12-8138-85a09d295aa4\">Baixar<\/a><\/div>\n\n\n\n<p><strong>Defini\u00e7\u00e3o da mensalidade (Resolu\u00e7\u00e3o CA 022\/2022):<\/strong>&nbsp;<\/p>\n\n\n\n<div class=\"wp-block-file\"><a id=\"wp-block-file--media-36b32dac-c508-461f-8ce2-345e2aff4c4b\" href=\"https:\/\/pos.uel.br\/geneticaaplicada\/wp-content\/uploads\/2025\/09\/Resolucao-CA-22-2022-Mensalidade-Esp-Genetica-Aplicada.pdf\">Resolucao CA 22 2022 &#8211; Mensalidade Esp Genetica Aplicada<\/a><a href=\"https:\/\/pos.uel.br\/geneticaaplicada\/wp-content\/uploads\/2025\/09\/Resolucao-CA-22-2022-Mensalidade-Esp-Genetica-Aplicada.pdf\" class=\"wp-block-file__button wp-element-button\" download aria-describedby=\"wp-block-file--media-36b32dac-c508-461f-8ce2-345e2aff4c4b\">Baixar<\/a><\/div>\n\n\n\n<p><br><strong>II &#8211; Informa\u00e7\u00f5es gerais<\/strong><\/p>\n\n\n\n<p>A Especializa\u00e7\u00e3o em Gen\u00e9tica Aplicada possui 12 disciplinas com carga hor\u00e1ria total de 360 horas, o que corresponde a 24 cr\u00e9ditos. A sua dura\u00e7\u00e3o regular \u00e9 de 2 (dois) per\u00edodos letivos, ou seja, 1 (um) ano. Trata-se de um curso ofertado na modalidade remoto s\u00edncrono (a partir da turma de 2022\/2023) \u00e0s segundas, ter\u00e7as e quartas-feiras, das 19:00 \u00e0s 22:30 horas. Para a sua conclus\u00e3o \u00e9 necess\u00e1rio apenas o aproveitamento acad\u00eamico em todas as disciplinas.<\/p>\n\n\n\n<p>&nbsp;Embora n\u00e3o tenha direito ao t\u00edtulo de Especialista em Gen\u00e9tica Aplicada, o estudante que n\u00e3o concluir todas as disciplinas poder\u00e1 solicitar uma &#8220;Declara\u00e7\u00e3o de conclus\u00e3o das disciplinas&#8221;, junto \u00e0 Pr\u00f3-Reitoria de Pesquisa e P\u00f3s-Gradua\u00e7\u00e3o (PROPPG).<br>&nbsp;<\/p>\n\n\n\n<p><strong>III &#8211; Forma de avalia\u00e7\u00e3o das disciplinas<\/strong><\/p>\n\n\n\n<p>Em cada disciplina, a avalia\u00e7\u00e3o poder\u00e1 ser realizada a partir de prova escrita e\/ou semin\u00e1rios e\/ou outras atividades, sendo que:<\/p>\n\n\n\n<p>A forma de avalia\u00e7\u00e3o \u00e9 definida pelo(s) docente(s) respons\u00e1vel(eis), no in\u00edcio das aulas;<\/p>\n\n\n\n<p>Ser\u00e1 aprovado o estudante que obtiver presen\u00e7a igual ou superior 75% da sua carga hor\u00e1ria e nota igual ou superior a 7,0 (sete).<\/p>\n\n\n\n<p><strong>IV &#8211; Licen\u00e7as m\u00e9dica e maternidade<\/strong><\/p>\n\n\n\n<p>Pedidos de licen\u00e7a m\u00e9dica que resulte em afastamento igual ou superior a 15 dias, ou de licen\u00e7a maternidade a partir do 8\u00ba m\u00eas de gesta\u00e7\u00e3o ou do nascimento da crian\u00e7a, dever\u00e3o ser realizados a partir do preenchimento de formul\u00e1rio dispon\u00edvel no Portal do Estudante de P\u00f3s-Gradua\u00e7\u00e3o, lembrando de&nbsp;anexar os respectivos comprovantes:<\/p>\n\n\n\n<p>Ao mesmo tempo, o estudante dever\u00e1 entrar em contato com a Coordena\u00e7\u00e3o do curso e com os docentes das disciplinas afetadas para o estabelecimento de um regime especial de aulas ou de atividades domiciliares;<\/p>\n\n\n\n<p>Caso as atividades programadas durante o per\u00edodo de licen\u00e7a n\u00e3o sejam cumpridas, este ser\u00e1 reprovado na(s) disciplina(s) afetada(s) tanto por nota como por falta;<\/p>\n\n\n\n<p>Lembrando que a concess\u00e3o de licen\u00e7a m\u00e9dica ou maternidade n\u00e3o modificar\u00e1 o prazo final para a conclus\u00e3o desta Especializa\u00e7\u00e3o.<\/p>\n\n\n\n<p><strong>V &#8211; Reprova\u00e7\u00e3o em disciplinas<\/strong><\/p>\n\n\n\n<p>A reprova\u00e7\u00e3o por nota ou falta em tr\u00eas ou mais disciplinas resultar\u00e1 no desligamento autom\u00e1tico do estudante desta P\u00f3s-Gradua\u00e7\u00e3o. Por sua vez, o estudante que reprovar em at\u00e9 duas disciplinas poder\u00e1 curs\u00e1-las no regime de Turma especial, mediante preenchimento&nbsp;de formul\u00e1rio dispon\u00edvel no Portal do Estudante de P\u00f3s-Gradua\u00e7\u00e3o.&nbsp;Tanto a solicita\u00e7\u00e3o quanto a ofertada da disciplina em Turma Especial dever\u00e3o ocorrer dentro do per\u00edodo em que o Curso estiver sendo ofertado. Sendo assim:<\/p>\n\n\n\n<p>Esse pedido dever\u00e1 ser realizado imediatamente ap\u00f3s a reprova\u00e7\u00e3o na disciplina, devendo o estudante entrar em contato com a Coordena\u00e7\u00e3o do curso e com o docente respons\u00e1vel pela disciplina para informar sobre a sua solicita\u00e7\u00e3o;<\/p>\n\n\n\n<p>Caso o docente e a Coordena\u00e7\u00e3o do curso concordem com esse pedido, ser\u00e1 estabelecido o per\u00edodo de sua oferta, que dever\u00e1 ocorrer antes do t\u00e9rmino do Curso.<\/p>\n\n\n\n<p>Lembrando que:<\/p>\n\n\n\n<p>\u00c9 importante que o estudante efetive a sua matr\u00edcula na disciplina de Turma especial, via Portal do Estudante de P\u00f3s-Gradua\u00e7\u00e3o e entre imediatamente em contato com a Coordena\u00e7\u00e3o do curso e com o docente respons\u00e1vel pela disciplina para o estabelecimento das atividades a serem desenvolvidas e dos prazos a serem seguidos;&nbsp;&nbsp;<\/p>\n\n\n\n<p>Existe um custo adicional para a oferta de Turma especial e o valor cobrado, determinado pela PROPPG, depende do n\u00famero de cr\u00e9ditos da disciplina.<\/p>\n\n\n\n<p><strong>VI &#8211; Cancelamento de matr\u00edcula<\/strong><\/p>\n\n\n\n<p>Se, por algum motivo, o estudante precisar se desvincular da Especializa\u00e7\u00e3o em Gen\u00e9tica Aplicada \u00e9&nbsp;<strong>fundamental<\/strong>&nbsp;que este&nbsp;preencha o&nbsp;formul\u00e1rio dispon\u00edvel no Portal do Estudante de P\u00f3s-Gradua\u00e7\u00e3o, solicitando o cancelamento de matr\u00edcula e de compromisso financeiro, justificando esse pedido.&nbsp;Se n\u00e3o o fizer, o estudante continuar\u00e1 com uma d\u00edvida ativa junto \u00e0 FAUEL\/UEL.<\/p>\n\n\n\n<p>&nbsp;<strong>VII \u2013 Reingresso no curso<\/strong><\/p>\n\n\n\n<p>O estudante que reprovar na Especializa\u00e7\u00e3o em Gen\u00e9tica Aplicada dever\u00e1 aguardar a pr\u00f3xima oferta de turma para se inscrever e participar de um novo processo de sele\u00e7\u00e3o.&nbsp;Em sendo aprovado, este realizar\u00e1 uma nova matr\u00edcula no Portal do Estudante e, ap\u00f3s a efetiva\u00e7\u00e3o da entrega da documenta\u00e7\u00e3o exigida, ser\u00e1 liberado no Portal do Estudante de P\u00f3s-Gradua\u00e7\u00e3o a op\u00e7\u00e3o para que este solicite a equival\u00eancia das disciplinas cursadas.<\/p>\n\n\n\n<p>Assim, tanto o(s) docente(s) da(s) disciplina(s) como a Coordena\u00e7\u00e3o do curso, receber\u00e3o essa solicita\u00e7\u00e3o para an\u00e1lise e deferimento ou indeferimento.&nbsp;Apenas a(s) disciplina(s) que forem deferidas n\u00e3o precisar\u00e3o ser cursadas novamente pelo estudante.&nbsp;Nesse caso, os valores de mensalidade dever\u00e3o ser ajustados pela FAUEL, por meio de orienta\u00e7\u00e3o da PROPPG.<\/p>\n\n\n<div class=\"wp-block-image\">\n<figure class=\"aligncenter is-resized\"><img decoding=\"async\" src=\"http:\/\/www.uel.br\/pos\/genap\/pages\/arquivos\/imagens\/genap.png\" alt=\"\" style=\"width:136px;height:auto\"\/><\/figure>\n<\/div>","protected":false},"excerpt":{"rendered":"<p>I &#8211; Documentos Cria\u00e7\u00e3o da Especializa\u00e7\u00e3o em Gen\u00e9tica Aplicada (Resolu\u00e7\u00e3o CEPE 022\/2011):&nbsp; Defini\u00e7\u00e3o do n\u00famero de vagas (Resolu\u00e7\u00e3o CEPE 023\/2011):&nbsp; Reestrutura\u00e7\u00e3o da Especializa\u00e7\u00e3o (Delibera\u00e7\u00e3o LSB 46\/2019):&nbsp; Defini\u00e7\u00e3o da mensalidade (Resolu\u00e7\u00e3o CA 022\/2022):&nbsp; II &#8211; Informa\u00e7\u00f5es gerais A Especializa\u00e7\u00e3o em Gen\u00e9tica Aplicada possui 12 disciplinas com carga hor\u00e1ria total de 360 horas, o que corresponde a [&hellip;]<\/p>\n","protected":false},"author":6,"featured_media":0,"parent":0,"menu_order":0,"comment_status":"closed","ping_status":"closed","template":"","meta":{"_acf_changed":false,"_themeisle_gutenberg_block_has_review":false,"footnotes":""},"class_list":["post-71","page","type-page","status-publish","hentry"],"acf":[],"_links":{"self":[{"href":"https:\/\/pos.uel.br\/geneticaaplicada\/wp-json\/wp\/v2\/pages\/71","targetHints":{"allow":["GET"]}}],"collection":[{"href":"https:\/\/pos.uel.br\/geneticaaplicada\/wp-json\/wp\/v2\/pages"}],"about":[{"href":"https:\/\/pos.uel.br\/geneticaaplicada\/wp-json\/wp\/v2\/types\/page"}],"author":[{"embeddable":true,"href":"https:\/\/pos.uel.br\/geneticaaplicada\/wp-json\/wp\/v2\/users\/6"}],"replies":[{"embeddable":true,"href":"https:\/\/pos.uel.br\/geneticaaplicada\/wp-json\/wp\/v2\/comments?post=71"}],"version-history":[{"count":6,"href":"https:\/\/pos.uel.br\/geneticaaplicada\/wp-json\/wp\/v2\/pages\/71\/revisions"}],"predecessor-version":[{"id":86,"href":"https:\/\/pos.uel.br\/geneticaaplicada\/wp-json\/wp\/v2\/pages\/71\/revisions\/86"}],"wp:attachment":[{"href":"https:\/\/pos.uel.br\/geneticaaplicada\/wp-json\/wp\/v2\/media?parent=71"}],"curies":[{"name":"wp","href":"https:\/\/api.w.org\/{rel}","templated":true}]}}