{"id":986,"date":"2022-02-18T13:00:42","date_gmt":"2022-02-18T16:00:42","guid":{"rendered":"https:\/\/pos.uel.br\/gbm\/?page_id=986"},"modified":"2025-05-23T09:13:19","modified_gmt":"2025-05-23T12:13:19","slug":"estudante-externo","status":"publish","type":"page","link":"https:\/\/pos.uel.br\/gbm\/estudante-externo\/","title":{"rendered":"Estudante externo"},"content":{"rendered":"\n<p>Estudantes matriculados em cursos de P\u00f3s-gradua\u00e7\u00e3o (M e D) de outras institui\u00e7\u00f5es, podem cursar disciplinas oferecidas pelo PPG em Gen\u00e9tica e Biologia Molecular. Para tal, os interessados dever\u00e3o seguir as regras da Pro-Reitoria de Pesquisa e P\u00f3s-gradua\u00e7\u00e3o da UEL.<\/p>\n\n\n\n<p>Seguem os procedimentos para inscri\u00e7\u00e3o de estudantes de outras IES em disciplinas de PPGs DA UEL (ART. 27\u00ba):<\/p>\n\n\n\n<ol class=\"wp-block-list\">\n<li>n\u00e3o ser\u00e1 mais necess\u00e1rio protocolar pedidos\/requerimentos para cursar disciplina como aluno de outra institui\u00e7\u00e3o, Art. 27 do RPPG &#8211; Stricto sensu;<\/li>\n\n\n\n<li>est\u00e3o dispensados de apresentar os documentos de matr\u00edcula, tendo em vista que esses j\u00e1 s\u00e3o alunos devidamente matriculados em Programas de P\u00f3s-Gradua\u00e7\u00e3o Stricto sensu em outra Institui\u00e7\u00e3o;<\/li>\n\n\n\n<li>os interessados dever\u00e3o preencher, digitalmente, o requerimento dispon\u00edvel em: <a href=\"http:\/\/www.uel.br\/proppg\/portalnovo\/pages\/mais\/formularios.php\" target=\"_blank\" rel=\"noreferrer noopener\">http:\/\/www.uel.br\/proppg\/portalnovo\/pages\/mais\/formularios.php<\/a> <\/li>\n\n\n\n<li>acesse \u201cRequerimento Matr\u00edcula &#8211; Estudante de Outra Institui\u00e7\u00e3o &#8211; Art. 27 do RPPG &#8211; Stricto sensu\u201d; (formul\u00e1rio em anexo)<\/li>\n\n\n\n<li>encaminhar \u00e0 Coordena\u00e7\u00e3o do PPG em Gen\u00e9tica em Biologia Molecular, juntamente ao atestado de matr\u00edcula e carta de recomenda\u00e7\u00e3o do supervisor da Institui\u00e7\u00e3o de origem;<\/li>\n\n\n\n<li>ap\u00f3s an\u00e1lise e parecer da Coordena\u00e7\u00e3o, a Secretaria do PPG far\u00e1 a inclus\u00e3o individual (matr\u00edcula) no Sistema Acad\u00eamico de P\u00f3s-Gradua\u00e7\u00e3o.<\/li>\n<\/ol>\n\n\n\n<p><\/p>\n","protected":false},"excerpt":{"rendered":"<p>Estudantes matriculados em cursos de P\u00f3s-gradua\u00e7\u00e3o (M e D) de outras institui\u00e7\u00f5es, podem cursar disciplinas oferecidas pelo PPG em Gen\u00e9tica e Biologia Molecular. Para tal, os interessados dever\u00e3o seguir as regras da Pro-Reitoria de Pesquisa e P\u00f3s-gradua\u00e7\u00e3o da UEL. Seguem os procedimentos para inscri\u00e7\u00e3o de estudantes de outras IES em disciplinas de PPGs DA UEL [&hellip;]<\/p>\n","protected":false},"author":8,"featured_media":0,"parent":0,"menu_order":0,"comment_status":"closed","ping_status":"closed","template":"","meta":{"footnotes":""},"class_list":["post-986","page","type-page","status-publish","hentry"],"_links":{"self":[{"href":"https:\/\/pos.uel.br\/gbm\/wp-json\/wp\/v2\/pages\/986","targetHints":{"allow":["GET"]}}],"collection":[{"href":"https:\/\/pos.uel.br\/gbm\/wp-json\/wp\/v2\/pages"}],"about":[{"href":"https:\/\/pos.uel.br\/gbm\/wp-json\/wp\/v2\/types\/page"}],"author":[{"embeddable":true,"href":"https:\/\/pos.uel.br\/gbm\/wp-json\/wp\/v2\/users\/8"}],"replies":[{"embeddable":true,"href":"https:\/\/pos.uel.br\/gbm\/wp-json\/wp\/v2\/comments?post=986"}],"version-history":[{"count":3,"href":"https:\/\/pos.uel.br\/gbm\/wp-json\/wp\/v2\/pages\/986\/revisions"}],"predecessor-version":[{"id":1835,"href":"https:\/\/pos.uel.br\/gbm\/wp-json\/wp\/v2\/pages\/986\/revisions\/1835"}],"wp:attachment":[{"href":"https:\/\/pos.uel.br\/gbm\/wp-json\/wp\/v2\/media?parent=986"}],"curies":[{"name":"wp","href":"https:\/\/api.w.org\/{rel}","templated":true}]}}